
--
-- Table structure for table `vacancy_translation`
--

CREATE TABLE `vacancy_translation` (
  `id` int(11) NOT NULL AUTO_INCREMENT,
  `translatable_id` int(11) DEFAULT NULL,
  `title` varchar(255) COLLATE utf8_unicode_ci DEFAULT NULL,
  `description` longtext COLLATE utf8_unicode_ci DEFAULT NULL,
  `locale` varchar(255) COLLATE utf8_unicode_ci NOT NULL,
  `intro` longtext COLLATE utf8_unicode_ci DEFAULT NULL,
  `metakeywords` varchar(255) COLLATE utf8_unicode_ci DEFAULT NULL,
  `metadescription` varchar(255) COLLATE utf8_unicode_ci DEFAULT NULL,
  PRIMARY KEY (`id`),
  UNIQUE KEY `UNIQ_7344BD912C2AC5D34180C698` (`translatable_id`,`locale`),
  KEY `IDX_7344BD912C2AC5D3` (`translatable_id`),
  CONSTRAINT `FK_7344BD912C2AC5D3` FOREIGN KEY (`translatable_id`) REFERENCES `vacancy` (`id`) ON DELETE CASCADE
) ENGINE=InnoDB AUTO_INCREMENT=18 DEFAULT CHARSET=utf8 COLLATE=utf8_unicode_ci;

--
-- Dumping data for table `vacancy_translation`
--

INSERT INTO `vacancy_translation` VALUES (10,4,'Головний бухгалтер','<p><strong><span style=\"color:#000000\">Вимоги до&nbsp;кандидатів:</span></strong></p>\r\n\r\n<ul>\r\n	<li>вік 25&minus;55 років,</li>\r\n	<li>вища освіта,</li>\r\n	<li>досвід роботи головним бухгалтером від 5 років (загальна система/єдиний податок),</li>\r\n	<li>добре знання 1С (8 версія обов&rsquo;язково!),</li>\r\n	<li>організованість, педантичність,</li>\r\n	<li>аналітичне мислення,</li>\r\n	<li>бажання та&nbsp;вміння вчитись та&nbsp;працювати.</li>\r\n</ul>\r\n\r\n<p style=\"text-align:start\"><strong>Ми пропонуємо:</strong></p>\r\n\r\n<ul>\r\n	<li style=\"text-align:start\">конкурентну оплату праці;</li>\r\n	<li style=\"text-align:start\">можливість навчатись, розвиватись та кар&#39;єрно рости;</li>\r\n	<li style=\"text-align:start\">стабільність, працевлаштування згідно КзпП України.</li>\r\n</ul>\r\n\r\n<p style=\"text-align:start\"><strong>Ми раді вітати у нашій команді активних, цілеспрямованих, впевнених в собі кандидатів!</strong></p>\r\n\r\n<p>&nbsp;</p>','uk',NULL,NULL,NULL),(14,4,'Chief Accountant','<p><strong>Requirements for candidates:</strong></p>\r\n\r\n<ul>\r\n	<li>age 25&minus;55 years,</li>\r\n	<li>higher education,</li>\r\n	<li>experience as a chief accountant from 5 years (general system / single tax),</li>\r\n	<li>good knowledge of 1C (8 version required!),</li>\r\n	<li>organization, pedantry,</li>\r\n	<li>analytical thinking,</li>\r\n	<li>desire and ability to study and work.</li>\r\n</ul>\r\n\r\n<p><strong>We offer</strong><strong>:</strong></p>\r\n\r\n<ul>\r\n	<li>competitive salary;</li>\r\n	<li>work in a team of professionals;</li>\r\n	<li>opportunity to study, develop and grow in your career;</li>\r\n	<li>stability, official employment, social package</li>\r\n</ul>','en',NULL,NULL,NULL),(15,4,'Главный бухгалтер','<p><strong>Требования:</strong></p>\r\n\r\n<ul>\r\n	<li>&nbsp;&nbsp;&nbsp;&nbsp; возраст 25-55 лет,</li>\r\n	<li>&nbsp;&nbsp;&nbsp;&nbsp; высшее образование,</li>\r\n	<li>&nbsp;&nbsp;&nbsp;&nbsp; опыт работы главным бухгалтером от 5 лет (общая система / единый налог),</li>\r\n	<li>&nbsp;&nbsp;&nbsp;&nbsp; хорошее знание 1С (8 версия обязательно!),</li>\r\n	<li>&nbsp;&nbsp;&nbsp;&nbsp; организованность, педантичность,</li>\r\n	<li>&nbsp;&nbsp;&nbsp;&nbsp; аналитическое мышление,</li>\r\n	<li>&nbsp;&nbsp;&nbsp;&nbsp; желание и умение учиться и работать.</li>\r\n</ul>\r\n\r\n<p><strong>Мы предлагаем:</strong></p>\r\n\r\n<ul>\r\n	<li>&nbsp;&nbsp;&nbsp;&nbsp; конкурентную оплату труда;</li>\r\n	<li>&nbsp;&nbsp;&nbsp;&nbsp; возможность учиться, развиваться и карьерно расти;</li>\r\n	<li>&nbsp;&nbsp;&nbsp;&nbsp; стабильность, трудоустройство согласно КЗоТ Украины.</li>\r\n</ul>\r\n\r\n<p><strong>Мы рады приветствовать в нашей команде активных, целеустремленных, уверенных в себе кандидатов!</strong></p>\r\n\r\n<p>&nbsp;</p>','ru',NULL,NULL,NULL),(16,6,'Менеджер по продукції','<p><strong>Вимоги:</strong></p>\r\n\r\n<ul style=\"list-style-type:disc\">\r\n	<li>вища освіта (медична/біологічна/фармацевтична);</li>\r\n	<li>англійська мова&nbsp;- Intermediate;</li>\r\n	<li>досвід роботи в&nbsp;медичній сфері та&nbsp;в&nbsp;сфері продаж;</li>\r\n	<li>готовність до відряджень, ініціативність, організованість, комунікабельність, проактивність.</li>\r\n</ul>\r\n\r\n<p><strong>Обов&#39;язки:</strong></p>\r\n\r\n<ul>\r\n	<li>відмінне знання продукції та&nbsp;ринку конкуренції (навчання ми&nbsp;проводимо);</li>\r\n	<li>проведення переговорів з&nbsp;виробниками;</li>\r\n	<li>пошук новинок продукції, які варто включити в&nbsp;портфель компанії;</li>\r\n	<li>розробка презентаційних та інформаційних матеріалів для медичних представників;</li>\r\n	<li>консультування клієнтів та&nbsp;менеджерів з&nbsp;продажу щодо особливостей продукції компанії;</li>\r\n	<li>робота з&nbsp;рекламаціями.</li>\r\n</ul>\r\n\r\n<p><strong>Ми&nbsp;пропонуємо:</strong></p>\r\n\r\n<ul>\r\n	<li><strong>навчання по&nbsp;продукції;</strong></li>\r\n	<li>конкурентну оплату праці: ставка+ %;</li>\r\n	<li>можливість навчатись, розвиватись та&nbsp;кар&#39;єрно рости;</li>\r\n	<li>стабільність, офіційне працевлаштування згідно КЗпП України.</li>\r\n</ul>','uk',NULL,NULL,NULL),(17,6,'Менеджер по продукции','<p>требования:</p>\r\n\r\n<ul>\r\n	<li>высшее образование (медицинское / биологическое / фармацевтическое)</li>\r\n	<li>английский язык - Intermediate;</li>\r\n	<li>опыт работы в медицинской сфере и в сфере продаж;</li>\r\n	<li>готовность к командировкам, инициативность, организованность, коммуникабельность, проактивность.</li>\r\n</ul>\r\n\r\n<p>Обязанности:</p>\r\n\r\n<ul>\r\n	<li>отличное знание продукции и рынка конкуренции (обучение мы проводим)</li>\r\n	<li>проведение переговоров с производителями;</li>\r\n	<li>поиск новинок продукции, которые следует включить в портфель компании;</li>\r\n	<li>разработка презентационных и информационных материалов для медицинских представителей;</li>\r\n	<li>консультирование клиентов и менеджеров по продажам об особенностях продукции компании;</li>\r\n	<li>работа с рекламациями.</li>\r\n</ul>\r\n\r\n<p>Мы предлагаем:</p>\r\n\r\n<ul>\r\n	<li>обучение по продукции;</li>\r\n	<li>конкурентную оплату труда: ставка +%;</li>\r\n	<li>возможность учиться, развиваться и карьерно расти;</li>\r\n	<li>стабильность, официальное трудоустройство согласно КЗоТ Украины.</li>\r\n</ul>','ru',NULL,NULL,NULL);

--
-- Table structure for table `value_translation`
--

CREATE TABLE `value_translation` (
  `id` int(11) NOT NULL AUTO_INCREMENT,
  `translatable_id` int(11) DEFAULT NULL,
  `title` varchar(255) COLLATE utf8_unicode_ci DEFAULT NULL,
  `description` longtext COLLATE utf8_unicode_ci DEFAULT NULL,
  `locale` varchar(255) COLLATE utf8_unicode_ci NOT NULL,
  PRIMARY KEY (`id`),
  UNIQUE KEY `UNIQ_769CFD4C2C2AC5D34180C698` (`translatable_id`,`locale`),
  KEY `IDX_769CFD4C2C2AC5D3` (`translatable_id`),
  CONSTRAINT `FK_769CFD4C2C2AC5D3` FOREIGN KEY (`translatable_id`) REFERENCES `values` (`id`) ON DELETE CASCADE
) ENGINE=InnoDB AUTO_INCREMENT=19 DEFAULT CHARSET=utf8 COLLATE=utf8_unicode_ci;

--
-- Dumping data for table `value_translation`
--

INSERT INTO `value_translation` VALUES (1,1,'Лідерство','Наш лідер - це відкрита до життя людина, яка у всьому керується принципом: зроби крок і дорога з`явиться сама собою.','uk'),(2,2,'Новаторство','Наш працівник -  це людина, яка вміє неординарно мислити, творчо підходить до роботи, вміє знайти корисний для всіх вихід з будь-якої ситуації.','uk'),(3,3,'Співпраця','Взаєморозуміння, злагоджена співпраця, допомога один одному - наші основні інструменти для досягнення спільних інтересів та максимальних  результатів.','uk'),(4,4,'Чесність','Керуючись одним з основних моральних принципів \"Що посієш, те й пожнеш\", ми прагнемо бути максимально чесними як з іншими так і перед самими собою.','uk'),(5,5,'Відповідальність','Ми не \"спалюємо за собою мости\", ми їх укріплюємо, відповідаючи за якість кожної співпраці, кожної наданої послуги.','uk'),(6,6,'ПОМІРКОВАНІСТЬ','Розсудливість, стриманість та вміння опановувати власні емоції - основні якості людини 3-го тисячоліття, людини, яка у всьому досягає позитивних результатів.','uk'),(7,1,'Лидерство','Наш лидер - это открытый жизни человек, который во всем руководствуется принципом: сделай шаг и дорога появится сама собой.','ru'),(8,1,'Leadership','Our lider - is open to life man who is guided by the principle: take a step and the road itself will appear.','en'),(9,3,'Сотрудничество','Взаимопонимание, слаженное сотрудничество, помощь друг другу - наши основные инструменты для достижения общих интересов и максимальных результатов.','ru'),(10,3,'Cooperation','Understanding, coordinated cooperation and mutual assistance - our main tools to achieve common interests and maximize the results.','en'),(11,4,'Честность','Руководствуясь одним из основных моральных принципов \"Что посеешь, то и пожнешь\", мы стремимся быть максимально честными как с другими так и перед самими собой.','ru'),(12,4,'Honesty','Following one of the basic moral principles \"What goes around, comes around\", we strive to be honest with others and with ourselves.','en'),(13,6,'Рассудительность','Благоразумие, сдержанность и умение овладевать собственными эмоциями - основные качества человека 3-го тысячелетия, который во всем достигает положительных результатов.','ru'),(14,6,'Sobriety','Prudence, self-restraint and the ability to master own emotions - are basic human qualities of the third millennium, of a person who reaches the positive results all along the line.','en'),(15,2,'Новаторство','Наш сотрудник - это человек, который умеет неординарно мыслить, творчески подходит к работе, умеет найти полезный для всех выход в любой ситуации.','ru'),(16,2,'Innovation','Our employee - someone who knows how to think in imaginative and creative approaches to work, who ia able to find a way out of any situation.','en'),(17,5,'Ответственность','Мы не \"сжигаем за собой мосты\", мы их укрепляем, отвечая за качество каждого сотрудничества, каждой оказанной услуги.','ru'),(18,5,'Responsibility','We do not \"burn the bridges\", we strengthen them, being responsible for the quality of each collaboration, each service provided.','en');

--
-- Table structure for table `values`
--

CREATE TABLE `values` (
  `id` int(11) NOT NULL AUTO_INCREMENT,
  `imageName` varchar(255) COLLATE utf8_unicode_ci DEFAULT NULL,
  `position` int(11) DEFAULT NULL,
  PRIMARY KEY (`id`)
) ENGINE=InnoDB AUTO_INCREMENT=7 DEFAULT CHARSET=utf8 COLLATE=utf8_unicode_ci;

--
-- Dumping data for table `values`
--

INSERT INTO `values` VALUES (1,'5293b44541613.png',0),(2,'5293b486edcd1.png',1),(3,'5293b4ab37ad7.png',2),(4,'5293b4c7795c1.png',3),(5,'5293b4f5a8ba6.png',4),(6,'5293b511a9ee4.png',5);


