--
-- Host: localhost    Database: diamebua_new
-- ------------------------------------------------------


--
-- Table structure for table `about`
--

CREATE TABLE `about` (
  `id` int(11) NOT NULL AUTO_INCREMENT,
  `createdAt` datetime DEFAULT NULL,
  `updatedAt` datetime DEFAULT NULL,
  `hr_email` varchar(255) COLLATE utf8_unicode_ci DEFAULT NULL,
  `support_product_email` varchar(255) COLLATE utf8_unicode_ci DEFAULT NULL,
  `support_tech_email` varchar(255) COLLATE utf8_unicode_ci DEFAULT NULL,
  `link_homepage` varchar(255) COLLATE utf8_unicode_ci DEFAULT NULL,
  PRIMARY KEY (`id`)
) ENGINE=InnoDB AUTO_INCREMENT=3 DEFAULT CHARSET=utf8 COLLATE=utf8_unicode_ci;

--
-- Dumping data for table `about`
--

INSERT INTO `about` VALUES (1,'2013-10-29 10:15:46','2014-12-19 07:39:21','it@diameb.ua','it@diameb.ua','it@diameb.ua','https://diameb.ua'),(2,'2019-07-31 00:00:00','2019-07-31 00:00:00','it@diameb.ua','it@diameb.ua','it@diameb.ua','https://diameb.ua');

--
-- Table structure for table `about_translation`
--

CREATE TABLE `about_translation` (
  `id` int(11) NOT NULL AUTO_INCREMENT,
  `translatable_id` int(11) DEFAULT NULL,
  `about` longtext COLLATE utf8_unicode_ci DEFAULT NULL,
  `word` longtext COLLATE utf8_unicode_ci DEFAULT NULL,
  `locale` varchar(255) COLLATE utf8_unicode_ci NOT NULL,
  `politic` longtext COLLATE utf8_unicode_ci DEFAULT NULL,
  `about_homepage` longtext COLLATE utf8_unicode_ci DEFAULT NULL,
  `about_title` varchar(255) COLLATE utf8_unicode_ci DEFAULT NULL,
  `politic_title` varchar(255) COLLATE utf8_unicode_ci DEFAULT NULL,
  `vacancy_text` longtext COLLATE utf8_unicode_ci DEFAULT NULL,
  `hancock` varchar(255) COLLATE utf8_unicode_ci DEFAULT NULL,
  `action_title` varchar(255) COLLATE utf8_unicode_ci DEFAULT NULL,
  `text_homepage` longtext COLLATE utf8_unicode_ci DEFAULT NULL,
  `link_homepage_text` varchar(255) COLLATE utf8_unicode_ci DEFAULT NULL,
  `metakeywords` varchar(255) COLLATE utf8_unicode_ci DEFAULT NULL,
  `metadescription` text COLLATE utf8_unicode_ci DEFAULT NULL,
  `homemetakeywords` text COLLATE utf8_unicode_ci DEFAULT NULL,
  `homemetadescription` text COLLATE utf8_unicode_ci DEFAULT NULL,
  PRIMARY KEY (`id`),
  UNIQUE KEY `UNIQ_107BB9AE2C2AC5D34180C698` (`translatable_id`,`locale`),
  KEY `IDX_107BB9AE2C2AC5D3` (`translatable_id`),
  CONSTRAINT `FK_107BB9AE2C2AC5D3` FOREIGN KEY (`translatable_id`) REFERENCES `about` (`id`) ON DELETE CASCADE
) ENGINE=InnoDB AUTO_INCREMENT=4 DEFAULT CHARSET=utf8 COLLATE=utf8_unicode_ci;

--
-- Dumping data for table `about_translation`
--

INSERT INTO `about_translation` VALUES (1,1,'<p>добре відома на українському ринку як постачальник широкого асортименту реактивів та обладнання для сучасної лабораторної діагностики. Ми пропонуємо сучасну високоякісну та високотехнологічну продукцію провідних іноземних виробників на правах офіційного представника та ексклюзивного&nbsp;дистриб&rsquo;ютора.&nbsp; Лідируючі позиції на ринку ми забезпечили завдяки:&nbsp;</p>\r\n\r\n<ul>\r\n	<li>широкому асортименту та надійному сервісу;</li>\r\n	<li>багаторічному&nbsp;досвіду роботи в області лабораторного устаткування;</li>\r\n	<li>сертифікованій&nbsp;сервісній&nbsp;службі;</li>\r\n	<li>можливості&nbsp;комплексного оснащення лабораторіі різних профілів;</li>\r\n	<li>налагодженій&nbsp;системі&nbsp;логістики;</li>\r\n	<li>довірі клієнтів.</li>\r\n</ul>\r\n\r\n<p>Багаторічний досвід роботи компанії дає можливість якісно надавати послугу&nbsp;<strong>повного оснащення лабораторії &quot;з нуля&quot;</strong>, яка складається з кількох етапів:</p>\r\n\r\n<p><em>І. Прорахунок собівартості</em>.</p>\r\n\r\n<p><em>II. Підбір обладнання та реагентів згідно потреб та можливостей лабораторії&nbsp;&nbsp;&nbsp;&nbsp;&nbsp;</em></p>\r\n\r\n<ul>\r\n	<li>Автоматичні/напівавтоматичні аналізатори;</li>\r\n	<li>Вошери, термошейкери, центрифуги, мікроскопи та інше.</li>\r\n</ul>\r\n\r\n<p><em>III. Підбір комплектуючих необхідних для повноцінного&nbsp;функціонування лабораторії </em>(витяжні шафи, камери Горяєва, дозатори, витратні матеріали, термостати, аквадистилятори, та інше).</p>\r\n\r\n<p><em>IV. Установка обладнання</em></p>\r\n\r\n<ul>\r\n	<li>доставка обладнання;</li>\r\n	<li>метрологічна атестація;</li>\r\n	<li>установка та запуск;</li>\r\n	<li>навчання лаборантів.</li>\r\n</ul>\r\n\r\n<p><em>V. Супровід</em></p>\r\n\r\n<ul>\r\n	<li>консультування;</li>\r\n	<li>інформаційна підтримка у випадках виникнення проблем;</li>\r\n	<li>гарантійне сервісне обслуговування (безкоштовно до 2-х років), післягарантійне сервісне обслуговування (ремонт, заміна деталей).</li>\r\n</ul>\r\n\r\n<p>Гарантуємо швидкий виїзд сервісного інженера.</p>','<p>Відомий індійський духовний лідер Ошо колись сказав: &laquo;Кожен раз, коли стоїш перед вибором, будь уважний: не вибирай те, що зручно, комфортно, респектабельно, визнано суспільством, почесно. Вибирай те, що ти хотів би зробити, незважаючи ні на які наслідки.&raquo;</p>\r\n\r\n<p>&nbsp;Ми з впевненістю можемо сказати, що для нас не важливі наслідки, коли питання стоїть в якості обслуговування кожного клієнта та в комфорті кожного працівника компанії.&nbsp;Відчуваючи велику відповідальність за все, що ми робимо, та розуміючи тенденції сучасного бізнесу, у будь-яких діях, ми намагаємося керуватися&nbsp;власними відчуттями. Поєднуючи високоморальні принципи, розсудливість та поміркованість, ми приймаємо найбільш виважені&nbsp; рішення &ndash; рішення, &nbsp;максимально корисні для кожного, з ким співпрацюємо.&nbsp;</p>\r\n\r\n<p>Якщо Вам імпонують цінності нашої компанії, запрошуємо Вас до співпраці для побудови бізнесу не заради бізнесу, а заради досягнення спільної мети!</p>\r\n\r\n<p>&nbsp;</p>\r\n\r\n<p><strong>Директор ТОВ &quot;Діамеб Трейд&quot;,&nbsp;</strong><strong>Наталія Сокол</strong></p>','uk','<ul>\r\n	<li>впровадження передових технологій лабораторної діагностики та відповідність світовим тенденціям її&nbsp;розвитку;</li>\r\n	<li>дбайливе відношення та&nbsp;індивідуальний підхід до кожного клієнта;</li>\r\n	<li>оперативність - ми намагаємось забезпечувати доставку продукції в максимально короткий термін, для чого створений та постійно підтримується великий склад продукції;</li>\r\n	<li>забезпечення інформативної&nbsp;та методологічної&nbsp;післяпродажної&nbsp;підтримки, сервісне гарантійне та післягарантійне обслуговування обладнання;</li>\r\n	<li>гнучку&nbsp;систему&nbsp;знижок.</li>\r\n</ul>','<p><em>ТОВ &quot;Діамеб Трейд&quot; - лідер на ринку лабораторної діагностики з більш&nbsp;ніж 17-річним досвідом&nbsp;постачання широкого асортименту обладнання та реагентів для сучасної лабораторії&nbsp;провідних світових виробників.</em></p>','Компанія \"ДІАМЕБ Трейд\" -','Політика нашої компанії націлена на:','<p>ТОВ &quot;ДІАМЕБ Трейд&quot;&nbsp;&mdash; компанія, що динамічно розвивається та постійно розширює сферу своїх послуг і тому потребує постійного підсилення кваліфікованими кадрами: як молодими фахівцями, так і досвідченими працівниками із стажем. Оперативне обслуговування та якісний сервіс &mdash; основні акценти, на які наша компанія робить ставку. Підтримка відповідного рівня сервісу стає можливою завдяки роботі команди професіоналів &mdash; кваліфікованих фахівців, які проходять суворий відбір.<br />\r\n<br />\r\n<strong>Компанія &laquo;ДІАМЕБ Трейд&raquo; гарантує своїм працівникам:</strong></p>\r\n\r\n<ul>\r\n	<li><em>стабільну високу заробітну плату;&nbsp;</em></li>\r\n	<li><em>щорічну оплачувану відпустку; &nbsp;</em></li>\r\n	<li><em>соціальні пільги;</em></li>\r\n	<li><em>оформлення згідно КЗпПУ;</em></li>\r\n	<li><em>нормований робочий день.</em></li>\r\n</ul>\r\n\r\n<p><br />\r\nМи забезпечуємо корпоративним навчанням, пропонуємо можливості для кар&#39;єрного та фінансового розвитку.<br />\r\n<br />\r\nДо нових співробітників ми пред&#39;являємо такі основні вимоги: комунікабельність, активність, працьовитість, чесність та порядність.<br />\r\n<br />\r\nЯкщо на нашому сайті Ви не знайшли вакансію, яка Вас цікавить, відправте своє резюме (doc.) на електронну адресу&nbsp;<a href=\"mailto:hr@diameb.ua\" style=\"padding: 0px; margin: 0px; border: 0px; color: rgb(0, 89, 58); outline: none;\">hr@diameb.ua</a>&nbsp;із позначкою в темі листа &laquo;Резерв&raquo; і Ваше резюме автоматично потрапить до кадрового резерву компанії та буде розглянуто при відкритті відповідної вакансії.</p>',NULL,'Кількість акційних позицій обмежена.  Про їх наявність на складі уточнюйте у менеджера!',NULL,'ЛАБОРАТОРІЯ','Обладнання, реактиви, реагенти, медична лабораторія, APACOR, DIALAB, Cormay, DRG, FUJIREBIO, LABiTec, ORGENTEC, Monobind, DAI, Диагностические системы','Обладнання та реактиви / реагенти для медичних лабораторій від провідних виробників APACOR, DIALAB, Cormay, DRG, FUJIREBIO, LABiTec, ORGENTEC, Monobind, DAI, ИнтерЛабСервис, Диагностические системы, Snibe, SINNOWA','Імуноферментний аналіз, ІФА, аутоімунна діагностика, ПЛР-діагностика, клінічна біохімія, експрес-діагностика, аналіз електролітів, гематологія, коагулологія, дослідження стільця дозатори, системи забору крові','Лабораторне обладнання в Україні: ☑ Обладнання від найкращих виробників, ☑ Реактиви для лабораторії, ☑ Реагенти для медичних лабораторій. Купуйте обладнання для медичних лабораторій від прямих постачальників, наш телефон ☎ (044) 277 94 75'),(2,1,'<p>хорошо известна на украинском рынке как поставщик <a href=\"/\">широкого ассортимента реактивов и оборудования</a> для современной лабораторной диагностики.&nbsp;Мы предлагаем современную высококачественную и высокотехнологическую&nbsp;продукцию ведущих иностранных производителей на правах официального представителя и эксклюзивного дистрибьютора. Лидирующие позиции на рынке мы обеспечили благодаря:</p>\r\n\r\n<ul>\r\n	<li>широкому ассортименту и надежному сервису;</li>\r\n	<li>многолетнему опыту работы в области лабораторного оборудования;</li>\r\n	<li>сертифицированной сервисной службе;</li>\r\n	<li>возможности комплексного оснащения&nbsp;лабораторий&nbsp;различных профилей;</li>\r\n	<li>отлаженной системе логистики;</li>\r\n	<li>доверии клиентов.</li>\r\n</ul>\r\n\r\n<p>Многолетний опыт работы компании позволяет качественно оказывать услугу <strong>полного оснащения лаборатории &quot;с нуля&quot;</strong>, которая состоит из нескольких этапов:</p>\r\n\r\n<p><em>І. Расчет себестоимости.</em></p>\r\n\r\n<p><em>II. Подбор оборудования и реагентов согласно потребностям и возможностям лаборатории</em></p>\r\n\r\n<ul>\r\n	<li>Автоматические / полуавтоматические анализаторы;</li>\r\n	<li>Вошеры, термошейкеры, центрифуги, микроскопы и другое.</li>\r\n</ul>\r\n\r\n<p><em>III. Подбор комплектующих необходимых для полноценного функционирования лаборатории</em> (вытяжные шкафы, камеры Горяева, дозаторы, расходные материалы, термостаты, аквадистилляторы, и прочее).</p>\r\n\r\n<p><em>IV. Установка оборудования</em></p>\r\n\r\n<ul>\r\n	<li>доставка оборудования;</li>\r\n	<li>метрологическая аттестация;</li>\r\n	<li>установка и запуск;</li>\r\n	<li>обучение лаборантов.</li>\r\n</ul>\r\n\r\n<p><em>V. Сопровождение</em></p>\r\n\r\n<ul>\r\n	<li>консультирование;</li>\r\n	<li>информационная поддержка в случае возникновения проблем;</li>\r\n	<li>гарантийное обслуживание (бесплатно до 2-х лет), послегарантийное сервисное обслуживание (ремонт, замена деталей).</li>\r\n</ul>\r\n\r\n<p>Гарантируем быстрый выезд сервисного инженера.</p>','<p><em>Известный индийский духовный лидер Ошо когда-то сказал: &laquo;Каждый раз, когда стоишь перед выбором, будь внимателен: &nbsp;не выбирай то, что удобно, комфортно, респектабельно, признано обществом, почетно. Выбирай то, что ты хотел бы сделать, не взирая&nbsp;ни на какие последствия.&raquo;</em></p>\r\n\r\n<p><em>&nbsp;Мы с уверенностью можем сказать, что для нас не важны последствия, когда вопрос стоит о&nbsp;качестве обслуживания каждого клиента и о&nbsp;комфорте каждого работника компании. Чувствуя большую ответственность за все, что мы делаем, и понимая тенденции современного бизнеса, в любых действиях мы стараемся руководствоваться собственными ощущениями. Сочетая высоконравственные принципы, благоразумие и умеренность, мы принимаем наиболее взвешенные решения - решения, максимально полезные для каждого, с кем сотрудничаем .</em></p>\r\n\r\n<p><em>Если Вам импонируют ценности нашей компании , приглашаем Вас к сотрудничеству для построения бизнеса не ради бизнеса, а ради достижения общих&nbsp;целей!</em></p>\r\n\r\n<p>&nbsp;</p>\r\n\r\n<p><em><strong>Руководитель ООО &quot;ДИАМЕБ Трейд&quot;,&nbsp;</strong></em><em><strong>Наталия Сокол</strong></em></p>','ru','<ul>\r\n	<li>внедрение передовых технологий лабораторной диагностики и соответствие мировым тенденциям ее развития;</li>\r\n	<li>заботливое&nbsp;отношение и индивидуальный подход к каждому клиенту;</li>\r\n	<li>оперативность - мы стараемся обеспечивать доставку продукции в максимально короткий срок, для чего создан и постоянно поддерживается большой склад продукции;</li>\r\n	<li>обеспечение&nbsp;информативной и методологической послепродажной поддержкой, сервисное гарантийное и послегарантийное обслуживание оборудования;</li>\r\n	<li>гибкую систему скидок.</li>\r\n</ul>','<p><em>ООО &quot;ДИАМЕБ Трейд&quot; - лидер на рынке лабораторной диагностики с более чем 17-летним опытом поставки широкого ассортимента оборудования и реагентов</em><em> для современной лаборатории ведущих мировых производителей.</em></p>','Компания \"ДИАМЕБ Трейд\" -','Политика нашей компании нацелена на:','<p>&laquo;ДИАМЕБ Трейд&raquo; - компания, которая динамично развивается и постоянно расширяет сферу своих услуг и поэтому требует постоянного усиления квалифицированными кадрами: как молодыми специалистами, так и опытными работниками со стажем. Оперативное обслуживание и качественный сервис - основные акценты, на которые наша компания делает ставку. Поддержка соответствующего уровня сервиса становится возможной благодаря работе команды профессионалов - квалифицированных специалистов, которые проходят строгий отбор.</p>\r\n\r\n<p><strong>&nbsp;Компания&nbsp;&laquo;ДИАМЕБ Трейд&raquo;</strong>&nbsp;<strong>гарантирует своим сотрудникам:</strong></p>\r\n\r\n<ul>\r\n	<li><em>Стабильную высокую заработную плату;</em></li>\r\n	<li><em>Ежегодный оплачиваемый отпуск;</em></li>\r\n	<li><em>Социальные льготы;</em></li>\r\n	<li><em>Оформление согласно КЗоТ;</em></li>\r\n	<li><em>Нормированный рабочий день.</em></li>\r\n</ul>\r\n\r\n<p>Мы обеспечиваем интересной и перспективной работой молодых специалистов, предлагаем возможности для карьерного и финансового развития.</p>\r\n\r\n<p>К новым сотрудникам мы предъявляем следующие основные требования: коммуникабельность, активность, трудолюбие, честность и порядочность.</p>\r\n\r\n<p>Если на нашем сайте Вы не нашли вакансию, которая Вас интересует, отправьте свое резюме (doc.) на электронный адрес info@diameb.ua&nbsp;с пометкой в теме письма &laquo;Резерв&raquo; и Ваше резюме автоматически попадет в кадровый резерв компании и будет рассмотрено при открытии соответствующей вакансии.</p>',NULL,'Количество акционных позиций ограничено. Об их наличии на складе уточняйте у менеджера!',NULL,'ЛАБОРАТОРИЯ',NULL,'Информация о компании «Диамеб Трейд» в Украине: политика нашей работы, наши ценности, партнеры, свидетельства партнеров, вакансии и другая информация о нас, которая может быть интересна, важна и полезна нашим клиентам',NULL,'Лабораторное оборудование в Украине: ☑ Оборудование от лучших производителей, ☑ Реактивы для лаборатории, ☑ Реагенты для медицинских лабораторий. Покупайте оборудование для медицинских лабораторий от прямых поставщиков, наш телефон ☎ (044) 277 94 75'),(3,1,'<p>is known in the Ukrainian market as a supplier of wide assortment of reagents and instruments for modern laboratory diagnostics. We offer the modern high-quality and advanced technology products of the leading foreign producers, the official representatives and the distributors of which we are.&nbsp;Leading positions on the market we have provided through:</p>\r\n\r\n<ul>\r\n	<li>The wide range of products and reliable service;</li>\r\n	<li>Years of experience in the field of laboratory equipment;</li>\r\n	<li>Certified service department;</li>\r\n	<li>Possibility of comprehensive laboratory facilities of various profiles;</li>\r\n	<li>Well-functioning logistics system;</li>\r\n	<li>Customer loyalty.</li>\r\n</ul>\r\n\r\n<p>Years of experience allows us to provide quality<strong> service to fully equip the laboratory &quot;from scratch&quot;, </strong>which consists of several stages:</p>\r\n\r\n<p><em>I. Cost calculation</em></p>\r\n\r\n<p><em>II. Selection of equipment according to the needs and capabilities of the laboratory</em></p>\r\n\r\n<ul>\r\n	<li>Automatic/semi-automatic analyzers;</li>\r\n	<li>Washers, thermoshakers, centrifuges, microscopes and other.</li>\r\n</ul>\r\n\r\n<p><em>III. Selection of components necessary for full operation of the laboratory </em>(dry boxes, Gorjaev&#39;s chambers, dispensers, consumables, thermostats, water distillers, etc.).</p>\r\n\r\n<p><em>IV. Installation of equipment</em></p>\r\n\r\n<ul>\r\n	<li>Delivery of the equipment;</li>\r\n	<li>Metrological certification of equipment;</li>\r\n	<li>Installing and running of equipment;</li>\r\n	<li>Training of laboratory technicians.</li>\r\n</ul>\r\n\r\n<p><em>V. Support</em></p>\r\n\r\n<ul>\r\n	<li>Consulting;</li>\r\n	<li>Information support in case of problems;</li>\r\n	<li>Warranty maintenance (free of charge up to 2 years), after-sales maintenance service (repair, parts replacement).</li>\r\n</ul>\r\n\r\n<p>We guarantee fast service engineer arrival.</p>','<p>The famous Indian spiritual leader Osho once said: &quot;Whenever you stand before a choice, be careful not to choose that is convenient, comfortable, respectable, recognized by society, honorable. Choose what you want to do, regardless of no matter what the consequences.&quot;</p>\r\n\r\n<p>&nbsp;We can say with confidence that for us consequences are not important when the question is about the quality of service for each client and for the comfort of each employee of the company. Feeling a lot of responsibility for what we do and understanding the trends of modern business, in any action we try to be guided by our own feelings. Combining high moral principles, prudence and moderation, we take the most weighed decisions - the most beneficial decisions for everyone who we work with.</p>\r\n\r\n<p>If you are imposed upon the values of our company, we invite you to cooperate to build a business for the sake of business, and in order to achieve common goals!</p>\r\n\r\n<p>&nbsp;</p>\r\n\r\n<p><strong>Head of &quot;DIAMEB Trade&quot; LLC Natalia Sokol</strong></p>','en','<ul>\r\n	<li>introduction of advanced technology in laboratory diagnosis and compliance with international global trends in its development;</li>\r\n	<li>caring attitude and personal approach to each client;</li>\r\n	<li>efficiency - we are trying to ensure the delivery of products in shortest possible time, for what have been created and constantly maintained a large product warehouse;</li>\r\n	<li>providing informative and methodological aftermarket support, service warranty and after-sales service;</li>\r\n	<li>flexible system of discounts.</li>\r\n</ul>','<p><em>&quot;DIAMEB Trade&quot; LLC is a market leader in laboratory diagnosis with more than 17 years experience and is a supplier of a wide range of products for the laboratory diagnostics from leading manufacturers.&nbsp;</em></p>','The DIAMEB Trade company -','Our policy is aimed at:','<p>Diameb Trade is a company, which dynamically develops and constantly extends the range of its services; therefore, it is demanding the regular strengthening with highly qualified staff: young professionals and experienced employees. Prompt and qualitative service - main moment to which our company focuses attention. Supporting an appropriate level of service is made possible by the work of team of professionals - skilled professionals who undergo a rigorous selection.</p>\r\n\r\n<p><strong>The DIAMEB Trade company guarantees its employees:</strong></p>\r\n\r\n<ul>\r\n	<li>Stable high wages;</li>\r\n	<li>Annual holiday with pay;</li>\r\n	<li>Social benefits;</li>\r\n	<li>Registration under the Labor Code of Ukraine;</li>\r\n	<li>Normal working hours.</li>\r\n</ul>\r\n\r\n<p>We provide young professionals with interesting and perspective work, offer opportunities for career and financial development.</p>\r\n\r\n<p>The new employees are required to meet the following basic criteria: sociability, activity, diligence, honesty and decency.</p>\r\n\r\n<p>If you will not find a job that you are interested in on our site, please send your resume (doc.) to the email address&nbsp;<a href=\"mailto:hr@diameb.ua\">hr@diameb.ua</a> marked &ldquo;Reserve&rdquo; and your resume will automatically be placed in the reserve of the company and will be reviewed at the opening of the corresponding vacancies.</p>',NULL,'Number of promotional items is limited. Their presence in a warehouse is given by the manager!',NULL,'LABORATORY','Equipment , reagents , reagents, medical laboratory , APACOR, DIALAB, Cormay, DRG, FUJIREBIO, LABiTec, ORGENTEC, Monobind, DAI,','Equipment and materials / reagents for medical laboratories from leading manufacturers APACOR, DIALAB, Cormay, DRG, FUJIREBIO, LABiTec, ORGENTEC, Monobind, DAI, YnterLabServys , diagnostic systems, Snibe, SINNOWA','ELISA, autoimmune diagnostics, Chemiluminescent analysis, PCR diagnosis, clinical biochemistry , rapid diagnosis , analysis of electrolytes, hematology , Coagulology, stool Research,  Blood Collection Systems','Equipment and materials / reagents for laboratory diagnosis ( laboratories and hospitals)');

--
-- Table structure for table `action`
--

CREATE TABLE `action` (
  `id` int(11) NOT NULL AUTO_INCREMENT,
  `producer` varchar(255) COLLATE utf8_unicode_ci DEFAULT NULL,
  `catalog` varchar(255) COLLATE utf8_unicode_ci DEFAULT NULL,
  `dateExp` date DEFAULT NULL,
  `price` double DEFAULT NULL,
  `actionPrice` double DEFAULT NULL,
  `createdAt` datetime DEFAULT NULL,
  `updatedAt` datetime DEFAULT NULL,
  UNIQUE KEY `id` (`id`)
) ENGINE=InnoDB AUTO_INCREMENT=112 DEFAULT CHARSET=utf8 COLLATE=utf8_unicode_ci;

--
-- Dumping data for table `action`
--

INSERT INTO `action` VALUES (1,'Cormay','5-174','2023-10-31',0,0,'2023-08-02 08:56:44','2023-08-02 08:56:44'),(2,'Cormay','4-406','2023-11-30',0,0,'2023-08-02 08:56:44','2023-08-02 08:56:44'),(3,'Cormay','4-424','2023-12-31',0,0,'2023-08-02 08:56:44','2023-08-02 08:56:44'),(4,'Cormay','4-455','2024-01-31',0,0,'2023-08-02 08:56:44','2023-08-02 08:56:44'),(5,'Cormay','4-437','2024-02-29',0,0,'2023-08-02 08:56:44','2023-08-02 08:56:44'),(6,'Cormay','4-483','2024-03-31',0,0,'2023-08-02 08:56:44','2023-08-02 08:56:44'),(7,'Cormay','2-314','2024-04-30',0,0,'2023-08-02 08:56:44','2023-08-02 08:56:44'),(8,'Dialab','D98485','2023-10-31',0,0,'2023-08-02 08:56:44','2023-08-02 08:56:44'),(9,'Dialab','103210','2023-11-29',0,0,'2023-08-02 08:56:44','2023-08-02 08:56:44'),(10,'Dialab','102011','2024-04-24',0,0,'2023-08-02 08:56:44','2023-08-02 08:56:44'),(11,'Dialab','A08823','2024-05-31',0,0,'2023-08-02 08:56:44','2023-08-02 08:56:44'),(12,'Dialab','A00707','2024-11-30',0,0,'2023-08-02 08:56:44','2023-08-02 08:56:44'),(13,'Dialab','A00519','2026-10-31',0,0,'2023-08-02 08:56:44','2023-08-02 08:56:44'),(14,'Dialab','A00804','2024-01-31',0,0,'2023-08-02 08:56:44','2023-08-02 08:56:44'),(15,'Dialab','A00538','2024-01-31',0,0,'2023-08-02 08:56:44','2023-08-02 08:56:44'),(16,'Medicon Hellas','1419-0080','2023-08-31',0,0,'2023-08-02 08:56:44','2023-08-02 08:56:44'),(17,'Medicon Hellas','1419-0160','2023-09-30',0,0,'2023-08-02 08:56:44','2023-08-02 08:56:44'),(18,'Medicon Hellas','1419-0062','2023-10-31',0,0,'2023-08-02 08:56:44','2023-08-02 08:56:44'),(19,'Medicon Hellas','1419-0742','2023-11-30',0,0,'2023-08-02 08:56:44','2023-08-02 08:56:44'),(20,'Apacor','146400','2024-03-31',0,0,'2023-08-02 08:56:44','2023-08-02 08:56:44'),(21,'Diagon','83050','2023-09-30',0,0,'2023-08-02 08:56:44','2023-08-02 08:56:44'),(22,'Diagast','70502','2024-02-29',0,0,'2023-08-02 08:56:44','2023-08-02 08:56:44'),(23,'Diagast','70503','2024-02-29',0,0,'2023-08-02 08:56:44','2023-08-02 08:56:44'),(24,'Diagast','71000','2023-12-31',0,0,'2023-08-02 08:56:44','2023-08-02 08:56:44'),(25,'Diagast','79000','2023-09-30',0,0,'2023-08-02 08:56:44','2023-08-02 08:56:44'),(26,'Dialab','B054O5','2024-09-08',0,0,'2023-08-02 08:56:44','2023-08-02 08:56:44'),(27,'Dialab','B054O6','2024-09-08',0,0,'2023-08-02 08:56:44','2023-08-02 08:56:44'),(28,'Dialab','B054O7','2024-04-20',0,0,'2023-08-02 08:56:44','2023-08-02 08:56:44'),(29,'Dialab','B05181','2024-10-04',0,0,'2023-08-02 08:56:44','2023-08-02 08:56:44'),(30,'Sinnowa','SR07','2023-08-10',0,0,'2023-08-02 08:56:44','2023-08-02 08:56:44'),(31,'Sinnowa','SR13','2023-09-21',0,0,'2023-08-02 08:56:44','2023-08-02 08:56:44'),(32,'Sinnowa','SR14','2023-09-21',0,0,'2023-08-02 08:56:44','2023-08-02 08:56:44'),(33,'Sinnowa','SR10','2023-12-09',0,0,'2023-08-02 08:56:44','2023-08-02 08:56:44'),(34,'Sinnowa','SR11','2023-12-21',0,0,'2023-08-02 08:56:44','2023-08-02 08:56:44'),(35,'Cormay','E-704','2023-08-31',0,0,'2023-08-02 08:56:44','2023-08-02 08:56:44'),(36,'Cormay','E-702','2025-03-31',0,0,'2023-08-02 08:56:44','2023-08-02 08:56:44'),(37,'Cormay','E-703','2025-06-30',0,0,'2023-08-02 08:56:44','2023-08-02 08:56:44'),(38,'Diatron','DN35001-SET','2023-08-05',0,0,'2023-08-02 08:56:44','2023-08-02 08:56:44'),(39,'Diatron','DN55002-SET','2023-09-05',0,0,'2023-08-02 08:56:44','2023-08-02 08:56:44'),(40,'Snibe','130208001M','2023-08-03',0,0,'2023-08-02 08:56:44','2023-08-02 08:56:44'),(41,'Snibe','130299007M','2023-09-20',0,0,'2023-08-02 08:56:44','2023-08-02 08:56:44'),(42,'Snibe','130299007M','2023-11-04',0,0,'2023-08-02 08:56:44','2023-08-02 08:56:44'),(43,'Snibe','130219017M','2023-07-27',0,0,'2023-08-02 08:56:44','2023-08-02 08:56:44'),(44,'Snibe','130615006M','2023-09-06',0,0,'2023-08-02 08:56:44','2023-08-02 08:56:44'),(45,'Snibe','130615004M','2023-09-29',0,0,'2023-08-02 08:56:44','2023-08-02 08:56:44'),(46,'Snibe','130615001M','2023-10-21',0,0,'2023-08-02 08:56:44','2023-08-02 08:56:44'),(47,'Dialab','Z06903CE','2023-08-20',0,0,'2023-08-02 08:56:44','2023-08-02 08:56:44'),(48,'Dialab','Z01101B','2023-11-30',0,0,'2023-08-02 08:56:44','2023-08-02 08:56:44'),(49,'Dialab','Z08125CE','2023-12-24',0,0,'2023-08-02 08:56:44','2023-08-02 08:56:44'),(50,'Dialab','Z06229CE','2024-01-09',0,0,'2023-08-02 08:56:44','2023-08-02 08:56:44'),(51,'LabUa','LUA-RT.CDM.C','2023-11-01',0,0,'2023-08-02 08:56:44','2023-08-02 08:56:44'),(52,'LabUa','LUA-RT.CPCT.C','2023-12-31',0,0,'2023-08-02 08:56:44','2023-08-02 08:56:44'),(53,'LabUa','LUA-RT.CCRP.C','2023-12-31',0,0,'2023-08-02 08:56:44','2023-08-02 08:56:44'),(54,'LabUa','LUA-RT.FHCG.D','2023-12-31',0,0,'2023-08-02 08:56:44','2023-08-02 08:56:44'),(55,'LabUa','LUA-RT.IHPAG.D','2023-12-31',0,0,'2023-08-02 08:56:44','2023-08-02 08:56:44'),(56,'LabUa','LUA-RT.TFOB.C','2023-12-31',0,0,'2023-08-02 08:56:44','2023-08-02 08:56:44'),(57,'LabUa','LUA-RT.OCAL.C','2023-12-31',0,0,'2023-08-02 08:56:44','2023-08-02 08:56:44'),(58,'LabUa','T09-2WSP','2023-12-31',0,0,'2023-08-02 08:56:44','2023-08-02 08:56:44'),(59,'Monobind','1825-300A','2023-08-05',0,0,'2023-08-02 08:56:44','2023-08-02 08:56:44'),(60,'Monobind','12025-300A','2023-12-28',0,0,'2023-08-02 08:56:44','2023-08-02 08:56:44'),(61,'DRG','EIA-1292','2023-08-31',0,0,'2023-08-02 08:56:44','2023-08-02 08:56:44'),(62,'DRG','EIA-1292','2023-11-30',0,0,'2023-08-02 08:56:44','2023-08-02 08:56:44'),(63,'DRG','EIA-4189','2023-11-30',0,0,'2023-08-02 08:56:44','2023-08-02 08:56:44'),(64,'DRG','EIA-2397','2023-12-31',0,0,'2023-08-02 08:56:44','2023-08-02 08:56:44'),(65,'DRG','EIA-2924','2024-01-31',0,0,'2023-08-02 08:56:44','2023-08-02 08:56:44'),(66,'Dia.Pro','HSVM.CE','2023-12-31',0,0,'2023-08-02 08:56:44','2023-08-02 08:56:44'),(67,'Dia.Pro','HSVG.CE','2023-08-31',0,0,'2023-08-02 08:56:44','2023-08-02 08:56:44'),(68,'Dia.Pro','SIAB1ULTRA.CE.96','2023-09-30',0,0,'2023-08-02 08:56:44','2023-08-02 08:56:44'),(69,'Dia.Pro','SIAB1ULTRA.CE.192','2023-09-30',0,0,'2023-08-02 08:56:44','2023-08-02 08:56:44'),(70,'Dia.Pro','PARVOG.CE','2023-09-30',0,0,'2023-08-02 08:56:44','2023-08-02 08:56:44'),(71,'Dia.Pro','PARVOM.CE','2023-12-31',0,0,'2023-08-02 08:56:44','2023-08-02 08:56:44'),(72,'Dia.Pro','VCAG.CE','2023-10-31',0,0,'2023-08-02 08:56:44','2023-08-02 08:56:44'),(73,'Dia.Pro','VCAM.CE','2023-11-30',0,0,'2023-08-02 08:56:44','2023-08-02 08:56:44'),(74,'Dia.Pro','EBNG.CE','2023-12-31',0,0,'2023-08-02 08:56:44','2023-08-02 08:56:44'),(75,'Dia.Pro','EBNM.CE','2023-12-31',0,0,'2023-08-02 08:56:44','2023-08-02 08:56:44'),(76,'LabUa','LUA-CMVG.CE','2023-08-31',0,0,'2023-08-02 08:56:44','2023-08-02 08:56:44'),(77,'LabUa','LUA-TOXOM.CE','2023-08-31',0,0,'2023-08-02 08:56:44','2023-08-02 08:56:44'),(78,'LabUa','LUA-TOXOG.CE','2023-10-31',0,0,'2023-08-02 08:56:44','2023-08-02 08:56:44'),(79,'LabUa','LUA-SAB.CE','2023-10-31',0,0,'2023-08-02 08:56:44','2023-08-02 08:56:44'),(80,'LabUa','LUA-RUBG.CE','2023-12-31',0,0,'2023-08-02 08:56:44','2023-08-02 08:56:44'),(81,'LabUa','LUA-RUBM.CE','2023-11-30',0,0,'2023-08-02 08:56:44','2023-08-02 08:56:44'),(82,'LabUa','LUA-BCAB.CE','2023-11-30',0,0,'2023-08-02 08:56:44','2023-08-02 08:56:44'),(83,'LabUa','LUA-IVCOMB.CE.96','2023-12-30',0,0,'2023-08-02 08:56:44','2023-08-02 08:56:44'),(84,'LabUa','LUA-HTLVABULTRA.CE.96','2024-01-31',0,0,'2023-08-02 08:56:44','2023-08-02 08:56:44'),(85,'Monobind','11925-300A','2023-09-10',0,0,'2023-08-02 08:56:44','2023-08-02 08:56:44'),(86,'Monobind','11925-300A','2024-01-18',0,0,'2023-08-02 08:56:44','2023-08-02 08:56:44'),(87,'Monobind','11925-300A','2024-05-04',0,0,'2023-08-02 08:56:44','2023-08-02 08:56:44'),(88,'Monobind','11725-300A','2023-11-03',0,0,'2023-08-02 08:56:44','2023-08-02 08:56:44'),(89,'Monobind','11725-300A','2023-12-18',0,0,'2023-08-02 08:56:44','2023-08-02 08:56:44'),(90,'LabUa','LUA-VCM06P','2023-09-30',0,0,'2023-08-02 08:56:44','2023-08-02 08:56:44'),(91,'LabUa','LUA-VES01P','2023-09-30',0,0,'2023-08-02 08:56:44','2023-08-02 08:56:44'),(92,'LabUa','LUA-VES02P','2023-09-30',0,0,'2023-08-02 08:56:44','2023-08-02 08:56:44'),(93,'LabUa','LUA-VES03P','2023-09-30',0,0,'2023-08-02 08:56:44','2023-08-02 08:56:44'),(94,'LabUa','LUA-VES04P','2023-09-30',0,0,'2023-08-02 08:56:44','2023-08-02 08:56:44'),(95,'LabUa','LUA-MER05P','2024-01-31',0,0,'2023-08-02 08:56:44','2023-08-02 08:56:44'),(96,'LabUa','LUA-MKR25P','2024-01-31',0,0,'2023-08-02 08:56:44','2023-08-02 08:56:44'),(97,'LabUa','LUA-MKR05P','2024-01-31',0,0,'2023-08-02 08:56:44','2023-08-02 08:56:44'),(98,'LabUa','LUA-MER02S','2024-01-31',0,0,'2023-08-02 08:56:44','2023-08-02 08:56:44'),(99,'LabUa','LUA-MER25S','2024-01-31',0,0,'2023-08-02 08:56:44','2023-08-02 08:56:44'),(100,'LabUa','LUA-MER05S','2024-01-31',0,0,'2023-08-02 08:56:44','2023-08-02 08:56:44'),(101,'LabUa','LUA-VCS05P','2024-01-31',0,0,'2023-08-02 08:56:44','2023-08-02 08:56:44'),(102,'LabUa','LUA-VGM05P','2024-01-31',0,0,'2023-08-02 08:56:44','2023-08-02 08:56:44'),(103,'LabUa','LUA-VKS04P','2024-01-31',0,0,'2023-08-02 08:56:44','2023-08-02 08:56:44'),(104,'LabUa','LUA-VKS02P','2024-01-31',0,0,'2023-08-02 08:56:44','2023-08-02 08:56:44'),(105,'LabUa','LUA-VFS02P','2024-01-31',0,0,'2023-08-02 08:56:44','2023-08-02 08:56:44'),(106,'Labitec','211-21-080-00','2028-12-31',0,0,'2023-08-02 08:56:44','2023-08-02 08:56:44'),(107,'Невідомий','','2023-09-30',0,0,'2023-08-02 08:56:44','2023-08-02 08:56:44'),(108,'Невідомий','','2024-09-30',0,0,'2023-08-02 08:56:44','2023-08-02 08:56:44'),(109,'Волес','503224','2024-06-30',0,0,'2023-08-02 08:56:44','2023-08-02 08:56:44'),(110,'Волес','502834','2025-01-30',0,0,'2023-08-02 08:56:44','2023-08-02 08:56:44'),(111,'Сімко','','2027-02-28',0,0,'2023-08-02 08:56:44','2023-08-02 08:56:44');

--
-- Table structure for table `action2`
--

CREATE TABLE `action2` (
  `id` int(11) NOT NULL AUTO_INCREMENT,
  `producer` varchar(255) COLLATE utf8_unicode_ci DEFAULT NULL,
  `catalog` varchar(255) COLLATE utf8_unicode_ci DEFAULT NULL,
  `dateExp` date DEFAULT NULL,
  `price` double DEFAULT NULL,
  `actionPrice` double DEFAULT NULL,
  `createdAt` datetime DEFAULT NULL,
  `updatedAt` datetime DEFAULT NULL,
  PRIMARY KEY (`id`)
) ENGINE=InnoDB AUTO_INCREMENT=1289 DEFAULT CHARSET=utf8 COLLATE=utf8_unicode_ci;

--
-- Dumping data for table `action2`
--

INSERT INTO `action2` VALUES (1230,'Cormay','2-219','2019-12-31',345.27,230.18,'2019-08-05 13:40:22','2019-09-03 08:25:47'),(1231,'Cormay','K-504','2019-09-30',3216.59,321.66,'2019-08-05 13:44:11','2019-09-03 07:31:22'),(1232,'Cormay','4-278','2019-12-31',5016.7,3344.47,'2019-08-05 14:09:33','2019-09-03 08:41:32'),(1233,'Cormay','4-401','2019-11-30',634.47,317,'2019-08-05 14:15:19','2019-09-03 07:32:21'),(1234,'Cormay','4-404','2019-11-30',737.75,368.88,'2019-08-05 14:16:21','2019-09-03 08:24:00'),(1235,'Cormay','4-453','2019-11-30',1623.05,811.53,'2019-08-05 14:17:04','2019-09-03 08:24:41'),(1236,'Dialab','G04002','2019-10-31',182.96,60.99,'2019-08-06 06:16:18','2019-09-03 08:46:35'),(1237,'Dialab','Z02506B','2019-10-31',32.46,10.82,'2019-08-06 06:17:11','2019-09-03 08:49:06'),(1238,'Dialab','Z08090B','2019-11-30',94,47,'2019-08-06 06:18:02','2019-09-03 08:50:18'),(1239,'Dialab','A00524','2019-12-31',2432,1621,'2019-08-06 06:19:01','2019-09-03 08:52:08'),(1240,'Dialab','D98485SV','2019-12-31',457.41,304.94,'2019-08-06 06:20:43','2019-09-03 08:55:43'),(1241,'Dialab','Y04602','2019-12-31',17638.13,11758.75,'2019-08-06 06:21:46','2019-09-03 09:23:45'),(1242,'Dialab','Z08090CE','2019-12-31',1835.52,1223.68,'2019-08-06 06:23:04','2019-09-03 09:24:39'),(1243,'Dialab','Z08233B','2019-12-31',236.08,157.39,'2019-08-06 06:24:04','2019-09-03 09:26:13'),(1244,'Diagon','95012','2019-09-30',1204.01,120.4,'2019-08-06 06:25:12','2019-09-03 09:47:17'),(1245,'Diagon','11180','2019-11-30',1375.17,687.58,'2019-08-06 06:51:23','2019-09-03 09:48:30'),(1246,'Diatron','DN55004-KIT','2019-09-05',5904.95,590.5,'2019-08-06 06:52:14','2019-09-03 09:49:43'),(1247,'Aesku','3142','2019-09-30',7200.44,720,'2019-08-06 06:53:01','2019-09-03 09:50:43'),(1248,'Aesku','3140','2019-10-30',6757.79,2252.6,'2019-08-06 06:53:54','2019-09-03 10:05:15'),(1265,'DRG','EIA-1781','2019-09-30',2378.08,237.81,'2019-09-06 06:20:48','2019-09-06 06:20:48'),(1266,'DRG','EIA-1887','2018-09-30',4141.6,414.16,'2019-09-06 06:25:32','2019-09-06 06:25:32'),(1267,'DRG','EIA-5396','2019-09-30',20440.8,2044.08,'2019-09-06 06:26:30','2019-09-06 06:26:30'),(1268,'DRG','EIA-2924','2019-11-30',9084.8,4542.4,'2019-09-06 06:28:03','2019-09-06 06:28:03'),(1269,'DRG','EIA-1291','2019-12-31',4034.72,2689.81,'2019-09-06 06:28:52','2019-09-06 06:28:52'),(1270,'DRG','EIA-1469','2019-12-31',3767.52,2511.68,'2019-09-06 06:29:38','2019-09-06 06:29:38'),(1271,'Monobind','8825-300A','2019-09-30',2805.6,280.56,'2019-09-06 06:31:16','2019-09-06 06:31:16'),(1272,'Monobind','3725-300A','2019-12-31',3874.4,2582.93,'2019-09-06 06:32:27','2019-09-06 06:32:27'),(1273,'Monobind','7925-300A','2019-12-31',5317.28,3544.85,'2019-09-06 06:33:34','2019-09-06 06:33:34'),(1274,'Monobind','8825-300A','2019-12-31',2805.6,1870.4,'2019-09-06 06:34:59','2019-09-06 06:34:59'),(1275,'Snibe','130203003M','2019-09-14',3305.12,330.51,'2019-09-06 06:39:16','2019-09-06 06:39:16'),(1276,'Snibe','130203005M','2019-10-24',3305.12,1101.71,'2019-09-06 06:40:11','2019-09-06 06:40:11'),(1277,'Snibe','130202009M','2019-11-20',3364.14,1682.07,'2019-09-06 06:41:09','2019-09-06 06:41:09'),(1278,'Snibe','130299007M','2019-11-14',4190.42,2095.21,'2019-09-06 06:42:10','2019-09-06 06:42:10'),(1279,'Snibe','130203007M','2019-12-11',5931.51,3954.34,'2019-09-06 06:43:12','2019-09-06 06:43:12'),(1280,'Snibe','130210002M','2019-12-19',3364.14,2242.76,'2019-09-06 06:44:15','2019-09-06 06:44:15'),(1281,'Sinnowa','SR15','2019-12-06',836.34,557.56,'2019-09-06 06:46:27','2019-09-06 06:46:27'),(1282,'Fujirebio','404-10','2019-09-30',23608,2360.8,'2019-09-06 07:23:29','2019-09-06 07:23:29'),(1283,'KIMA','14530','2019-09-30',475.11,47.51,'2019-09-06 07:29:31','2019-09-06 07:29:31'),(1284,'МініМед','12000101','2019-10-30',259,86.33,'2019-09-06 07:30:36','2019-09-06 07:30:36'),(1285,'Філісіт','КС028.01','2019-10-30',93,31,'2019-09-06 07:32:22','2019-09-06 07:32:48'),(1286,'Wantai','WJ-1610U','2019-11-01',37,18.5,'2019-09-06 07:48:27','2019-09-06 07:48:27'),(1287,'VACUMED','42482','2019-12-01',325.53,217.02,'2019-09-06 07:49:19','2019-09-06 07:49:19'),(1288,'МініМед','12005702','2019-12-31',170,113.33,'2019-09-06 07:50:18','2019-09-06 07:50:18');

--
-- Table structure for table `action_translation`
--

CREATE TABLE `action_translation` (
  `id` int(11) NOT NULL AUTO_INCREMENT,
  `translatable_id` int(11) DEFAULT NULL,
  `title` varchar(255) CHARACTER SET utf8 NOT NULL,
  `note` longtext COLLATE utf8_unicode_ci DEFAULT NULL,
  `locale` varchar(255) COLLATE utf8_unicode_ci NOT NULL,
  `metakeywords` varchar(255) COLLATE utf8_unicode_ci DEFAULT NULL,
  `metadescription` varchar(255) COLLATE utf8_unicode_ci DEFAULT NULL,
  UNIQUE KEY `id` (`id`)
) ENGINE=InnoDB AUTO_INCREMENT=334 DEFAULT CHARSET=utf8 COLLATE=utf8_unicode_ci;

--
-- Dumping data for table `action_translation`
--

INSERT INTO `action_translation` VALUES (1,1,'Мультикалібратор 1','0.00 грн.','uk',NULL,NULL),(2,1,'Мультикалібратор 1','0.00 грн.','ru',NULL,NULL),(3,1,'CORMAY MULTICALIBRATOR LEVEL 1','0.00 грн.','en',NULL,NULL),(4,2,'Сечовина ПРЕСТИЖ 24i (36 штатив)','0.00 грн.','uk',NULL,NULL),(5,2,'Сечовина ПРЕСТИЖ 24i (36 штатив)','0.00 грн.','ru',NULL,NULL),(6,2,'PRESTIGE 24i LQ UREA','0.00 грн.','en',NULL,NULL),(7,3,'Гама-глутамілтрансфераза ПРЕСТИЖ 24i (36 штатив)','0.00 грн.','uk',NULL,NULL),(8,3,'Гама-глутамілтрансфераза ПРЕСТИЖ 24i (36 штатив)','0.00 грн.','ru',NULL,NULL),(9,3,'PRESTIGE 24i LQ GGT','0.00 грн.','en',NULL,NULL),(10,4,'Амілаза ПРЕСТИЖ 24i (36 штатив)','0.00 грн.','uk',NULL,NULL),(11,4,'Амілаза ПРЕСТИЖ 24i (36 штатив)','0.00 грн.','ru',NULL,NULL),(12,4,'PRESTIGE 24i LQ AMYLASE','0.00 грн.','en',NULL,NULL),(13,5,'Креатинін ензиматік ПРЕСТИЖ 24i (36 штатив)','0.00 грн.','uk',NULL,NULL),(14,5,'Креатинін ензиматік ПРЕСТИЖ 24i (36 штатив)','0.00 грн.','ru',NULL,NULL),(15,5,'PRESTIGE 24i LQ CREATININE','0.00 грн.','en',NULL,NULL),(16,6,'Феритин ПРЕСТИЖ 24i (36 штатив)','0.00 грн.','uk',NULL,NULL),(17,6,'Феритин ПРЕСТИЖ 24i (36 штатив)','0.00 грн.','ru',NULL,NULL),(18,6,'PRESTIGE 24i FERRITIN','0.00 грн.','en',NULL,NULL),(19,7,'Мікроальбумін 30','0.00 грн.','uk',NULL,NULL),(20,7,'Мікроальбумін 30','0.00 грн.','ru',NULL,NULL),(21,7,'CORMAY MICROALBUMIN 30','0.00 грн.','en',NULL,NULL),(22,8,'Мультикалібратор Diacal Auto','0.00 грн.','uk',NULL,NULL),(23,8,'Мультикалібратор Diacal Auto','0.00 грн.','ru',NULL,NULL),(24,8,'Diacal Auto ','0.00 грн.','en',NULL,NULL),(25,9,'Білірубін прямий/загальний, метод Єндрашика-Грофа','0.00 грн.','uk',NULL,NULL),(26,9,'Білірубін прямий/загальний, метод Єндрашика-Грофа','0.00 грн.','ru',NULL,NULL),(27,9,'Bilirubin Direct/Total, Jendr.Grof','0.00 грн.','en',NULL,NULL),(28,10,'Білірубін загальний','0.00 грн.','uk',NULL,NULL),(29,10,'Білірубін загальний','0.00 грн.','ru',NULL,NULL),(30,10,'Total Bilirubin','0.00 грн.','en',NULL,NULL),(31,11,'Протеїновий контроль, низьке значення','0.00 грн.','uk',NULL,NULL),(32,11,'Протеїновий контроль, низьке значення','0.00 грн.','ru',NULL,NULL),(33,11,'Protein Control Low','0.00 грн.','en',NULL,NULL),(34,12,'Мікроальбумін калібратор','0.00 грн.','uk',NULL,NULL),(35,12,'Мікроальбумін калібратор','0.00 грн.','ru',NULL,NULL),(36,12,'Microalbumin Calibrator','0.00 грн.','en',NULL,NULL),(37,13,'С-реактивний білок','0.00 грн.','uk',NULL,NULL),(38,13,'С-реактивний білок','0.00 грн.','ru',NULL,NULL),(39,13,'CRP (turb.)','0.00 грн.','en',NULL,NULL),(40,14,'С-реактивний білок контроль, високе значення','0.00 грн.','uk',NULL,NULL),(41,14,'С-реактивний білок контроль, високе значення','0.00 грн.','ru',NULL,NULL),(42,14,'CRP Control High','0.00 грн.','en',NULL,NULL),(43,15,'С-реактивний білок калібратор, високе значення','0.00 грн.','uk',NULL,NULL),(44,15,'С-реактивний білок калібратор, високе значення','0.00 грн.','ru',NULL,NULL),(45,15,'CRP Calibrator High','0.00 грн.','en',NULL,NULL),(46,16,'Аланінамінотрансфераза (АЛТ) 670','0.00 грн.','uk',NULL,NULL),(47,16,'Аланінамінотрансфераза (АЛТ) 670','0.00 грн.','ru',NULL,NULL),(48,16,'ALT/SPGT','0.00 грн.','en',NULL,NULL),(49,17,'Амілаза 450','0.00 грн.','uk',NULL,NULL),(50,17,'Амілаза 450','0.00 грн.','ru',NULL,NULL),(51,17,'Amylase','0.00 грн.','en',NULL,NULL),(52,18,'Тригліцериди 1800','0.00 грн.','uk',NULL,NULL),(53,18,'Тригліцериди 1800','0.00 грн.','ru',NULL,NULL),(54,18,'Triglycerides','0.00 грн.','en',NULL,NULL),(55,19,'Трансферин 400','0.00 грн.','uk',NULL,NULL),(56,19,'Трансферин 400','0.00 грн.','ru',NULL,NULL),(57,19,'Transferrin','0.00 грн.','en',NULL,NULL),(58,20,'Фекальний паразитологічний  концентратор Mini Parasep \n(2.4 мл формаліну + тритон Х, 40 мл етилацетату)','0.00 грн.','uk',NULL,NULL),(59,20,'Фекальний паразитологічний  концентратор Mini Parasep \n(2.4 мл формаліну + тритон Х, 40 мл етилацетату)','0.00 грн.','ru',NULL,NULL),(60,20,'Mini Parasep ( with 2.4 ml of Formalin + Triton-X + 40 ml of Ethyl Aceate)','0.00 грн.','en',NULL,NULL),(61,21,'Протромбіновий час рекомбінантний, сухий Dia-PT R','0.00 грн.','uk',NULL,NULL),(62,21,'Протромбіновий час рекомбінантний, сухий Dia-PT R','0.00 грн.','ru',NULL,NULL),(63,21,'Dia-PT R','0.00 грн.','en',NULL,NULL),(64,22,'Анти-B (ABO2)','0.00 грн.','uk',NULL,NULL),(65,22,'Анти-B (ABO2)','0.00 грн.','ru',NULL,NULL),(66,22,'Anti-B (ABO2)','0.00 грн.','en',NULL,NULL),(67,23,'Анти-AB (ABO3)','0.00 грн.','uk',NULL,NULL),(68,23,'Анти-AB (ABO3)','0.00 грн.','ru',NULL,NULL),(69,23,'Anti-AB (ABO2)','0.00 грн.','en',NULL,NULL),(70,24,'Анти-D (RH1) IgM I','0.00 грн.','uk',NULL,NULL),(71,24,'Анти-D (RH1) IgM I','0.00 грн.','ru',NULL,NULL),(72,24,'Anti-D (RH1) IgM I (ABO2)','0.00 грн.','en',NULL,NULL),(73,25,'Негативний контроль (NEG CONTROL) \nРекомендовано використовувати з Анти-D (RH1) IgM I','0.00 грн.','uk',NULL,NULL),(74,25,'Негативний контроль (NEG CONTROL) \nРекомендовано використовувати з Анти-D (RH1) IgM I','0.00 грн.','ru',NULL,NULL),(75,25,'NEG CONTROL','0.00 грн.','en',NULL,NULL),(76,26,'Анти-А, моноклональний реагент','0.00 грн.','uk',NULL,NULL),(77,26,'Анти-А, моноклональний реагент','0.00 грн.','ru',NULL,NULL),(78,26,'Anti-A, monoclonal','0.00 грн.','en',NULL,NULL),(79,27,'Анти-В, моноклональний реагент','0.00 грн.','uk',NULL,NULL),(80,27,'Анти-В, моноклональний реагент','0.00 грн.','ru',NULL,NULL),(81,27,'Anti-B, monoclonal','0.00 грн.','en',NULL,NULL),(82,28,'Анти-АВ, моноклональний реагент','0.00 грн.','uk',NULL,NULL),(83,28,'Анти-АВ, моноклональний реагент','0.00 грн.','ru',NULL,NULL),(84,28,'Anti-AB, monoclonal','0.00 грн.','en',NULL,NULL),(85,29,'Анти-HG, поліспецифічний/моноклональний реагент','0.00 грн.','uk',NULL,NULL),(86,29,'Анти-HG, поліспецифічний/моноклональний реагент','0.00 грн.','ru',NULL,NULL),(87,29,'Anti-HG, polyspecific/monoclonal','0.00 грн.','en',NULL,NULL),(88,30,'Розчин стандарту А','0.00 грн.','uk',NULL,NULL),(89,30,'Розчин стандарту А','0.00 грн.','ru',NULL,NULL),(90,30,'Standard solution A','0.00 грн.','en',NULL,NULL),(91,31,'Детергент С','0.00 грн.','uk',NULL,NULL),(92,31,'Детергент С','0.00 грн.','ru',NULL,NULL),(93,31,'Detergent C','0.00 грн.','en',NULL,NULL),(94,32,'Детергент D','0.00 грн.','uk',NULL,NULL),(95,32,'Детергент D','0.00 грн.','ru',NULL,NULL),(96,32,'Detergent D','0.00 грн.','en',NULL,NULL),(97,33,'Електролітичний розчин','0.00 грн.','uk',NULL,NULL),(98,33,'Електролітичний розчин','0.00 грн.','ru',NULL,NULL),(99,33,'Electrolyte Solution','0.00 грн.','en',NULL,NULL),(100,34,'Референтний електролітичний розчин','0.00 грн.','uk',NULL,NULL),(101,34,'Референтний електролітичний розчин','0.00 грн.','ru',NULL,NULL),(102,34,'Reference electrolyte solution','0.00 грн.','en',NULL,NULL),(103,35,'Депротеїнізуючий розчин','0.00 грн.','uk',NULL,NULL),(104,35,'Депротеїнізуючий розчин','0.00 грн.','ru',NULL,NULL),(105,35,'Deproteinizer Solution','0.00 грн.','en',NULL,NULL),(106,36,'Кондиціонуючий розчин для електродів','0.00 грн.','uk',NULL,NULL),(107,36,'Кондиціонуючий розчин для електродів','0.00 грн.','ru',NULL,NULL),(108,36,'Electrode Conditioner Solution','0.00 грн.','en',NULL,NULL),(109,37,'Очищуючий розчин','0.00 грн.','uk',NULL,NULL),(110,37,'Очищуючий розчин','0.00 грн.','ru',NULL,NULL),(111,37,'Cleaning Solution','0.00 грн.','en',NULL,NULL),(112,38,'Контроль гематологічний Diacon 3 низький,  3,0 мл','0.00 грн.','uk',NULL,NULL),(113,38,'Контроль гематологічний Diacon 3 низький,  3,0 мл','0.00 грн.','ru',NULL,NULL),(114,38,'Diacon 3 Hematology Control  (L)','0.00 грн.','en',NULL,NULL),(115,39,'Контроль гематологічний Diacon 5 норма  6x3,0 мл','0.00 грн.','uk',NULL,NULL),(116,39,'Контроль гематологічний Diacon 5 норма  6x3,0 мл','0.00 грн.','ru',NULL,NULL),(117,39,'Diacon 5 Hematology Control (N)','0.00 грн.','en',NULL,NULL),(118,40,'Імуноглобулін E','0.00 грн.','uk',NULL,NULL),(119,40,'Імуноглобулін E','0.00 грн.','ru',NULL,NULL),(120,40,'MAGLUMI lgE (CLIA)','0.00 грн.','en',NULL,NULL),(121,41,'Промивний розчин для очищення системи трубок MAGLUMI','0.00 грн.','uk',NULL,NULL),(122,41,'Промивний розчин для очищення системи трубок MAGLUMI','0.00 грн.','ru',NULL,NULL),(123,41,'MAGLUMI System Tubing Cleaning Solution','0.00 грн.','en',NULL,NULL),(124,42,'Промивний розчин для очищення системи трубок MAGLUMI','0.00 грн.','uk',NULL,NULL),(125,42,'Промивний розчин для очищення системи трубок MAGLUMI','0.00 грн.','ru',NULL,NULL),(126,42,'MAGLUMI System Tubing Cleaning Solution','0.00 грн.','en',NULL,NULL),(127,43,'Набір для кількісного визначення антитіл IgG до S-RBD коронавірусу SARS-CoV-2','0.00 грн.','uk',NULL,NULL),(128,43,'Набір для кількісного визначення антитіл IgG до S-RBD коронавірусу SARS-CoV-2','0.00 грн.','ru',NULL,NULL),(129,43,'MAGLUMI SARS-CoV-2  S-RBD IgG (CLIA)','0.00 грн.','en',NULL,NULL),(130,44,'Вірус Епштейна-Барр ядерний антиген lgG (ІХЛА) MAGLUMI,50     ','0.00 грн.','uk',NULL,NULL),(131,44,'Вірус Епштейна-Барр ядерний антиген lgG (ІХЛА) MAGLUMI,50     ','0.00 грн.','ru',NULL,NULL),(132,44,'MAGLUMI EBV NA lgG (CLIA)','0.00 грн.','en',NULL,NULL),(133,45,'Вірус Епштейна-Барр капсидний антиген lgM (ІХЛА) MAGLUMI,50    ','0.00 грн.','uk',NULL,NULL),(134,45,'Вірус Епштейна-Барр капсидний антиген lgM (ІХЛА) MAGLUMI,50    ','0.00 грн.','ru',NULL,NULL),(135,45,'MAGLUMI EBV VCA lgM (CLIA)','0.00 грн.','en',NULL,NULL),(136,46,'Вірус Епштейна-Барр ранній антиген lgG (ІХЛА) MAGLUMI,50    ','0.00 грн.','uk',NULL,NULL),(137,46,'Вірус Епштейна-Барр ранній антиген lgG (ІХЛА) MAGLUMI,50    ','0.00 грн.','ru',NULL,NULL),(138,46,'MAGLUMI EBV EA lgG(CLIA)','0.00 грн.','en',NULL,NULL),(139,47,'Сифіліс, 30 шт/уп','0.00 грн.','uk',NULL,NULL),(140,47,'Сифіліс, 30 шт/уп','0.00 грн.','ru',NULL,NULL),(141,47,'DIAQUICK Syphilis Cassette, 30 pc/pack','0.00 грн.','en',NULL,NULL),(142,48,'Прихована кров (стілець)','0.00 грн.','uk',NULL,NULL),(143,48,'Прихована кров (стілець)','0.00 грн.','ru',NULL,NULL),(144,48,'DIAQUICK FOB Cassette','0.00 грн.','en',NULL,NULL),(145,49,'Тропонін І, 5 шт/уп','0.00 грн.','uk',NULL,NULL),(146,49,'Тропонін І, 5 шт/уп','0.00 грн.','ru',NULL,NULL),(147,49,'DIAQUICK Troponin I Cassette, 5 pc/pack','0.00 грн.','en',NULL,NULL),(148,50,'H.Pylori test (сироватка, плазма, цільна кров), 30 шт/уп','0.00 грн.','uk',NULL,NULL),(149,50,'H.Pylori test (сироватка, плазма, цільна кров), 30 шт/уп','0.00 грн.','ru',NULL,NULL),(150,50,'DIAQUICK H. Pylori Cassette, 30 pc/pack','0.00 грн.','en',NULL,NULL),(151,51,'Д-димер, тест для швидкого визначення (цільна кров, плазма), 10 шт/уп','0.00 грн.','uk',NULL,NULL),(152,51,'Д-димер, тест для швидкого визначення (цільна кров, плазма), 10 шт/уп','0.00 грн.','ru',NULL,NULL),(153,51,'D-dimer Rapid test (Whole Blood/ Plasma), 10 pc/pack','0.00 грн.','en',NULL,NULL),(154,52,'Прокальцитонін, тест для швидкого визначення (цільна кров, сироватка, плазма)','0.00 грн.','uk',NULL,NULL),(155,52,'Прокальцитонін, тест для швидкого визначення (цільна кров, сироватка, плазма)','0.00 грн.','ru',NULL,NULL),(156,52,'PCT (Procalcitonin) Rapid test (Whole Blood/Serum/ Plasma)','0.00 грн.','en',NULL,NULL),(157,53,'C-реактивний білок (СРБ), тест-касета для швидкого напівкількісного визначення ','0.00 грн.','uk',NULL,NULL),(158,53,'C-реактивний білок (СРБ), тест-касета для швидкого напівкількісного визначення ','0.00 грн.','ru',NULL,NULL),(159,53,'CRP (C-Reactive Protein) Semi-Quantitative Rapid Test (Cassette) (Whole blood/Serum/Plasma)','0.00 грн.','en',NULL,NULL),(160,54,'Хоріонічний гонадотропін людини (ХГЛ), надчутливий тест для швидкого визначення вагітності (сеча) ','0.00 грн.','uk',NULL,NULL),(161,54,'Хоріонічний гонадотропін людини (ХГЛ), надчутливий тест для швидкого визначення вагітності (сеча) ','0.00 грн.','ru',NULL,NULL),(162,54,'HCG (Human Chorionic Gonadotropin (Pregnancy Enhanced Sensitivity Rapid Test(Urine)','0.00 грн.','en',NULL,NULL),(163,55,'H. pylori, тест для швидкого визначення антигена (кал), 25 шт/уп','0.00 грн.','uk',NULL,NULL),(164,55,'H. pylori, тест для швидкого визначення антигена (кал), 25 шт/уп','0.00 грн.','ru',NULL,NULL),(165,55,'H. pylori Antigen Rapid test (Feces), 25 pc/pack','0.00 грн.','en',NULL,NULL),(166,56,'Прихована кров в калі (FOB), тест для швидкого визначення (кал), 25 шт/уп','0.00 грн.','uk',NULL,NULL),(167,56,'Прихована кров в калі (FOB), тест для швидкого визначення (кал), 25 шт/уп','0.00 грн.','ru',NULL,NULL),(168,56,'FOB (Fecal Occult Blood) Rapid test (Feces)','0.00 грн.','en',NULL,NULL),(169,57,'Кальпротектин, тест для швидкого визначення (кал), 10 шт/уп','0.00 грн.','uk',NULL,NULL),(170,57,'Кальпротектин, тест для швидкого визначення (кал), 10 шт/уп','0.00 грн.','ru',NULL,NULL),(171,57,'Calprotectin Rapid Test (Feces)','0.00 грн.','en',NULL,NULL),(172,58,'Тест-касета для швидкого напівкількісного визначення простат-специфічного антигену ПСА, 40 шт/уп','0.00 грн.','uk',NULL,NULL),(173,58,'Тест-касета для швидкого напівкількісного визначення простат-специфічного антигену ПСА, 40 шт/уп','0.00 грн.','ru',NULL,NULL),(174,58,'PSA Rapid Test Cassette','0.00 грн.','en',NULL,NULL),(175,59,'Раковоембріональний антиген (CEA),96','0.00 грн.','uk',NULL,NULL),(176,59,'Раковоембріональний антиген (CEA),96','0.00 грн.','ru',NULL,NULL),(177,59,'Carcinoembryonic Antigen (CEA)  Test System','0.00 грн.','en',NULL,NULL),(178,60,'Набір ІФА для визначення Д-димеру','0.00 грн.','uk',NULL,NULL),(179,60,'Набір ІФА для визначення Д-димеру','0.00 грн.','ru',NULL,NULL),(180,60,'D-Dimer ELISA','0.00 грн.','en',NULL,NULL),(181,61,'17-а-ОН Прогестерон','0.00 грн.','uk',NULL,NULL),(182,61,'17-а-ОН Прогестерон','0.00 грн.','ru',NULL,NULL),(183,61,'17OH-Progesterone ELISA','0.00 грн.','en',NULL,NULL),(184,62,'17-а-ОН Прогестерон','0.00 грн.','uk',NULL,NULL),(185,62,'17-а-ОН Прогестерон','0.00 грн.','ru',NULL,NULL),(186,62,'17OH-Progesterone ELISA','0.00 грн.','en',NULL,NULL),(187,63,'Набір реагентів ПСА вільний ELISA','0.00 грн.','uk',NULL,NULL),(188,63,'Набір реагентів ПСА вільний ELISA','0.00 грн.','ru',NULL,NULL),(189,63,'PSA free ELISA','0.00 грн.','en',NULL,NULL),(190,64,'Вагітністю (з) асоцій. білок плазми (PAPP-A)','0.00 грн.','uk',NULL,NULL),(191,64,'Вагітністю (з) асоцій. білок плазми (PAPP-A)','0.00 грн.','ru',NULL,NULL),(192,64,'PAPP-A ELISA','0.00 грн.','en',NULL,NULL),(193,65,'Тестостерон вільний','0.00 грн.','uk',NULL,NULL),(194,65,'Тестостерон вільний','0.00 грн.','ru',NULL,NULL),(195,65,'Free Testosteron ELISA','0.00 грн.','en',NULL,NULL),(196,66,'Набір для визначення IgM до \nВірусу простого герпесу 1&2 типу','0.00 грн.','uk',NULL,NULL),(197,66,'Набір для визначення IgM до Вірусу простого герпесу 1&2 типу','0.00 грн.','ru',NULL,NULL),(198,66,'HSV1&2 IgM','0.00 грн.','en',NULL,NULL),(199,67,'Набір для визначення IgG до \nВірусу простого герпесу 1&2 типу','0.00 грн.','uk',NULL,NULL),(200,67,'Набір для визначення IgG до Вірусу простого герпесу 1&2 типу','0.00 грн.','ru',NULL,NULL),(201,67,'HSV1&2 IgG','0.00 грн.','en',NULL,NULL),(202,68,'Treponema pallidum, антитіла (сифіліс), 96','0.00 грн.','uk',NULL,NULL),(203,68,'Treponema pallidum, антитіла (сифіліс), 96','0.00 грн.','ru',NULL,NULL),(204,68,'Syphilis Ab One Version ULTRA, 96','0.00 грн.','en',NULL,NULL),(205,69,'Treponema pallidum, антитіла (сифіліс), 192','0.00 грн.','uk',NULL,NULL),(206,69,'Treponema pallidum, антитіла (сифіліс), 192','0.00 грн.','ru',NULL,NULL),(207,69,'Syphilis Ab One Version ULTRA,192','0.00 грн.','en',NULL,NULL),(208,70,'Набір для визначення  IgG до Парвовірусу B19','0.00 грн.','uk',NULL,NULL),(209,70,'Набір для визначення  IgG до Парвовірусу B19','0.00 грн.','ru',NULL,NULL),(210,70,'Parvovirus B19 IgG','0.00 грн.','en',NULL,NULL),(211,71,'Набір для визначення IgM до Парвовірусу B19','0.00 грн.','uk',NULL,NULL),(212,71,'Набір для визначення IgM до Парвовірусу B19','0.00 грн.','ru',NULL,NULL),(213,71,'Parvovirus B19 IgM','0.00 грн.','en',NULL,NULL),(214,72,'Набір для визначення IgG до Капсидного антигену\nЕпштейн-Барр вірусу','0.00 грн.','uk',NULL,NULL),(215,72,'Набір для визначення IgG до Капсидного антигену Епштейн-Барр вірусу','0.00 грн.','ru',NULL,NULL),(216,72,'VCA IgG','0.00 грн.','en',NULL,NULL),(217,73,'Набір для визначення IgM до Капсидного антигену\nЕпштейн-Барр вірусу','0.00 грн.','uk',NULL,NULL),(218,73,'Набір для визначення IgM до Капсидного антигену Епштейн-Барр вірусу','0.00 грн.','ru',NULL,NULL),(219,73,'VCA IgM','0.00 грн.','en',NULL,NULL),(220,74,'Набір для визначення IgG до Ядерного антигену Епштейн-Барр вірусу','0.00 грн.','uk',NULL,NULL),(221,74,'Набір для визначення IgG до Ядерного антигену Епштейн-Барр вірусу','0.00 грн.','ru',NULL,NULL),(222,74,'EBNA IgG','0.00 грн.','en',NULL,NULL),(223,75,'Набір для визначення IgM до Ядерного антигену Епштейн-Барр вірусу','0.00 грн.','uk',NULL,NULL),(224,75,'Набір для визначення IgM до Ядерного антигену Епштейн-Барр вірусу','0.00 грн.','ru',NULL,NULL),(225,75,'EBNA IgM','0.00 грн.','en',NULL,NULL),(226,76,'Цитомегаловірус, IgG','0.00 грн.','uk',NULL,NULL),(227,76,'Цитомегаловірус, IgG','0.00 грн.','ru',NULL,NULL),(228,76,'CMV IgG','0.00 грн.','en',NULL,NULL),(229,77,'Токсоплазма, IgM','0.00 грн.','uk',NULL,NULL),(230,77,'Токсоплазма, IgM','0.00 грн.','ru',NULL,NULL),(231,77,'Toxo IgM','0.00 грн.','en',NULL,NULL),(232,78,'Токсоплазма, IgG','0.00 грн.','uk',NULL,NULL),(233,78,'Токсоплазма, IgG','0.00 грн.','ru',NULL,NULL),(234,78,'Toxo IgG','0.00 грн.','en',NULL,NULL),(235,79,'Гепатит B, антитіла до HBs','0.00 грн.','uk',NULL,NULL),(236,79,'Гепатит B, антитіла до HBs','0.00 грн.','ru',NULL,NULL),(237,79,'HBs Ab','0.00 грн.','en',NULL,NULL),(238,80,'Краснуха, IgG','0.00 грн.','uk',NULL,NULL),(239,80,'Краснуха, IgG','0.00 грн.','ru',NULL,NULL),(240,80,'Rub IgG','0.00 грн.','en',NULL,NULL),(241,81,'Краснуха, IgM','0.00 грн.','uk',NULL,NULL),(242,81,'Краснуха, IgM','0.00 грн.','ru',NULL,NULL),(243,81,'Rub IgM','0.00 грн.','en',NULL,NULL),(244,82,'Гепатит B, антитіла до HBc','0.00 грн.','uk',NULL,NULL),(245,82,'Гепатит B, антитіла до HBc','0.00 грн.','ru',NULL,NULL),(246,82,'HBc Ab','0.00 грн.','en',NULL,NULL),(247,83,'ВІЛ, антитіла/антиген','0.00 грн.','uk',NULL,NULL),(248,83,'ВІЛ, антитіла/антиген','0.00 грн.','ru',NULL,NULL),(249,83,'HIV Ab&Ag','0.00 грн.','en',NULL,NULL),(250,84,'Т-лімфотропний вірус людини HTLV I&II, антитіла','0.00 грн.','uk',NULL,NULL),(251,84,'Т-лімфотропний вірус людини HTLV I&II, антитіла','0.00 грн.','ru',NULL,NULL),(252,84,'HTLV I&II Ab Version ULTRA','0.00 грн.','en',NULL,NULL),(253,85,'Набір ІФА для визначення антитіл Anti-SARS-CoV-2 IgG','0.00 грн.','uk',NULL,NULL),(254,85,'Набір ІФА для визначення антитіл Anti-SARS-CoV-2 IgG','0.00 грн.','ru',NULL,NULL),(255,85,'Anti-SARS-CoV-2 IgG ELISA','0.00 грн.','en',NULL,NULL),(256,86,'Набір ІФА для визначення антитіл Anti-SARS-CoV-2 IgG','0.00 грн.','uk',NULL,NULL),(257,86,'Набір ІФА для визначення антитіл Anti-SARS-CoV-2 IgG','0.00 грн.','ru',NULL,NULL),(258,86,'Anti-SARS-CoV-2 IgG ELISA','0.00 грн.','en',NULL,NULL),(259,87,'Набір ІФА для визначення антитіл Anti-SARS-CoV-2 IgG','0.00 грн.','uk',NULL,NULL),(260,87,'Набір ІФА для визначення антитіл Anti-SARS-CoV-2 IgG','0.00 грн.','ru',NULL,NULL),(261,87,'Anti-SARS-CoV-2 IgG ELISA','0.00 грн.','en',NULL,NULL),(262,88,'Набір ІФА для визначення антитіл Anti-SARS-CoV-2 IgM','0.00 грн.','uk',NULL,NULL),(263,88,'Набір ІФА для визначення антитіл Anti-SARS-CoV-2 IgM','0.00 грн.','ru',NULL,NULL),(264,88,'Anti-SARS-CoV-2 IgM ELISA','0.00 грн.','en',NULL,NULL),(265,89,'Набір ІФА для визначення антитіл Anti-SARS-CoV-2 IgM','0.00 грн.','uk',NULL,NULL),(266,89,'Набір ІФА для визначення антитіл Anti-SARS-CoV-2 IgM','0.00 грн.','ru',NULL,NULL),(267,89,'Anti-SARS-CoV-2 IgM ELISA','0.00 грн.','en',NULL,NULL),(268,90,'Пробірка з активатором згортання (Червона), \n13х100 мм, 6 мл, 100 шт/уп','0.00 грн.','uk',NULL,NULL),(269,90,'Пробірка з активатором згортання (Червона), 13х100 мм, 6 мл, 100 шт/уп','0.00 грн.','ru',NULL,NULL),(270,90,'Clot Activator Tube (Red), 6 ml','0.00 грн.','en',NULL,NULL),(271,91,'Пробірка з K3 ЕДТА (лавандова), 13х75 мм, 1 мл, 100 шт/уп','0.00 грн.','uk',NULL,NULL),(272,91,'Пробірка з K3 ЕДТА (лавандова), 13х75 мм, 1 мл, 100 шт/уп','0.00 грн.','ru',NULL,NULL),(273,91,'EDTA K3 Tube (Lavender), 1 ml','0.00 грн.','en',NULL,NULL),(274,92,'Пробірка з K3 ЕДТА (лавандова), 13х75 мм, 2 мл, 100 шт/уп','0.00 грн.','uk',NULL,NULL),(275,92,'Пробірка з K3 ЕДТА (лавандова), 13х75 мм, 2 мл, 100 шт/уп','0.00 грн.','ru',NULL,NULL),(276,92,'EDTA K3 Tube (Lavender), 2 ml','0.00 грн.','en',NULL,NULL),(277,93,'Пробірка з K3 ЕДТА (лавандова), 13х75 мм, 3 мл, 100 шт/уп','0.00 грн.','uk',NULL,NULL),(278,93,'Пробірка з K3 ЕДТА (лавандова), 13х75 мм, 3 мл, 100 шт/уп','0.00 грн.','ru',NULL,NULL),(279,93,'EDTA K3 Tube (Lavender), 3 ml','0.00 грн.','en',NULL,NULL),(280,94,'Пробірка з K3 ЕДТА (лавандова), 13х75 мм, 4 мл, 100 шт/уп','0.00 грн.','uk',NULL,NULL),(281,94,'Пробірка з K3 ЕДТА (лавандова), 13х75 мм, 4 мл, 100 шт/уп','0.00 грн.','ru',NULL,NULL),(282,94,'EDTA K3 Tube (Lavender), 4 ml','0.00 грн.','en',NULL,NULL),(283,95,'Пробірка з K3 ЕДТА (лавандова), 10х44 мм, 0,5 мл, 50 шт/уп','0.00 грн.','uk',NULL,NULL),(284,95,'Пробірка з K3 ЕДТА (лавандова), 10х44 мм, 0,5 мл, 50 шт/уп','0.00 грн.','ru',NULL,NULL),(285,95,'EDTA K3 Tube (Lavender), 0.5 ml','0.00 грн.','en',NULL,NULL),(286,96,'Пробірка з K2 ЕДТА (лавандова), 10х44 мм, 0,25 мл, 50 шт/уп','0.00 грн.','uk',NULL,NULL),(287,96,'Пробірка з K2 ЕДТА (лавандова), 10х44 мм, 0,25 мл, 50 шт/уп','0.00 грн.','ru',NULL,NULL),(288,96,'EDTA K2 Tube (Lavender), 0,25 ml','0.00 грн.','en',NULL,NULL),(289,97,'Пробірка з K2 ЕДТА (лавандова), 10х44 мм, 0,5 мл, 50 шт/уп','0.00 грн.','uk',NULL,NULL),(290,97,'Пробірка з K2 ЕДТА (лавандова), 10х44 мм, 0,5 мл, 50 шт/уп','0.00 грн.','ru',NULL,NULL),(291,97,'EDTA K2 Tube (Lavender), 0,5 ml','0.00 грн.','en',NULL,NULL),(292,98,'Пробірка з капіляром, з К3 ЕДТА (лавандова), 8х44 мм, 0,2 мл, 40 шт/уп','0.00 грн.','uk',NULL,NULL),(293,98,'Пробірка з капіляром, з К3 ЕДТА (лавандова), 8х44 мм, 0,2 мл, 40 шт/уп','0.00 грн.','ru',NULL,NULL),(294,98,'EDTA K3 Tube (Lavender), 0,2 ml','0.00 грн.','en',NULL,NULL),(295,99,'Пробірка з капіляром, з К3 ЕДТА (лавандова), 8х44 мм, 0,25 мл, 40 шт/уп','0.00 грн.','uk',NULL,NULL),(296,99,'Пробірка з капіляром, з К3 ЕДТА (лавандова), 8х44 мм, 0,25 мл, 40 шт/уп','0.00 грн.','ru',NULL,NULL),(297,99,'EDTA K3 Tube (Lavender), 0,25 ml','0.00 грн.','en',NULL,NULL),(298,100,'Пробірка з капіляром, з К3 ЕДТА (лавандова), 8х44 мм, 0,5 мл, 40 шт/уп','0.00 грн.','uk',NULL,NULL),(299,100,'Пробірка з капіляром, з К3 ЕДТА (лавандова), 8х44 мм, 0,5 мл, 40 шт/уп','0.00 грн.','ru',NULL,NULL),(300,100,'EDTA K3 Tube (Lavender), 0,5 ml','0.00 грн.','en',NULL,NULL),(301,101,'Пробірка з активатором згортання (червона), 13х75 мм, 5 мл, 100 шт/уп','0.00 грн.','uk',NULL,NULL),(302,101,'Пробірка з активатором згортання (червона), 13х75 мм, 5 мл, 100 шт/уп','0.00 грн.','ru',NULL,NULL),(303,101,'Clot Activator Tube (Red), 5 ml','0.00 грн.','en',NULL,NULL),(304,102,'Пробірка з гелем та активатором згортання (жовта), 13х100 мм, 5 мл, 100 шт/уп','0.00 грн.','uk',NULL,NULL),(305,102,'Пробірка з гелем та активатором згортання (жовта), 13х100 мм, 5 мл, 100 шт/уп','0.00 грн.','ru',NULL,NULL),(306,102,'Gel & Clot Activator Tube (Yellow), 5 ml','0.00 грн.','en',NULL,NULL),(307,103,'Пробірка з K2 ЕДТА (лавандова), 13х75 мм, 4 мл, 100 шт/уп','0.00 грн.','uk',NULL,NULL),(308,103,'Пробірка з K2 ЕДТА (лавандова), 13х75 мм, 4 мл, 100 шт/уп','0.00 грн.','ru',NULL,NULL),(309,103,'EDTA K2 Tube (Lavender), 4 ml','0.00 грн.','en',NULL,NULL),(310,104,'Пробірка з K2 ЕДТА (лавандова), 13х75 мм, 2 мл, 100 шт/уп','0.00 грн.','uk',NULL,NULL),(311,104,'Пробірка з K2 ЕДТА (лавандова), 13х75 мм, 2 мл, 100 шт/уп','0.00 грн.','ru',NULL,NULL),(312,104,'EDTA K2 Tube (Lavender), 2 ml','0.00 грн.','en',NULL,NULL),(313,105,'Пробірка для глюкози (сіра): фторид натрію + гепарин натрію, 13х75 мм, 2 мл, 100 шт/уп','0.00 грн.','uk',NULL,NULL),(314,105,'Пробірка для глюкози (сіра): фторид натрію + гепарин натрію, 13х75 мм, 2 мл, 100 шт/уп','0.00 грн.','ru',NULL,NULL),(315,105,'Glucose Tube (Grey) Sodium Fluoride + Sodium Heparin','0.00 грн.','en',NULL,NULL),(316,106,'Мікрокювети з мішалкою (COA1, COA2, COA4), 500 шт/уп','0.00 грн.','uk',NULL,NULL),(317,106,'Мікрокювети з мішалкою (COA1, COA2, COA4), 500 шт/уп','0.00 грн.','ru',NULL,NULL),(318,106,'Micro Cuvettes in plastic bag (COA1, COA2, COA4)','0.00 грн.','en',NULL,NULL),(319,107,'Натрій хлористий, кг','0.00 грн.','uk',NULL,NULL),(320,107,'Натрій хлористий, кг','0.00 грн.','ru',NULL,NULL),(321,107,'Sodium chloride, kg','0.00 грн.','en',NULL,NULL),(322,108,'Сечовина чда, Україна','0.00 грн.','uk',NULL,NULL),(323,108,'Сечовина чда, Україна','0.00 грн.','ru',NULL,NULL),(324,108,'Urea chda, Ukraine','0.00 грн.','en',NULL,NULL),(325,109,'Голка чорна 0,7х38 мм, G22','0.00 грн.','uk',NULL,NULL),(326,109,'Голка чорна 0,7х38 мм, G22','0.00 грн.','ru',NULL,NULL),(327,109,'Black needle 0.7x38 mm, G22','0.00 грн.','en',NULL,NULL),(328,110,'Тримач стандартний, прозорий №100','0.00 грн.','uk',NULL,NULL),(329,110,'Тримач стандартний, прозорий №100','0.00 грн.','ru',NULL,NULL),(330,110,'Holder standard, transparent No. 100','0.00 грн.','en',NULL,NULL),(331,111,'Фарба Романовського, Сімко','0.00 грн.','uk',NULL,NULL),(332,111,'Фарба Романовського, Сімко','0.00 грн.','ru',NULL,NULL),(333,111,'Romanovsky paint, Simko','0.00 грн.','en',NULL,NULL);

--
-- Table structure for table `action_translation2`
--

CREATE TABLE `action_translation2` (
  `id` int(11) NOT NULL AUTO_INCREMENT,
  `translatable_id` int(11) DEFAULT NULL,
  `title` varchar(255) COLLATE utf8_unicode_ci NOT NULL,
  `note` longtext COLLATE utf8_unicode_ci DEFAULT NULL,
  `locale` varchar(255) COLLATE utf8_unicode_ci NOT NULL,
  `metakeywords` varchar(255) COLLATE utf8_unicode_ci DEFAULT NULL,
  `metadescription` varchar(255) COLLATE utf8_unicode_ci DEFAULT NULL,
  PRIMARY KEY (`id`),
  UNIQUE KEY `UNIQ_CFBBCCAB2C2AC5D34180C698` (`translatable_id`,`locale`),
  KEY `IDX_CFBBCCAB2C2AC5D3` (`translatable_id`),
  CONSTRAINT `FK_CFBBCCAB2C2AC5D3` FOREIGN KEY (`translatable_id`) REFERENCES `action2` (`id`) ON DELETE CASCADE
) ENGINE=InnoDB AUTO_INCREMENT=3862 DEFAULT CHARSET=utf8 COLLATE=utf8_unicode_ci;

--
-- Dumping data for table `action_translation2`
--

INSERT INTO `action_translation2` VALUES (3685,1230,'Глюкоза 30 (зі стандартом)','7,80 €','uk',NULL,NULL),(3686,1230,'Глюкоза 30 (со стандартом)','7,80 €','ru',NULL,NULL),(3687,1230,'Liquick Cor-GLUCOSE 30','7,80 €','en',NULL,NULL),(3688,1231,'Імідазольний буфер','10,90 €','uk',NULL,NULL),(3689,1231,'Имидазольный буфер','10,90 €','ru',NULL,NULL),(3690,1231,'Imidazole buffered saline','10,90 €','en',NULL,NULL),(3691,1232,'Антистрептолізин-О калібратор','113,33 €','uk',NULL,NULL),(3692,1232,'Антистрептолизин-О калибратор','113,33 €','ru',NULL,NULL),(3693,1232,'CORMAY ASO CALIBRATOR','113,33 €','en',NULL,NULL),(3694,1233,'Глюкоза ПРЕСТИЖ 24i','10,75 €','uk',NULL,NULL),(3695,1233,'Глюкоза ПРЕСТИЖ 24i','10,75 €','ru',NULL,NULL),(3696,1233,'PRESTIGE 24i LQ GLUCOSE','10,75 €','en',NULL,NULL),(3697,1234,'Холестерин ПРЕСТИЖ 24i','12,50 €','uk',NULL,NULL),(3698,1234,'Холестерин ПРЕСТИЖ 24i','12,50 €','ru',NULL,NULL),(3699,1234,'PRESTIGE 24i LQ CHOL','12,50 €','en',NULL,NULL),(3700,1235,'Тригліцериди ПРЕСТИЖ 24i','27,50 €','uk',NULL,NULL),(3701,1235,'Триглицериды ПРЕСТИЖ 24i','27,50 €','ru',NULL,NULL),(3702,1235,'PRESTIGE 24i LQ TG','27,50 €','en',NULL,NULL),(3703,1236,'Сечова смужка 2 (глюкоза, кетони)','2,07 €','uk',NULL,NULL),(3704,1236,'Urine Strip 9 (уробилиноген, глюкоза, билирубин, кетоны, удельный вес, кровь, pH, белок, нитриты)','2,07 €','ru',NULL,NULL),(3705,1236,'Urine Strip 9 (urobilinogen, glucose, bilirubin, ketones, specific gravity, blood, pH, protein, nitrites)','2,07 €','en',NULL,NULL),(3706,1237,'Барбітурати (BAR)','0,37 €','uk',NULL,NULL),(3707,1237,'Барбитураты (BAR)','0,37 €','ru',NULL,NULL),(3708,1237,'BAR-DIPSTICK','0,37 €','en',NULL,NULL),(3709,1238,'Хелікобактер пілорі (в калі)','1,60 €','uk',NULL,NULL),(3710,1238,'Хеликобактер пилори (стул)','1,60 €','ru',NULL,NULL),(3711,1238,'H.PYLORI STOOL CASSETTE','1,60 €','en',NULL,NULL),(3712,1239,'Імуноглобулін M (ІgM)','54,93 €','uk',NULL,NULL),(3713,1239,'ИгM','54,93 €','ru',NULL,NULL),(3714,1239,'IgM','54,93 €','en',NULL,NULL),(3715,1240,'Мультикалібратор Diacal Auto','10,33 €','uk',NULL,NULL),(3716,1240,'Мультикалибратор Diacal Auto','10,33 €','ru',NULL,NULL),(3717,1240,'Diacal Auto (Ass.Cal.Ser.)','10,33 €','en',NULL,NULL),(3718,1241,'Глікогемоглобін прямий','398,47 €','uk',NULL,NULL),(3719,1241,'Гликогемоглобин прямой','398,47 €','ru',NULL,NULL),(3720,1241,'HbA1c Direct','398,47 €','en',NULL,NULL),(3721,1242,'Хелікобактер пілорі (в калі)','41,47 €','uk',NULL,NULL),(3722,1242,'Хеликобактер пилори (стул)','41,47 €','ru',NULL,NULL),(3723,1242,'H.PYLORI STOOL CASSETTE','41,47 €','en',NULL,NULL),(3724,1243,'Кардіомаркери (міоглобін, CK-MB і серцевий тропонін І (cTnI))','5,33 €','uk',NULL,NULL),(3725,1243,'Кардиомаркеры (Мгл, СК-МВ, тропонин)','5,33 €','ru',NULL,NULL),(3726,1243,'CARDIAC COMBO CASSETTE','5,33 €','en',NULL,NULL),(3727,1244,'Калібраційна плазма Dia-Cal (для показників ПЧ, Фібриноген, АТ ІІІ)','4,08 €','uk',NULL,NULL),(3728,1244,'Калибровочные плазмы Dia-Cal (для показателей ПЧ, Фибриноген, АО iii)','4,08 €','ru',NULL,NULL),(3729,1244,'Dia-Cal','4,08 €','en',NULL,NULL),(3730,1245,'Реагент для промивання Dia-SORB','23,30 €','uk',NULL,NULL),(3731,1245,'гіпохлоридний розчин призначений для щоденного промивання коагулометрів','23,30 €','ru',NULL,NULL),(3732,1245,'Dia-SORB','23,30 €','en',NULL,NULL),(3733,1246,'Контроль гематологічний Diacon 5 (низький-норма-високий)','20,01 €','uk',NULL,NULL),(3734,1246,'Контроль гематологический  Diacon 5 (низкий-норма-высокий)','20,01 €','ru',NULL,NULL),(3735,1246,'Diacon 5 Hematology Control (L-N-H)','20,01 €','en',NULL,NULL),(3736,1247,'А/т до двоспіральної ДНК (dsDNA), IgG','24,40 €','uk',NULL,NULL),(3737,1247,'А/т к двуспиральной ДНК (dsDNA), IgG','24,40 €','ru',NULL,NULL),(3738,1247,'Anti-dsDNA IgG','24,40 €','en',NULL,NULL),(3739,1248,'А/т до двоспіральної ДНК (dsDNA), check','76,33 €','uk',NULL,NULL),(3740,1248,'А/т к двуспиральной ДНК (dsDNA), check','76,33 €','ru',NULL,NULL),(3741,1248,'dsDNA-Check','76,33 €','en',NULL,NULL),(3790,1265,'Тироксин (T4)','8,90 $','uk',NULL,NULL),(3791,1265,'Тироксин (T4)','8,90 $','ru',NULL,NULL),(3792,1265,'T4','8,90 $','en',NULL,NULL),(3793,1266,'Кортизол','15,50 $','uk',NULL,NULL),(3794,1266,'Кортизол','15,50 $','ru',NULL,NULL),(3795,1266,'Cortisol','15,50 $','en',NULL,NULL),(3796,1267,'Вітамін D (25-OH-)','76,50 $','uk',NULL,NULL),(3797,1267,'Витамин D (25-OH-)','76,50 $','ru',NULL,NULL),(3798,1267,'Vitamin D (25-OH-)','76,50 $','en',NULL,NULL),(3799,1268,'Тестостерон вільний','170,00 $','uk',NULL,NULL),(3800,1268,'Тестостерон свободный','170,00 $','ru',NULL,NULL),(3801,1268,'Testosterone Free','170,00 $','en',NULL,NULL),(3802,1269,'Пролактин','100,67 $','uk',NULL,NULL),(3803,1269,'Пролактин','100,67 $','ru',NULL,NULL),(3804,1269,'Prolactin','100,67 $','en',NULL,NULL),(3805,1270,'Хоріонічний гонадотропін (HCG)','94 $','uk',NULL,NULL),(3806,1270,'Хорионический гонадотропин (HCG)','94 $','ru',NULL,NULL),(3807,1270,'hCG','94 $','en',NULL,NULL),(3808,1271,'Хоріонічний гонадотропін (HCG)','10,50 €','uk',NULL,NULL),(3809,1271,'Хорионический гонадотропин (HCG)','10,50 €','ru',NULL,NULL),(3810,1271,'hCG-XR','10,50 €','en',NULL,NULL),(3811,1272,'Тестостерон','96,67 €','uk',NULL,NULL),(3812,1272,'Тестостерон','96,67 €','ru',NULL,NULL),(3813,1272,'Testosterone','96,67 €','en',NULL,NULL),(3814,1273,'Вагітністю (з) асоцій. білок плазми (PAPP-A)','132,67 €','uk',NULL,NULL),(3815,1273,'Беременностью (с) асоц. белок плазмы (PAPP-A)','132,67 €','ru',NULL,NULL),(3816,1273,'PAPP-A','132,67 €','en',NULL,NULL),(3817,1274,'Хоріонічний гонадотропін (HCG)','70 €','uk',NULL,NULL),(3818,1274,'Хорионический гонадотропин (HCG)','70 €','ru',NULL,NULL),(3819,1274,'hCG-XR','70 €','en',NULL,NULL),(3820,1275,'Трийодтиронін','11,20 €','uk',NULL,NULL),(3821,1275,'Трийодтиронин','11,20 €','ru',NULL,NULL),(3822,1275,'T3','11,20 €','en',NULL,NULL),(3823,1276,'Трийодтиронін вільний','37,33 €','uk',NULL,NULL),(3824,1276,'Трийодтиронин свободный','37,33 €','ru',NULL,NULL),(3825,1276,'FT3','37,33 €','en',NULL,NULL),(3826,1277,'Прогестерон','57,00 €','uk',NULL,NULL),(3827,1277,'Прогестерон','57,00 €','ru',NULL,NULL),(3828,1277,'Progesterone (PRG)','57,00 €','en',NULL,NULL),(3829,1278,'Промиваючий розчин','71,00 €','uk',NULL,NULL),(3830,1278,'Промывающий раствор','71,00 €','ru',NULL,NULL),(3831,1278,'System Tubing Cleaning Solution','71,00 €','en',NULL,NULL),(3832,1279,'А/т до тиреоглобуліну','134,00 €','uk',NULL,NULL),(3833,1279,'А/т к тиреоглобулину','134,00 €','ru',NULL,NULL),(3834,1279,'TGA','134,00 €','en',NULL,NULL),(3835,1280,'Гепатит B поверхневий антитіла (HBs Ab)','76,00 €','uk',NULL,NULL),(3836,1280,'Гепатит B поверхностный антитела (HBs Ab)','76,00 €','ru',NULL,NULL),(3837,1280,'anti-HBs','76,00 €','en',NULL,NULL),(3838,1281,'Суміш кристалічних солей','20,87 $','uk',NULL,NULL),(3839,1281,'Смесь кристаллических солей','20,87 $','ru',NULL,NULL),(3840,1281,'Compound crystaline salts','20,87 $','en',NULL,NULL),(3841,1282,'Білок HE4','80,00 €','uk',NULL,NULL),(3842,1282,'белок HE4','80,00 €','ru',NULL,NULL),(3843,1282,'HE4 protein','80,00 €','en',NULL,NULL),(3844,1283,'цитрат Na 3,8%','1,61 €','uk',NULL,NULL),(3845,1283,'цитрат Na 3,8%','1,61 €','ru',NULL,NULL),(3846,1283,'citrate Na 3,8%','1,61 €','en',NULL,NULL),(3847,1284,'Азур-Еозин по Романовському з буфером','86,33 грн.','uk',NULL,NULL),(3848,1284,'Азур-Эозин по Романовскому с буфером','86,33 грн.','ru',NULL,NULL),(3849,1284,'Azur-Eosin according to Romanovsky with a buffer','86,33 грн.','en',NULL,NULL),(3850,1285,'Філісіт-СКВ (контроль відтворюваності, ліофільна форма)','30,96 грн.','uk',NULL,NULL),(3851,1285,'Филисит-СКВ (контроль воспроизводимости, лиофильная форма)','30,96 грн.','ru',NULL,NULL),(3852,1285,'Filisit-SLE (reproducibility control, freeze form)','30,96 грн.','en',NULL,NULL),(3853,1286,'Швидкий тест для виявлення антитіл до сифілісу (колоїдне золото), цільна кров / сироватка / плазма, КОМР','18,50 грн.','uk',NULL,NULL),(3854,1286,'Быстрый тест для выявления антител к сифилису (коллоидное золото), цельная кровь / сыворотка / плазма, КОМР','18,50 грн.','ru',NULL,NULL),(3855,1286,'Rapid test for detection of antibodies to syphilis (colloidal gold), whole blood / serum / plasma, COMR','18,50 грн.','en',NULL,NULL),(3856,1287,'цитрат Na 3,8%','217,02 грн.','uk',NULL,NULL),(3857,1287,'цитрат Na 3,8%','217,02 грн.','ru',NULL,NULL),(3858,1287,'citrate Na 3,8%','217,02 грн.','en',NULL,NULL),(3859,1288,'Еозин по Май-Грюнвальду','113,33 грн.','uk',NULL,NULL),(3860,1288,'Эозин по Май-Грюнвальду','113,33 грн.','ru',NULL,NULL),(3861,1288,'Eosin by Mai Grunwald','113,33 грн.','en',NULL,NULL);

--
-- Table structure for table `articles`
--

CREATE TABLE `articles` (
  `id` int(11) NOT NULL AUTO_INCREMENT,
  `photo_first` varchar(255) COLLATE utf8_unicode_ci DEFAULT NULL,
  `slug` varchar(55) COLLATE utf8_unicode_ci NOT NULL,
  `createdAt` datetime DEFAULT NULL,
  `updatedAt` datetime DEFAULT NULL,
  `photo_second` varchar(255) COLLATE utf8_unicode_ci DEFAULT NULL,
  `photo_third` varchar(255) COLLATE utf8_unicode_ci DEFAULT NULL,
  PRIMARY KEY (`id`)
) ENGINE=InnoDB AUTO_INCREMENT=9 DEFAULT CHARSET=utf8 COLLATE=utf8_unicode_ci;

--
-- Dumping data for table `articles`
--

INSERT INTO `articles` VALUES (1,'5b6408fee5e37.jpg','','2018-08-02 19:28:06','2018-08-03 07:49:18',NULL,NULL),(2,'5b7e65e7d8554.jpg','','2018-08-23 07:44:39','2018-08-23 07:44:39',NULL,NULL),(3,'5c07cb157c255.jpg','','2018-12-05 12:56:53','2018-12-05 12:56:53',NULL,NULL),(4,'5c1b63344dab6.jpg','','2018-12-05 14:07:25','2018-12-20 09:39:00',NULL,NULL),(5,'5c07dddbb8efe.jpg','','2018-12-05 14:16:59','2018-12-05 14:16:59',NULL,NULL),(7,'5c62c7c94f4fc.jpg','','2019-02-12 13:19:05','2019-02-12 13:19:05',NULL,NULL),(8,'5ca275d94cb18.jpg','','2019-04-01 20:34:33','2019-04-01 20:34:33',NULL,NULL);

--
-- Table structure for table `articles_gallery`
--

CREATE TABLE `articles_gallery` (
  `id` int(11) NOT NULL AUTO_INCREMENT,
  `articles_id` int(11) DEFAULT NULL,
  `imageName` varchar(255) COLLATE utf8_unicode_ci NOT NULL,
  `name` varchar(255) COLLATE utf8_unicode_ci DEFAULT NULL,
  PRIMARY KEY (`id`),
  KEY `IDX_10CF64DCB5A459A1` (`articles_id`),
  CONSTRAINT `FK_10CF64DCB5A459A1` FOREIGN KEY (`articles_id`) REFERENCES `articles` (`id`) ON DELETE CASCADE
) ENGINE=InnoDB DEFAULT CHARSET=utf8 COLLATE=utf8_unicode_ci;

--
-- Dumping data for table `articles_gallery`
--


--
-- Table structure for table `articles_translation`
--

CREATE TABLE `articles_translation` (
  `id` int(11) NOT NULL AUTO_INCREMENT,
  `translatable_id` int(11) DEFAULT NULL,
  `title` varchar(255) COLLATE utf8_unicode_ci DEFAULT NULL,
  `description` longtext COLLATE utf8_unicode_ci DEFAULT NULL,
  `locale` varchar(255) COLLATE utf8_unicode_ci NOT NULL,
  `short` longtext COLLATE utf8_unicode_ci DEFAULT NULL,
  `metakeywords` varchar(255) COLLATE utf8_unicode_ci DEFAULT NULL,
  `metadescription` varchar(255) COLLATE utf8_unicode_ci DEFAULT NULL,
  PRIMARY KEY (`id`),
  UNIQUE KEY `UNIQ_9D5CF3202C2AC5D34180C698` (`translatable_id`,`locale`),
  KEY `IDX_9D5CF3202C2AC5D4` (`translatable_id`)
) ENGINE=InnoDB AUTO_INCREMENT=25 DEFAULT CHARSET=utf8 COLLATE=utf8_unicode_ci;

--
-- Dumping data for table `articles_translation`
--

INSERT INTO `articles_translation` VALUES (1,1,'Медичне обладнання виробництва Cormay, Польща','<p>PZ CORMAY S.A. - найбільший польський виробник реагентів і діагностичного медичного обладнання. Продукцію компанії купують більше 30 країн світу, в тому числі держави Західної Європи та Азії, а також Україна. Компанія PZ CORMAY S.A. більше 30 років займається виготовленням якісних і недорогих реагентів для біохімічних, імунотурбідиметричних досліджень, гематології, а також поставляє устаткування різного профілю для лабораторної діагностики.</p>\r\n\r\n<p><span style=\"font-size:18px\"><strong>Каталог обладнання Cormay включає:</strong></span></p>\r\n\r\n<p><a href=\"/uk/product/category/7\">Біохімічні аналізатори</a>&nbsp;- лабораторні прилади, важливість яких важко переоцінити. Представлені автоматичними і напівавтоматичними моделями.</p>\r\n\r\n<p>Серія ACCENT включає повністю автоматизовані апарати з прямою фотометрією. Компактні і зручні, ці аналізатори мають високу продуктивність і дуже затребувані в лабораторіях середніх розмірів. Моделі ACCENT-200 і ACCENT-220S обробляють 200-220 зразків/год.</p>\r\n\r\n<p>Напівавтоматичний біохімічний аналізатор Multi + - раціональне, недороге і просте в управлінні рішення для невеликих і середніх клінік.</p>\r\n\r\n<p><strong>Аналізатор електролітів CorLyte</strong></p>\r\n\r\n<p>Це невеликий і зручний в користуванні <a href=\"/uk/product/74\">апарат</a>, який вимірює рівень електролітів в біологічних рідинах: крові, сироватці, плазмі та сечі. Продуктивність пристрою - 60 зразків/год.</p>\r\n\r\n<p><span style=\"font-size:18px\"><strong>Переваги лабораторного обладнання виробництва PZ CORMAY S.A.</strong></span></p>\r\n\r\n<ul>\r\n	<li>\r\n	<p>якість: вся апаратура пройшла строгий контроль, відповідає всім санітарно-хімічним, фізичним і механічним нормам, абсолютно нешкідлива;</p>\r\n	</li>\r\n	<li>\r\n	<p>практичність: продукція компанії є однією з кращих на ринку за співвідношенням ціна/якість;</p>\r\n	</li>\r\n	<li>\r\n	<p>різноманітність: асортимент продукції дозволяє підібрати моделі як для маленьких клінік, так і для великих медичних центрів.</p>\r\n	</li>\r\n</ul>\r\n\r\n<p><img alt=\"Аналізатор електролітів CorLyte\" src=\"https://diameb.ua/uploads/editor/articles/cormay%201.jpg\" style=\"height:200px; margin-left:3px; margin-right:3px; width:313px\" /><img alt=\"Аналізатор електролітів CorLyte\" src=\"https://diameb.ua/uploads/editor/articles/cormay%202.jpg\" style=\"height:200px; margin-left:3px; margin-right:3px; width:200px\" /><img alt=\"Аналізатор електролітів CorLyte\" src=\"https://diameb.ua/uploads/editor/articles/cormay%203.jpg\" style=\"height:200px; margin-left:3px; margin-right:3px; width:200px\" /></p>\r\n\r\n<p><em><strong>Компанія &laquo;ДІАМЕБ Трейд&raquo; - надійний постачальник кращого діагностичного обладнання.</strong></em></p>\r\n\r\n<p>Наша компанія пропонує біохімічні аналізатори ТМ Cormay. Лідерами продажів є автоматичні апарати ACCENT-200 і ACCENT-220S, а також напівавтоматичний прилад Multi+. Ми рекомендуємо автоматичні аналізатори лабораторіям з великою пропускною здатністю, наприклад, метацентрам широкого профілю. Ці апарати коштують дорожче, але вони більш ефективні і не потребують постійної присутності оператора.</p>\r\n\r\n<p>Крім того, наші клієнти гідно оцінили переваги <a href=\"/uk/product/category/7\">аналізатора електролітів CorLyte</a>. Він показує дуже точні результати при мінімальному заборі крові, відрізняється компактністю і економією коштів.</p>\r\n\r\n<p>Наші представники, які знаходяться у великих обласних центрах, завжди готові проконсультувати і допомогти вибрати оптимальний варіант обладнання. А наявність сервісних інженерів в Києві, Івано-Франківську та Дніпрі дозволяє забезпечити оперативне і якісне обслуговування та ремонт приладів.</p>\r\n\r\n<p>Доставку ми робимо в усі міста України, &laquo;Новою Поштою&raquo; або будь-якою іншою кур&#39;єрською службою.</p>','uk','PZ CORMAY S.A. - найбільший польський виробник реагентів і діагностичного медичного обладнання.','asdfasdf','asdfasdf'),(2,1,'Медицинское оборудование производства Cormay, Польша','<p>PZ CORMAY S.A. &ndash; крупнейший польский производитель реагентов и диагностического медицинского оборудования. Продукцию компании покупают более 30 стран мира, в том числе государства Западной Европы и Азии, а также Украина. Компания PZ CORMAY S.A. более 30 лет занимается изготовлением качественных и недорогих реагентов для биохимических, иммунотурбидиметрических исследований, гематологии, а также поставляет оборудование различного профиля для лабораторной диагностики.</p>\r\n\r\n<p><span style=\"font-size:18px\"><strong>Каталог оборудования Cormay включает:</strong></span></p>\r\n\r\n<p><a href=\"/ru/product/category/6\">Биохимические анализаторы</a>&nbsp;&ndash; лабораторные приборы, важность которых сложно переоценить. Представлены автоматическими и полуавтоматическими моделями.</p>\r\n\r\n<p>Серия ACCENT включает полностью автоматизированные аппараты с прямой фотометрией. Компактные и удобные, эти анализаторы имеют высокую производительность и очень востребованы в лабораториях средних размеров. Модели ACCENT-200 и ACCENT-220S обрабатывают 200-220 образцов/час.</p>\r\n\r\n<p>Полуавтоматический биохимический анализатор Multi+ &ndash; рациональное, недорогое и простое в управлении решение для небольших и средних клиник.</p>\r\n\r\n<p><strong>Анализатор электролитов CorLyte</strong></p>\r\n\r\n<p>Это небольшой и удобный в применении <a href=\"/ru/product/74\">аппарат</a>, который измеряет уровень электролитов в биологических жидкостях: крови, сыворотке, плазме и моче. Производительность устройства &ndash; 60 образцов/час.</p>\r\n\r\n<p><span style=\"font-size:18px\"><strong>Преимущества лабораторного оборудования производства PZ CORMAY S.A.</strong></span></p>\r\n\r\n<ul>\r\n	<li>\r\n	<p>качество: вся аппаратура прошла строгий контроль, соответствует всем санитарно-химическим, физическим и механическим нормам, абсолютно безвредна;</p>\r\n	</li>\r\n	<li>\r\n	<p>практичность: продукция компании является одной из лучших на рынке по соотношению цена/качество;</p>\r\n	</li>\r\n	<li>\r\n	<p>разнообразие: ассортимент продукции позволяет подобрать модели как для маленьких клиник, так и для крупных медцентров.</p>\r\n	</li>\r\n</ul>\r\n\r\n<p><img alt=\"Анализатор электролитов CorLyte\" src=\"https://diameb.ua/uploads/editor/articles/cormay%201.jpg\" style=\"height:200px; margin-left:3px; margin-right:3px; width:313px\" /><img alt=\"Анализатор электролитов CorLyte\" src=\"https://diameb.ua/uploads/editor/articles/cormay%202.jpg\" style=\"height:200px; margin-left:3px; margin-right:3px; width:200px\" /><img alt=\"Анализатор электролитов CorLyte\" src=\"https://diameb.ua/uploads/editor/articles/cormay%203.jpg\" style=\"height:200px; margin-left:3px; margin-right:3px; width:200px\" /></p>\r\n\r\n<p><em><strong>Компания &laquo;ДИАМЕБ Трейд&raquo; &ndash; надежный поставщик лучшего диагностического оборудования.</strong></em></p>\r\n\r\n<p>Наша компания предлагает биохимические анализаторы ТМ Cormay. Лидерами продаж являются автоматические аппараты ACCENT-200 и ACCENT-220S, а также полуавтоматический прибор Multi+. Мы рекомендуем автоматические анализаторы лабораториям с большой пропускной способностью, например, медицинским центрам широкого профиля. Эти аппараты стоят дороже, но они более эффективны и не требуют постоянного присутствия оператора.</p>\r\n\r\n<p>Кроме того, наши клиенты по достоинству оценили преимущества <a href=\"/ru/product/category/7\">анализатора электролитов CorLyte</a>. Он показывает очень точные результаты при минимальном заборе крови, отличается компактностью и экономией средств.</p>\r\n\r\n<p>Наши представители, которые находятся в крупных областных центрах, всегда готовы проконсультировать и помочь выбрать оптимальный вариант оборудования. А наличие сервисных инженеров в Киеве, Ивано-Франковске и Днепре позволяет обеспечить оперативное и качественное обслуживание и ремонт приборов.</p>\r\n\r\n<p>Доставку мы делаем во все города Украины, &laquo;Новой Почтой&raquo; или любой другой курьерской службой.</p>','ru','PZ CORMAY S.A. – крупнейший польский производитель реагентов и диагностического медицинского оборудования.','sdfsdf','sdfsdf'),(3,1,'Medical analyzers produced by Cormay, Poland','<p>PZ CORMAY S.A. - the largest Polish producer of reagents and diagnostic medical equipment. The company&#39;s products are sold to more than 30 countries of the world, including the countries of Western Europe and Asia, as well as Ukraine. Company PZ CORMAY S.A. more than 30 years is the manufacturer of high-quality and inexpensive reagents for biochemical, immunoturbidimetric tests, hematology, and also supplies equipment of various profiles for laboratory diagnostics.</p>\r\n\r\n<p><span style=\"font-size:18px\"><strong>The catalog of Cormay equipment includes:</strong></span></p>\r\n\r\n<p><a href=\"/en/product/category/7\">Biochemical analyzers</a>, laboratory instruments, the importance of which is difficult to overestimate. They are represented by automatic and semi-automatic models.</p>\r\n\r\n<p>ACCENT series includes fully automated instruments with direct photometry. Compact and convenient, these analyzers have high performance and are in great demand for medium-sized laboratories. Models ACCENT-200 and ACCENT-220S process 200-220 samples/hour.</p>\r\n\r\n<p>Semi-automatic biochemical analyzer Multi+ is a rational, inexpensive and easy-to-manage solution for small and medium-sized clinics.</p>\r\n\r\n<p><strong>Analyzer of electrolytes CorLyte</strong></p>\r\n\r\n<p>It is a small and easy-to-use device that measures the level of electrolytes in biological fluids: blood, serum, plasma and urine. The productivity of the device is 60 samples per hour.</p>\r\n\r\n<p><span style=\"font-size:18px\"><strong>Advantages of laboratory equipment manufactured by PZ CORMAY S.A.</strong></span></p>\r\n\r\n<ul>\r\n	<li>\r\n	<p>quality: all equipment has passed strict control, meets all sanitary and chemical, physical and mechanical standards, is absolutely harmless;</p>\r\n	</li>\r\n	<li>\r\n	<p>Practicality: the company&#39;s products are one of the best in the market by the evaluation such criteria as price/quality;</p>\r\n	</li>\r\n	<li>\r\n	<p>diversity: the product range allows to choose models for both small clinics and large medical centers.</p>\r\n	</li>\r\n</ul>\r\n\r\n<p><img alt=\"Analyzer of electrolytes CorLyte\" src=\"https://diameb.ua/uploads/editor/articles/cormay%201.jpg\" style=\"height:200px; margin-left:3px; margin-right:3px; width:313px\" /><img alt=\"Analyzer of electrolytes CorLyte\" src=\"https://diameb.ua/uploads/editor/articles/cormay%202.jpg\" style=\"height:200px; margin-left:3px; margin-right:3px; width:200px\" /><img alt=\"Analyzer of electrolytes CorLyte\" src=\"https://diameb.ua/uploads/editor/articles/cormay%203.jpg\" style=\"height:200px; margin-left:3px; margin-right:3px; width:200px\" /></p>\r\n\r\n<p><em><strong>&quot;DIAMEB Trade&quot; company - reliable supplier of the best laboratory equipment.</strong></em></p>\r\n\r\n<p>Our company offers biochemical analyzers produces by CORMAY. Leaders of sales are automatic devices ACCENT-200 and ACCENT-220S, and also semi-automatic device Multi+. We recommend automatic analyzers for laboratories with large capacity, for example, medical centers of a wide profile. These devices are more expensive, but they are more efficient and do not require the constant presence of an operator.</p>\r\n\r\n<p>In addition, our customers have appreciated the advantages of the <a href=\"/en/product/74\">electrolyte analyzer CorLyte</a>. It shows very accurate results with minimal amount of blood sample, differs by compactness and cost savings.</p>\r\n\r\n<p>Our representatives who are in major regional centers are always ready to consult and help to choose the best option for the equipment. The presence of service engineers in Kiev, Ivano-Frankivsk and the Dnieper makes it possible to provide prompt and high-quality maintenance and repair of devices.</p>\r\n\r\n<p>We make delivery to all the cities of Ukraine, &quot;Nova poshta&quot; or any other courier service.</p>','en','PZ CORMAY S.A. - the largest Polish producer of reagents and diagnostic medical equipment.','asdfasdf','asdfsadf'),(4,2,'Обзор медицинского оборудования Diatron Group (Венгрия)','<p>Diatron Group (Венгрия) занимается разработкой и производством <a href=\"/ru/product/category/10\">гематологических</a>&nbsp;и биохимических анализаторов для медицинских лабораторий и ветклиник, а также реагентов для своей медтехники и лабораторного оборудования других брендов. Продукция компании, основанной в 1989 г., востребована более чем в 100 странах мира, отличается высокой надежностью и точностью, имеет сертификаты ISO 9001, ISO 13485, MSz и CE. Ассортимент медоборудования Diatron Group увеличивается с каждым годом.</p>\r\n\r\n<p><strong>Гематологические анализаторы Diatron</strong></p>\r\n\r\n<p><img alt=\"\" src=\"/images/68218-108385921_2.jpg\" style=\"float:right; height:272px; width:350px\" />Представляют собой анализаторы нового поколения для проведения количественных и качественных исследований клеток крови. Среди их достоинств можно отметить следующие:</p>\r\n\r\n<ul>\r\n	<li>компактность;</li>\r\n	<li>высокая производительность (до 80 исследований/час);</li>\r\n	<li>минимальный расход реагентов;</li>\r\n	<li>исключение влияния человеческого фактора;</li>\r\n	<li>стандартизация результатов;</li>\r\n	<li>высокий уровень защиты персонала;</li>\r\n	<li>простота обслуживания и др.</li>\r\n</ul>\r\n\r\n<p>Гематологические анализаторы Diatron отличаются количеством исследуемых параметров (до 26 у модели Abacus 5), возможностью дифференцирования типов лейкоцитов, производительностью, наличием функции самодиагностики, модуля для малых проб, возможности автоматической подачи образцов и т.п. Упрощают обработку результатов возможность русификации, наличие цветного ЖК-дисплея, встроенного принтера, USB-портов и др.</p>\r\n\r\n<p><strong>Ветеринарные анализаторы Diatron</strong></p>\r\n\r\n<p>Ветанализаторы позволяют выполнять развернутый анализ крови с дифференцированием типов лейкоцитов для домашних животных: от собак и кошек до лошадей, коров и др. Анализаторы компании Diatron, используемые в ветеринарии, отличаются высокой точностью измерений. Необходимый объем биоматериала для выполнения исследований &ndash; от 25 мкл.</p>\r\n\r\n<p><strong>Сотрудничество с &laquo;ДИАМЕБ&raquo;: преимущества</strong></p>\r\n\r\n<p>Компания &laquo;Диамеб&raquo; уже более 18 лет занимается поставками <a href=\"/ru/\">медицинского оборудования</a>&nbsp;и реагентов для современных клинических лабораторий. С нами выгодно сотрудничать благодаря следующим преимуществам:</p>\r\n\r\n<ul>\r\n	<li>широкий ассортимент продукции;</li>\r\n	<li>наличие представителей компании в областных центрах Украины;</li>\r\n	<li>гарантия на оборудование и реагенты;</li>\r\n	<li>надежность и оперативность;</li>\r\n	<li>различные варианты оплаты;</li>\r\n	<li>гарантийное и сервисное обслуживание.</li>\r\n</ul>\r\n\r\n<p>Доставка осуществляется транспортной компанией &laquo;Новая Почта&raquo;, но по желанию клиента заказ может быть отправлен другим перевозчиком.</p>\r\n\r\n<p>&laquo;Диамеб&raquo; поможет оснастить новую лабораторию или клинику, выполнить модернизацию старой, подобрать оборудование и реагенты с учетом загрузки и профиля заведения, а также финансовых возможностей заказчика, обучить персонал.</p>\r\n\r\n<p>Продукция, предлагаемая компанией &laquo;Диамеб&raquo;, позволяет существенно расширить возможности лабораторной диагностики.</p>','ru',NULL,NULL,NULL),(5,2,'Огляд медичного обладнання Diatron Group (Угорщина)','<p>Diatron Group (Угорщина) займається розробкою та виробництвом <a href=\"/uk/product/category/10\">гематологічних</a>&nbsp;і біохімічних аналізаторів для медичних лабораторій і ветклінік , а також реагентів для своєї медтехніки та лабораторного обладнання інших брендів. Продукція компанії, заснованої в 1989 р, затребувана більш ніж в 100 країнах світу, відрізняється високою надійністю і точністю, має сертифікати ISO 9001, ISO 13485, MSz і CE. Асортимент медобладнання Diatron Group збільшується з кожним роком.</p>\r\n\r\n<p><strong>Гематологічні аналізатори Diatron</strong></p>\r\n\r\n<p><img alt=\"\" src=\"/images/68218-108385921_2.jpg\" style=\"float:right; height:272px; width:350px\" />Це аналізатори нового покоління для проведення кількісних і якісних&nbsp; досліджень клітин крові. Можна відзначити такі їхні переваги:</p>\r\n\r\n<ul>\r\n	<li>компактність;</li>\r\n	<li>висока продуктивність (до 80 досліджень/ год);</li>\r\n	<li>мінімальна витрата реагентів;</li>\r\n	<li>виключення впливу людського фактору;</li>\r\n	<li>стандартизація результатів;</li>\r\n	<li>високий рівень захисту персоналу;</li>\r\n	<li>простота обслуговування та ін.</li>\r\n</ul>\r\n\r\n<p>Гематологічні аналізатори Diatron відрізняються кількістю досліджуваних параметрів (до 26 у моделі Abacus 5), можливістю диференціювати типи лейкоцитів, продуктивністю, наявністю функції самодіагностики, модуля для малих проб, можливості автоматичної подачі зразків і т.д.&nbsp; Спрощують обробку результатів можливість русифікації, наявність кольорового РК-дисплея, вбудованого принтера, USB-портів та ін.</p>\r\n\r\n<p><strong>Ветеринарні аналізатори Diatron</strong></p>\r\n\r\n<p>Ветаналізатори дозволяють виконувати розгорнутий аналіз крові з диференціюванням типів лейкоцитів для домашніх тварин: від собак і кішок до коней, корів та ін. Аналізатори компанії Diatron, які використовуються у ветеринарії, відрізняються високою точністю вимірювань. Необхідний обсяг біоматеріалу для виконання досліджень - від 25 мкл.</p>\r\n\r\n<p><strong>Співпраця з &laquo;ДІАМЕБ&raquo;: переваги</strong></p>\r\n\r\n<p>Компанія &laquo;Діамеб&raquo; вже більше 18 років займається поставками медичного обладнання та реагентів для сучасних клінічних лабораторій. З нами вигідно співпрацювати завдяки наступним перевагам:</p>\r\n\r\n<ul>\r\n	<li>широкий ассортимент продукції;</li>\r\n	<li>наявність представників компанії у обласних центрах України;</li>\r\n	<li>гарантія на обладнання та реагенти;</li>\r\n	<li>надійність та оперативність;</li>\r\n	<li>різні варіанти оплати;</li>\r\n	<li>гарантійне та сервісне обслуговування.</li>\r\n</ul>\r\n\r\n<p>Доставка здійснюється транспортною компанією &laquo;Нова Пошта&raquo;, але за бажанням клієнта замовлення може бути відправлене іншим перевізником.</p>\r\n\r\n<p><a href=\"/uk/\">Компанія &laquo;Діамеб&raquo;</a>&nbsp;допоможе обладнати нову лабораторію або клініку, виконати модернізацію старої, підібрати обладнання і реагенти з урахуванням завантаження і профілю закладу, а також фінансових можливостей замовника, навчити персонал.</p>\r\n\r\n<p>Продукція, яку пропонує компанія &laquo;Діамеб&raquo;, дозволяє істотно розширити можливості лабораторної діагностики.</p>','uk',NULL,NULL,NULL),(6,2,'Medical Equipment Review of Diatron Group (Hungary)','<p>The Diatron Group (Hungary) is engaged in the development and production of <a href=\"/en/product/category/10\">hematologic</a>&nbsp;and biochemical analyzers for medical laboratories and veterinary clinics, as well as reagents for their medical equipment and laboratory equipment of other brands. The products of the company, founded in 1989, are in demand in more than 100 countries of the world, are highly reliable and accurate, have certificates ISO 9001, ISO 13485, MSz and CE. The range of medical equipment Diatron Group increases every year.</p>\r\n\r\n<p><strong>Hematology analyzers Diatron</strong></p>\r\n\r\n<p style=\"text-align: justify;\"><img alt=\"\" src=\"/images/68218-108385921_2.jpg\" style=\"float:right; height:272px; width:350px\" />It is a new generation of analyzers for conducting quantitative and qualitative studies of blood cells. Among their advantages are the following:</p>\r\n\r\n<ul>\r\n	<li>compactness;</li>\r\n	<li>high performance (up to 80 studies/hour);</li>\r\n	<li>minimum consumption of reagents;</li>\r\n	<li>elimination of influence of human factors;</li>\r\n	<li>standardization of results;</li>\r\n	<li>high level of personnel protection;</li>\r\n	<li>easy maintenance, etc.</li>\r\n</ul>\r\n\r\n<p>&nbsp;Diatron hematological analyzers differ in the number of examined parameters (up to 26 in the Abacus 5 model), the possibility of differentiating leukocyte types, productivity, the availability of the self-diagnosis function, the module for small samples, the possibility of automatic sample feeding, etc. Simplify the processing of the possibility of Russification, the presence of a color LCD display, built-in printer, USB-ports, etc.</p>\r\n\r\n<p><strong>Veterinary analyzers Diatron</strong></p>\r\n\r\n<p>Veterinary analyzers allow performing a detailed blood test with differentiation of leukocyte types for pets: from dogs and cats to horses, cows, etc. Diatron analyzers used in veterinary medicine are characterized by high measurement accuracy. The necessary amount of biomaterial for the research is from 25 &mu;l.</p>\r\n\r\n<p><strong>Cooperation with &laquo;DIAMEB&raquo;: advantages</strong></p>\r\n\r\n<p><a href=\"/en/\">The company &quot;Diameb&quot;</a>&nbsp;for more than 18 years has been supplying medical equipment and reagents for modern clinical laboratories. With us it is beneficial to cooperate due to the following advantages:</p>\r\n\r\n<ul>\r\n	<li>wide range of products;</li>\r\n	<li>presence of company representatives in regional centers of Ukraine;</li>\r\n	<li>guarantee for equipment and reagents;</li>\r\n	<li>reliability and efficiency;</li>\r\n	<li>various payment options;</li>\r\n	<li>warranty and service.</li>\r\n</ul>\r\n\r\n<p>Delivery is carried out by the transport company &quot;Nova Poshta&quot;, but at the request of the client the order can be sent by another carrier.</p>\r\n\r\n<p>&quot;Diameb&quot; will help to equip a new laboratory or clinic, upgrade the old one, pick up equipment and reagents, taking into account the load and profile of the institution, as well as the financial capabilities of the customer, and train the staff. The products offered by Diameb make it possible to significantly expand the possibilities of laboratory diagnostics.</p>','en',NULL,NULL,NULL),(7,3,'ПЛР – коротко про головне','<p>Нові тенденції в медицині зачіпають як значні медичні центри, так і невеликі лабораторії, що розташовуються по всій території країни. Останні декілька років особливий інтерес викликає доволі &laquo;юний&raquo; із використовуваних методів дослідження, а саме ПЛР.</p>\r\n\r\n<p>Ряд лабораторій з великим досвідом вже мають досвід роботи з новим методом, але для декого ПЛР все ще досі є просто абревіатурою із трьох букв&hellip;</p>\r\n\r\n<p><strong>У даній статті розкажемо простими словами про новітній діагностичний метод.</strong></p>\r\n\r\n<p>Полімерна ланцюгова реакція або скорочено ПЛР, є методом, що в першу чергу орієнтований на детекцію збудників небезпечних інфекційних захворювань.</p>\r\n\r\n<p>Навіть сама назва коротко описує суть даного діагностичного методу, який було розроблено більш як 30 років тому.</p>\r\n\r\n<p>На початку свого застосування методом ПЛР користувались лише працівники науково-дослідних інститутів. Але згодом вчені, роздивившись його перспективність і ефективність, стали просувати метод в практичну медицину.</p>\r\n\r\n<p>На даний час ПЛР-дослідження є в арсеналі багатьох лабораторій, а результати, які дозволяє отримати даний метод, служать підґрунтям для постановки діагнозу та призначення етіотропного лікування.</p>\r\n\r\n<p>Інколи упопулярних наукових джерелах можемо побачити цікавий опис ПЛР як методу, за допомогою якого ми можемо віднайти голку в стозі сіна, а потім з використанням голок побудувати цілий стіг. Звісно ж, не важко здогадатись, що голкою називають певну частину ДНК збудника інфекції, а стогом сіна &ndash; макроорганізм.</p>\r\n\r\n<p><strong>Які інфекції ми можемо діагностувати з допомогою ПЛР?</strong></p>\r\n\r\n<p>Перелік таких інфекцій надзвичайно широкий та включає:</p>\r\n\r\n<ul>\r\n	<li>туберкульоз,</li>\r\n	<li>інфекції респіраторного тракту,</li>\r\n	<li>кишкові інфекції,</li>\r\n	<li>гепресвірусні інфекції,</li>\r\n	<li>вірусні гепатити,</li>\r\n	<li>урогенітальні інфекції,</li>\r\n	<li>папіломавірусні інфекції,</li>\r\n	<li>TORCH-інфекції, з якими знайомі більшість клініцистів та лікарів-лаборантів,</li>\r\n	<li>а також особливо небезпечні та вогнищеві інфекції, що можуть давати абсолютно незнайому симптоматику, яку важко діагностувати.</li>\r\n</ul>\r\n\r\n<p><img alt=\"\" src=\"https://diameb.ua/uploads/editor/PCR%2031.jpg\" style=\"height:340px; width:769px\" /></p>\r\n\r\n<p>Наша компанія пропонує широкий перелік транспортних середовищ, <a href=\"/uk/reagent/category/6\">наборів для дослідження різноманітних інфекцій</a>, реагентів для виділення ДНК/РНК, детекції генетичних поліморфізмів, а також <a href=\"/uk/product/category/6\">обладнання</a>, що дозволяє повністю автоматизувати процес дослідження та забезпечити максимальну точність та достовірність отриманих результатів.</p>\r\n\r\n<p><a href=\"/\">Компанія &laquo;ДІАМЕБ Трейд&raquo;</a>&nbsp;має досвід створення ПЛР-лабораторій &laquo;з нуля&raquo; та може забезпечити поетапне створення і функціонування такого сучасного підрозділу.</p>\r\n\r\n<p>Окрім обладнання та реагентів ми надаємо постійну інформаційну та технічну підтримку, що дозволяє лікарям-лаборантам швидко освоїти новітні техніки та мінімізувати витрати робочого часу.</p>','uk',NULL,NULL,NULL),(8,3,'ПЦР – коротко о главном','<p>Тенденции в медицине затрагивают как крупные медицинские центры, так и небольшие лаборатории, располагаются по всей территории страны. Последние несколько лет особый интерес вызывает достаточно &laquo;молодой&raquo; из используемых методов исследования, а именно ПЦР.</p>\r\n\r\n<p>Ряд лабораторий с большим опытом уже работали с новым методом, но для некоторых ПЦР до сих пор просто аббревиатура из трех букв...</p>\r\n\r\n<p><strong>В данной статье расскажем простыми словами о новейшем диагностическим методе.</strong></p>\r\n\r\n<p>Полимерная цепная реакция или сокращенно ПЦР является методом, который в первую очередь ориентирован на детекцию возбудителей опасных инфекционных заболеваний.</p>\r\n\r\n<p>Даже само название кратко описывает смысл данного диагностического метода, разработанного более 30 лет назад.</p>\r\n\r\n<p>В начале своего применения метод ПЦР использовался только работниками научно-исследовательских институтов. Но впоследствии, ученые, рассмотрев его перспективность и эффективность, стали продвигать этот метод в практическую медицину.</p>\r\n\r\n<p>В настоящее время ПЦР-исследования есть в арсенале многих лабораторий, а результаты, которые позволяет получить данный метод, служат основой для постановки диагноза и назначения этиотропного лечения.</p>\r\n\r\n<p>Иногда в популярных научных источниках можем увидеть интересное описание ПЦР как метода, с помощью которого, мы можем найти иголку в стоге сена, а затем с использованием игл построить целый стог. Конечно, не трудно догадаться, что иглой называют определенную часть ДНК возбудителя инфекции, а стогом сена - макроорганизм.</p>\r\n\r\n<p><strong>Какие инфекции мы можем диагностировать с помощью ПЦР?</strong></p>\r\n\r\n<p>Перечень таких инфекций чрезвычайно широк и включает:</p>\r\n\r\n<ul>\r\n	<li>туберкулез,</li>\r\n	<li>инфекции респираторного тракта,</li>\r\n	<li>кишечные инфекции,</li>\r\n	<li>герпесвирусные инфекции,</li>\r\n	<li>вирусные гепатиты,</li>\r\n	<li>урогенитальные инфекции,</li>\r\n	<li>папилломавирусные инфекции,</li>\r\n	<li>TORCH-инфекции, с которыми знакомы большинство клиницистов и врачей-лаборантов,</li>\r\n	<li>а также особо опасные и очаговые инфекции, которые могут давать совершенно незнакомую симптоматику, которую трудно диагностировать.</li>\r\n</ul>\r\n\r\n<p><img alt=\"\" src=\"https://diameb.ua/uploads/editor/PCR%2031.jpg\" style=\"height:340px; width:769px\" /></p>\r\n\r\n<p>Наша компания может предложить один из самых широких перечней <a href=\"/ru/reagent/category/6\">наборов для исследования разнообразных инфекций</a>, транспортные среды, реагенты для выделения ДНК/РНК и детекции генетических полиморфизмов, а также <a href=\"/ru/product/category/5\">оборудование</a>, позволяющее полностью автоматизировать процесс и обеспечить исследования с максимальной точностью и достоверностью.</p>\r\n\r\n<p><a href=\"/\">Компания &laquo;ДИАМЕБ Трейд&raquo;</a>&nbsp;имеет опыт проектирования ПЦР-лабораторий &laquo;с нуля&raquo; и может обеспечить поэтапное создание и функционирование такого современного подразделения.</p>\r\n\r\n<p>Кроме оборудования и реагентов мы предоставляем постоянную информационную и техническую поддержку, что позволяет врачам-лаборантам быстро освоить новейшие техники и минимизировать затраты рабочего времени.</p>','ru',NULL,NULL,NULL),(9,3,'PCR – briefly about the main','<p>A number of laboratories with extensive experience have alreadyworked with this new method, but for some, PCR is still just a three-letter abbreviation...</p>\r\n\r\n<p><strong>In this article, we will tell you in simple words about the modern diagnostic method.</strong></p>\r\n\r\n<p>Polymerase chain reaction(PCR) is a method that primarily focuses on the detection of pathogens of dangerous infectious diseases.</p>\r\n\r\n<p>Even the very name briefly describes the essence of this diagnostic method, which was developed more than 30 years ago.</p>\r\n\r\n<p>At the beginning of PCR application, only the workers of research institutes used this method. Therefore, subsequently, scientists, having looked at its availability and effectiveness, began to promote the method in practical medicine.</p>\r\n\r\n<p>Currently, PCR studies are in the arsenal of many laboratories, and the results, obtained by this method serve as the basis for the diagnosis and the appointment of etiotropic treatment.</p>\r\n\r\n<p>Sometimes, in popular scientific sources, we can see an interesting description of PCR as a method, with the help of which we can find &ldquo;a needle in a haystack&rdquo;, and then, using a needle, to build a whole haystack. Of course, it is not difficult to guess that &ldquo;the needle&rdquo; is a certain part of DNA&rsquo;s infectious pathogen, and the &ldquo;haystack&rdquo; is a microorganism.</p>\r\n\r\n<p><strong>What infections we can diagnose using PCR?</strong></p>\r\n\r\n<p>The list of such infections is extremely wide and includes:</p>\r\n\r\n<ul>\r\n	<li>tuberculosis,</li>\r\n	<li>respiratory tract infections,</li>\r\n	<li>intestinal infections,</li>\r\n	<li>herpesviral infections,</li>\r\n	<li>viral hepatitis,</li>\r\n	<li>urogenital infections,</li>\r\n	<li>papillomavirus infections,</li>\r\n	<li>TORCH infections, which are familiar to most clinicians and laboratory specialists, as well as particularly dangerous,</li>\r\n	<li>and focal infections, which can give completely unfamiliar symptoms that are difficult to diagnose.</li>\r\n</ul>\r\n\r\n<p><img alt=\"\" src=\"https://diameb.ua/uploads/editor/PCR%2031.jpg\" style=\"height:340px; width:769px\" /></p>\r\n\r\n<p>Our company can offer one of <a href=\"/en/reagent/category/6\">the widest list of kits</a>&nbsp;for the study of various infections, transport <a href=\"/en/product/category/6\">environments</a>, reagents for DNA / RNA extractions and detection of genetic polymorphisms, and also equipment that allows to fully automate the process and ensure the study with maximum accuracy and reliability.</p>\r\n\r\n<p><a href=\"/en/\">The company &quot;DIAMBEB&quot;</a>&nbsp;has experience in projecting PCR laboratories &quot;from scratch&quot; and can provide the systematic creation and operation of this modern unit.</p>\r\n\r\n<p>In addition to the equipment and reagents, we provide constant informational and technical support that allows laboratory specialiststo master the latest technology quickly and to minimize the loss of working time.</p>','en',NULL,NULL,NULL),(10,4,'«Валідація та верифікація методик – забезпечення впевненості у правильності результатів»','<p>Ще 30 січня 2018 року у законодавство охорони здоров&rsquo;я було внесено певні зміни, суть яких була у впровадженні добровільної процедури акредитації закладів охорони здоров&rsquo;я. Звісно ж, невід&rsquo;ємною складовою будь-якого закладу охорони здоров&rsquo;я є лабораторії.</p>\r\n\r\n<p>Розбираючи детально вимоги до лабораторії, що готується до акредитації, зустрічаємо поняття валідації та верифікації методик, за допомогою яких проводиться діагностика.</p>\r\n\r\n<p>Стикаючись з такими новими поняттями, а відповідно &ndash; новими завданнями, мимоволі задаємо собі питання: Що ж ми отримали зі змінами законодавства: нові тенденції чи нові проблеми? Адже за результатами міжнародних оцінок за останні три роки було виявлено, що система національних лабораторій відповідає вимогам міжнародних стандартів не більш як на 60%.</p>\r\n\r\n<p><img alt=\"\" src=\"https://diameb.ua/uploads/editor/articles/valid_ua.jpg\" style=\"height:auto; width:100%\" /></p>\r\n\r\n<p><a href=\"/uk/\">Компанія &laquo;ДІАМЕБ Трейд&raquo;</a>&nbsp;однією з перших стала на шлях розв&rsquo;язання ключових питань акредитації. Нами спільно з іноземним партнером, компанією CORMAY PZ S. A. було детально вивчено принципи валідації, до яких належать наступні ключові пункти:</p>\r\n\r\n<ul>\r\n	<li><strong>правдивість (достовірність)</strong>, що є наближеністю до середнього значення, отриманого від серії результатів випробувань, і прийнятого контрольного значення;</li>\r\n	<li><strong>точність</strong> &ndash; щільність узгодження між незалежними багаторазовими результатами випробувань/вимірювань (концентраціями/активністю) в одному зразку;</li>\r\n	<li><strong>можливість визначення, </strong>що включає ліміт бланку, ліміт виявлення та ліміт кількісного визначення;</li>\r\n	<li><strong>лінійність</strong> - здатність (у межах заданого діапазону) забезпечувати надійні результати, які прямо пропорційні концентрації (кількості) / активності аналіту в зразку;</li>\r\n	<li><strong>інтерференції</strong> &ndash; можливість роботи при певному визначеному вмісті інтерферуючих речових у зразку.</li>\r\n</ul>\r\n\r\n<p>Що стосується верифікації будь-якої аналітичної методики, то завжди проводиться кореляція (порівняння методів), щоб оцінити ступінь відповідності.</p>\r\n\r\n<p>На даний час нашими спеціалістами ведеться робота над практичним впровадженням процесів валідації та верифікації типових методик у лабораторіях.</p>\r\n\r\n<p>Ми готові до співпраці та завжди раді допомогти нашим клієнтам йти в ногу з інноваціями лабораторної діагностики.</p>','uk',NULL,NULL,NULL),(11,4,'«Валидация и верификация методик - обеспечение уверенности в правильности результатов»','<p>Еще 30 января 2018 в законодательство здравоохранения были внесены некоторые изменения, суть которых была во внедрении добровольной процедуры аккредитации учреждений здравоохранения. Конечно же, неотъемлемой составляющей любого учреждения здравоохранения являются лаборатории.</p>\r\n\r\n<p>Разбирая детально требования к лаборатории, которая готовится к аккредитации, встречаем понятие валидации и верификации методик, с помощью которых проводится диагностика.</p>\r\n\r\n<p>Сталкиваясь с такими новыми понятиями, а соответственно - новыми задачами, невольно задаем себе вопрос: Что мы получили с изменениями законодательства: новые тенденции или новые проблемы? Ведь по результатам международных оценок за последние три года было выявлено, что система национальных лабораторий соответствует требованиям международных стандартов не более чем на 60%.</p>\r\n\r\n<p><img alt=\"\" src=\"https://diameb.ua/uploads/editor/articles/valid_ru.jpg\" style=\"height:auto; width:100%\" /></p>\r\n\r\n<p><a href=\"/ru/\">Компания &laquo;ДИАМЕБ Трейд&raquo;</a>&nbsp;одной из первых стала на путь решения ключевых вопросов аккредитации. Нами совместно с иностранным партнером, компанией CORMAY PZ S. A. детально изучено принципы валидации, к которым относятся ключевые пункты:</p>\r\n\r\n<ul>\r\n	<li><strong>правдивость (достоверность)</strong>, что является приближенностью к среднему значению, полученному из серии результатов испытаний и принятого контрольного значения;</li>\r\n	<li><strong>точность</strong> - плотность согласования между независимыми многократными результатам испытаний / измерений (концентрациями/активностью) в одном образце;</li>\r\n	<li><strong>возможность определения</strong>, включая лимит бланка, лимит выявления и лимит количественного определения;</li>\r\n	<li><strong>линейность</strong> - способность (в пределах заданного диапазона) обеспечивать надежные результаты, которые прямо пропорциональны концентрации (количеству) / активности аналита в образце;</li>\r\n	<li><strong>интерференции</strong> - возможность работы при определенном содержании интерферирующих субстанций в образце.</li>\r\n</ul>\r\n\r\n<p>Что касается верификации любой аналитической методики, то всегда проводится корреляция (сравнение методов), чтобы оценить степень соответствия.</p>\r\n\r\n<p>В настоящее время нашими специалистами ведется работа над практическим внедрением процессов валидации и верификации типовых методик в лабораториях.</p>\r\n\r\n<p>Мы готовы к сотрудничеству и всегда рады помочь нашим клиентам идти в ногу с инновациями лабораторной диагностики.</p>','ru',NULL,NULL,NULL),(12,4,'\"Validation and verification of techniques - ensuring assurance of the correctness of the results\"','<p>At the very beginning of the year, on the 30th of January, 2018, some changes were made to health legislation, the essence of which was the introduction of a voluntary accreditation procedure for health facilities. Of course, laboratories are an integral part of any health care institution.</p>\r\n\r\n<p>By examining in detail the requirements for the laboratory that is getting ready for accreditation, we encounter the notion of validation and verification of the methods by which diagnostics are carried out.</p>\r\n\r\n<p>When faced with such new concepts, and accordingly - new tasks, we are involuntarily asking ourselves the question: What did we get with changes in the legislation: new trends or new problems? After all, according to the results of international assessments over the past three years, it has been found that the system of national laboratories meets the requirements of international standards by no more than 60%.</p>\r\n\r\n<p><img alt=\"\" src=\"https://diameb.ua/uploads/editor/articles/valid_en.jpg\" style=\"height:auto; width:100%\" /></p>\r\n\r\n<p><a href=\"/en/\">One of the first companies &quot;DIAMEB Trade&quot;</a>&nbsp;has started to solve the key issues of accreditation. Together with a foreign partner, CORMAY PZ S.A., we have studied in detailі the principles of validation, which include the key points:</p>\r\n\r\n<ul>\r\n	<li><strong>truthfulness (reliability)</strong>, which is an approximation to the average value obtained from a series of test results and a control value;</li>\r\n	<li><strong>accuracy</strong>, which is the density of matching between independent multiple test/measurement results (concentrations/activity) in one sample;</li>\r\n	<li><strong>the possibility of determining</strong>, including the limit of the blank, the limit of detection and the limit of quantitative determination;</li>\r\n	<li><strong>linearity</strong> - the ability (within a given range) to provide reliable results that are directly proportional to the concentration (amount)/activity of the analyte in the sample;</li>\r\n	<li><strong>interference</strong> - the ability to work with a certain level of interfering substances in the sample.</li>\r\n</ul>\r\n\r\n<p>As for the verification of any analytical technique, a correlation (comparison of methods) is always carried out to assess the degree of conformity.</p>\r\n\r\n<p>At present, our specialists are working on the practical implementation of the validation and verification processes of standard methods in laboratories.</p>\r\n\r\n<p>We are ready to cooperate, and are always happy to help our clients keep up with the innovations in laboratory diagnostics.</p>','en',NULL,NULL,NULL),(13,5,'Інтерпретація значень показників RDW-SD та RDW-CV у діагностиці анізоцитозу','<p>Дуже часто пацієнти, що здають аналізи у лабораторіях, де проводять дослідження крові на автоматичних гематологічних аналізаторах, запитують значення усіх параметрів загального аналізу крові, які їм видають. Питання закономірне, оскільки замість звичних&nbsp; п&rsquo;яти показників пацієнти отримують виписку, у якій наведені від 18 до 22 показників. Менеджер по продукції компанії &laquo;Діамеб Трейд&raquo; Святослав Половкович&nbsp; підготував статтю, яка допоможе лікарям та спеціалістам лабораторії роз&rsquo;яснити дане питання пацієнтам.</p>\r\n\r\n<p><strong>Кров, її функції та що таке &laquo;еритроцити&raquo;</strong></p>\r\n\r\n<p>Кров &ndash; одна з важливих складових живого організму. Вона являє собою рідку тканину, що складається з плазми&nbsp;і формених елементів. Під форменими елементами розуміються тромбоцити, еритроцити і лейкоцити.</p>\r\n\r\n<p>Еритроцити, або &laquo;червоні кров&#39;яні тільця&raquo; (Red Blood Cells, RBC) - без&#39;ядерні клітини, що мають форму вгнутого диска. Без&#39;ядерність еритроцитів і їх форма забезпечують їм найбільш оптимальні властивості в процесі газообміну і підтриманні осмотичної резистентності. Нормальний розмір еритроцита становить 7,5-8,3 мкм; тривалість життя - 90-120 днів. Еритроцити володіють антигенними властивостями, на підставі яких розрізняють чотири основні групи крові. Цитоплазма еритроцита на 96% заповнена гемоглобіном. Крім зрілих еритроцитів у периферичній крові в нормі можна виявити молоді еритроцити - ретикулоцити. Це без&#39;ядерні клітини з великою кількістю РНК і рибосом, що мають мембранні рецептори до трансферину.&nbsp; На стадії ретикулоцитів може вироблятися до 30% від загальної кількості гемоглобіну в еритроциті. Інші 70-80% гемоглобіну синтезуються раніше, на передретикулоцитарних стадіях диференціювання клітини. Ретикулоцит втрачає РНК і здатність виробляти гемоглобін, коли перетворюється в зрілий еритроцит. На стадії ретикулоцитів еритроцит перебуває протягом одного дня в кістковому мозку і ще один день у периферичній крові.</p>\r\n\r\n<p>Кровоносна система з&rsquo;єднує і живить всі органи, тому дуже важливо стежити за її станом і регулярно здавати загальний аналіз крові.&nbsp; При розгляді загального аналізу крові звертають увагу на розмір, колір і форму кров&rsquo;яних тілець. По відхиленню форми і розміру клітин від нормального стану може судити про пойкілоцитоз та анізоцитоз.</p>\r\n\r\n<p><strong>Сигнальне повідомлення гематологічного аналізатора &laquo;Анізоцитоз&raquo;: на які показники звернути увагу</strong></p>\r\n\r\n<p>Спеціалісти лабораторій часто зустрічаються з питаннями інтерпретації показників гематологічного аналізатори. Автоматичний гематологічний аналізатор сам інформує про клінічну картину у пацієнта, проте, питання на основі яких показників робляться дані заключення та інтерпритації показників гематологічного аналізатора найчастіше можна почути на зібраннях лаборантів. Спробуємо пояснити ці аспекти на прикладі інтерпритації значень показників RDW-SD та RDW-CV у діагностиці анізоцитозу.</p>\r\n\r\n<p>&nbsp;Анізоцитоз крові &ndash; це перевищення рівня кількості клітин нестандартного розміру. В залежності від того, які формені елементи крові змінили свій розмір, розрізняють анізоцитоз еритроцитів і тромбоцитів.</p>\r\n\r\n<p><img alt=\"\" src=\"https://diameb.ua/uploads/editor/2_interpr_%20RDW1.png\" style=\"float:right; height:249px; width:428px\" /></p>\r\n\r\n<p>Анізоцитоз еритроцитів у загальному аналізі крові свідчить про те, що розмір кров&rsquo;яних частинок відрізняється від стандартного. Нормальний розмір еритроцитів становить 7,5-8,3 мікрометрів. Допускається присутність в крові невеликого числа (порівняно з загальною кількістю) тілець нестандартного розміру. У середньому ця величина становить 30%. Тобто вважається нормою, якщо в крові 15% клітин мають розмір, менший, порівняно зі стандартним, а 15% тілець мають більший, ніж у них, діаметр. Еритроцити, менші за діаметром (&lt;6,9мкм) називаються мікроцитами. Великі по діаметру еритроцити поділяються ще на дві групи:</p>\r\n\r\n<ul>\r\n	<li>макроцити: 8мкм&lt;d&lt;12мкм</li>\r\n	<li>мегалоцити: d&gt;12мкм.</li>\r\n</ul>\r\n\r\n<p>Якщо клітини крові значно відрізняються за розміром від припустимої величини, буде поставлений діагноз &laquo;Підвищений анізоцитоз еритроцитів&raquo;.</p>\r\n\r\n<p>Судячи з того, клітини яких розмірів переважають у крові, розрізняють мікроцитоз, змішаний тип і макроцитоз. Анізоцитоз змішаного типу займає проміжне місце між мікро- і макроцитозом, так як при ньому в крові присутні і дрібні, і великі кров&rsquo;яні тіла. Наприклад, анізоцитоз змішаного типу з переважанням мікроцитів означає, що в крові розміри частинок неоднорідні, але більшість складають дрібні по діаметру.</p>\r\n\r\n<p>Для позначення ступеня гетерогенності існує спеціальний індекс - RDW (&laquo;ширина розподілу червоних клітин&raquo;) або індекс анізоцитозу еритроцитів. Тобто, RDW показує неоднорідність розмірів популяції еритроцитів у досліджуваному зразку.</p>\r\n\r\n<p>Виділяють два типи показників RDW-CV і RDW-SD. Перший показник RDW-CV показує відсотковий розподіл клітин за величиною. Другий RDW-SD відображає їх стандартне відхилення, тобто різницю за розміром між найменшим і найбільшим еритроцитом у зразку крові.</p>\r\n\r\n<p>Визначення індексу RDW-CV проводиться гематологічним аналізатором автоматично за спеціальною формулою, в якій враховується середній об&rsquo;єм еритроцитів MCV крові і середньоквадратичне відхилення від MCV. Розрахований таким чином показник прийнято позначати у&nbsp; відсотках. Норма RDW-CV 11-15%. RDW-CV напряму залежить від значення середнього об&#39;єму еритроцитів MCV, тому, якщо більшість з клітин у популяції будуть малими (як при мікроцитозі), показник RDW-CV залишиться в межах норми. RDW-CV менш чутливий до присутності невеликої популяції мікроцитів, макроцитів або ретикулоцитів, але краще відображає загальні зміни в розмірі еритроцитів при макроцитарній або мікроцитарній анемії.</p>\r\n\r\n<p>Також в результатах аналізу крові можна зустріти і абревіатуру RDW-SD. Цей показник визначається за іншою методикою і не залежить від середнього об&rsquo;єму еритроцитів. Визначення RDW-SD являє собою пряме вимірювання ширини еритроцитарної гістограми на рівні 20% висоти кривої,&nbsp; висота RBC-гістограми приймається за 100%. Вимірюється RDW-SD у фл (фемтолітрах) і відображає різницю між максимальним і мінімальним&nbsp; об&rsquo;ємом клітин еритроцитів у досліджуваному зразку. Норма RDW-SD 35-60 фл. RDW-SD є більш чутливим показником при появі у популяції еритроцитів невеликої кількості макроцитів і мікроцитів, так як вимірює нижню частину кривої розподілу еритроцитів за об&#39;ємом. Також&nbsp; цей показник буде швидше змінюватися при ретикулоцитозі, оскільки буде спостерігатися уширення основи еритроцитарної гістограми.</p>\r\n\r\n<p><strong>Клінічна цінність величини RDW в постановці діагнозу</strong></p>\r\n\r\n<p>Розшифровка величини RDW в аналізах завжди проводиться паралельно з оцінкою середнього об&#39;єму еритроцитів (MCV), так як досить часто ширина розподілу еритроцитів залишається в нормі при наявності однорідної популяції клітин при мікроцитозі або макроцитозі.</p>\r\n\r\n<p>Якщо RDW в аналізі крові підвищений, у хворого можна запідозрити наступні патологічні стани:</p>\r\n\r\n<ol>\r\n	<li>Залізодефіцитна анемія;</li>\r\n	<li>Гемолітична анемія імунного характеру;</li>\r\n	<li>Мегалобластної анемії (при нестачі вітамінів В9 і В12);</li>\r\n	<li>Гемоглобінопатії.</li>\r\n</ol>\r\n\r\n<p>Клінічний аналіз крові з підвищеними значенням показника RDW також характерний для пацієнтів, які страждають недугами печінки та які перенесли переливання крові. Крім того, індекс анізоцитозу може бути завищений і помилково, якщо в досліджуваному зразку присутні холодові аглютиніни. Також варто відзначити патології, при яких RDW не змінюється. До них відносяться: бета-таласемії, недокрів&#39;я при важких хронічних захворюваннях, серповидно-клітинна анемія, гострі геморагічні і апластичні анемії, сфероцитоз.</p>\r\n\r\n<p>Важливим є факт, що проведення дослідження на автоматичному гематологічному аналізаторі є точнішим, оскільки, показник ширини розподілу еритроцитів може вирости ще до появи змін з боку еритроцитів і значення гемоглобіну, тобто збільшення індексу анізоцитозу можна назвати раннім маркером анемій. Варто зазначити, що під час лікування залізодефіцитної анемії показник RDW не тільки не зменшується, але і підвищується, при цьому помітно змінюється гістограма (на кривій розподілу&nbsp; з&#39;являються два піки). Це пов&#39;язано з тим, що з&rsquo;являються&nbsp; молоді клітини, що відрізняються за розміром від зрілих еритроцитів. Якщо медикаментозна терапія виявляється ефективною, індекс анізоцитозу нормалізується, але нормалізується він самим останнім з усіх еритроцитарних індексів.</p>\r\n\r\n<p><a href=\"https://diameb.ua/uk/product/55\" target=\"_blank\"><img alt=\"\" src=\"https://diameb.ua/uploads/editor/3_interpr_%20RDW1.png\" style=\"float:right; height:250px; width:267px\" /></a></p>\r\n\r\n<p><a href=\"/uk/\">Компанія &laquo;Діамеб Трейд&raquo;</a>&nbsp;пропонує <a href=\"/uk/product/category/10\">автоматичні гематологічні аналізатори</a>&nbsp;європейського виробництва компанії DIATRON. Дані аналізатори вимірюють окрім інших стандартних показників значення ширини розподілу червоних клітин RDW у двох варіантах RDW-CV і RDW-SD, що у повній мірі показує неоднорідність розмірів популяції еритроцитів у досліджуваному зразку. Широка лінійка аналізаторів DIATRON представлена аналізаторами різної продуктивності (від 30 до 80 тестів на годину), з різними технічними характеристиками (модуль малого взірця, функція автопроколу, автозагрузки і т.д.). Це дозволяє забезпечити в повній мірі потреби лабораторій різної величини та напрямку (ЦПМСД, сімейні лікарі, педіатрія, онкологія і т.д.). Компанія пропонує індивідуальний підхід до кожного клієнта щодо умов оплати, доставки та обслуговування. Забезпечуємо сервісне гарантійне та післягарантійне обслуговування.</p>','uk',NULL,NULL,NULL),(14,5,'Интерпретация значений показателей RDW-SD и RDW-CV в диагностике анизоцитоза','<p>Очень часто, клиенты тех лабораторий, где проводятся исследования крови на автоматических гематологических анализаторах, спрашивают о разъяснении полученных результатов всех параметров общего анализа крови. Вопрос закономерный, поскольку вместо привычных пяти показателей пациенты получают выписку, в которой приведены от 18 до 22 показателей. Менеджер по продукции компании &laquo;Диамеб Трейд&raquo; Святослав Половкович подготовил статью, которая поможет врачам и специалистам лаборатории разъяснить данный вопрос пациентам.</p>\r\n\r\n<p><strong>Кровь, ее функции и что такое &laquo;эритроциты&raquo;</strong></p>\r\n\r\n<p>Кровь - одна из важных составляющих живого организма. Она представляет собой жидкую ткань, состоящую из плазмы и форменных элементов. Под форменными элементами понимаются тромбоциты, эритроциты и лейкоциты.</p>\r\n\r\n<p>Эритроциты или &laquo;красные кровяные тельца&raquo; (Red Blood Cells, RBC) - безъядерные клетки, имеющие форму вогнутого диска. Безъядерность эритроцитов и их форма обеспечивают им наиболее оптимальные свойства в процессе газообмена и поддержании осмотической резистентности. Нормальный размер эритроцита составляет 7,5-8,3 мкм; продолжительность жизни - 90-120 дней. Эритроциты обладают антигенными свойствами, на основании которых различают четыре основных группы крови. Цитоплазма эритроцита на 96% заполнена гемоглобином. Кроме зрелых эритроцитов в периферической крови в норме можно обнаружить молодые эритроциты - ретикулоциты. Это безъядерные клетки с большим количеством РНК и рибосом, имеющих мембранные рецепторы к трансферину. В стадии ретикулоцитов может вырабатываться до 30% от общего количества гемоглобина в эритроците. Другие 70-80% гемоглобина синтезируются ранее, в передретикулоцитарных стадиях дифференцирования клетки. Ретикулоцит теряет РНК и способность производить гемоглобин, когда превращается в зрелый эритроцит. В стадии ретикулоцитов эритроцит находится в течение одного дня в костном мозге и еще один день в периферической крови.</p>\r\n\r\n<p>Кровеносная система соединяет и питает все органы, поэтому очень важно следить за ее состоянием и регулярно проводить общий анализ крови. При проведении общего анализа крови следует обратить внимание на размер, цвет и форму кровяных телец. По отклонению формы и размера клеток от нормального можно судить о пойкилоцитозе и анизоцитозе.</p>\r\n\r\n<p><strong>Сигнальное сообщение гематологического анализатора &laquo;Анизоцитоз&raquo;: на какие показатели обратить внимание</strong></p>\r\n\r\n<p>Специалистам лабораторий часто приходится отвечать на вопрос по интерпретации показателей гематологического анализатора. Автоматический гематологический анализатор сам информирует о клинической картине пациента. Однако, на собраниях лаборантов самыми задаваемыми вопросами есть вопросы о том, на основании каких показателей делаются данные заключения, и вопросы интерпретации показателей гематологического анализатора. Попробуем объяснить эти аспекты на примере интерпретации значений показателей RDW-SD и RDW-CV в диагностике анизоцитоза.</p>\r\n\r\n<p>Анизоцитоз крови - это превышение уровня количества клеток нестандартного размера. В зависимости от того, какие форменные элементы крови изменили свой размер, различают анизоцитоз эритроцитов и анизоцитоз тромбоцитов.</p>\r\n\r\n<p><img alt=\"\" src=\"https://diameb.ua/uploads/editor/2_interpr_%20RDW1.png\" style=\"float:right; height:249px; width:428px\" /></p>\r\n\r\n<p>Анизоцитоз эритроцитов в общем анализе крови свидетельствует о том, что размер кровяных частиц отличается от стандартного. Нормальный размер эритроцитов составляет 7,5-8,3 мкм. Допускается присутствие в крови небольшого количества эритроцитов нестандартного размера (по сравнению с общим количеством). В среднем эта величина составляет 30%. Считается нормой, если в крови 15% клеток имеют размер, меньший по сравнению со стандартным, а 15% клеток имеют больший, чем у них, диаметр. Эритроциты с меньшим диаметром (&lt;6,9 мкм) называются микроцитами. Большие по диаметру эритроциты делятся еще на две группы:</p>\r\n\r\n<ul>\r\n	<li>макроциты 8 мкм&lt;d&lt;12 мкм;</li>\r\n	<li>мегалоциты: d&gt;12 мкм.</li>\r\n</ul>\r\n\r\n<p>Если клетки крови значительно отличаются по размеру от допустимой величины, будет поставлен диагноз &laquo;Повышенный анизоцитоз эритроцитов&raquo;.</p>\r\n\r\n<p>Исходя из того, клетки каких размеров преобладают в крови, различают микроцитоз, смешанный тип и макроцитоз. Анизоцитоз смешанного типа занимает промежуточное место между микроцитозом и макроцитозом; этот тип характеризуется присутствием в крови как мелких так и крупных кровяных телец. Например, анизоцитоз смешанного типа с преобладанием микроцитов означает, что в крови размеры частиц неоднородны, но большинство составляют мелкие по диаметру частицы.</p>\r\n\r\n<p>Для обозначения степени гетерогенности существует специальный индекс - RDW (&laquo;ширина распределения красных клеток&raquo;) или индекс анизоцитоза эритроцитов. То есть, RDW демонстрирует неоднородность размеров популяции эритроцитов в исследуемом образце.</p>\r\n\r\n<p>Выделяют два типа показателей - RDW-CV и RDW-SD. Первый, RDW-CV, показывает процентное распределение клеток по величине. Второй, RDW-SD, - их стандартное отклонение, то есть разницу в размере между наименьшим и наибольшим эритроцитом в образце крови.</p>\r\n\r\n<p>Определение индекса RDW-CV проводится гематологическим анализатором автоматически по специальной формуле, в которой учитывается средний объем эритроцитов MCV крови и среднее квадратическое отклонение от MCV. Рассчитанный таким образом показатель принято обозначать в процентах. Норма RDW-CV составляет 11-15%. RDW-CV напрямую зависит от значения среднего объема эритроцитов MCV, поэтому, если большинство из клеток в популяции будут маленькими (как при микроцитозе), показатель RDW-CV останется в пределах нормы. RDW-CV менее чувствителен к присутствию небольшой популяции микроцитов, макроцитов или ретикулоцитов, но лучше отражает общие изменения в размере эритроцитов при макроцитарной или микроцитарной анемии.</p>\r\n\r\n<p>Также в результатах анализа крови можно встретить и показатель RDW-SD. Этот показатель определяется по другой методике и не зависит от среднего объема эритроцитов. Определение RDW-SD представляет собой прямое измерение ширины эритроцитарной гистограммы на уровне 20% высоты кривой; высота RBC-гистограммы принимается за 100%. Измеряется RDW-SD в фл (фемтолитрах) и отражает разницу между максимальным и минимальным объемом клеток эритроцитов в исследуемом образце. В норме RDW-SD составляет 35-60 фл. RDW-SD является более чувствительным показателем при появлении в популяции эритроцитов небольшого количества макроцитов и микроцитов, так как измеряет нижнюю часть кривой распределения эритроцитов по объему. Также этот показатель будет быстрее меняться при ретикулоцитозе, поскольку будет наблюдаться уширение основания эритроцитарной гистограммы.</p>\r\n\r\n<p><strong>Клиническая ценность величины RDW в постановке диагноза</strong></p>\r\n\r\n<p>Интерпретация величины RDW в результатах анализов всегда проводится параллельно с оценкой среднего объема эритроцитов (MCV), так как довольно часто ширина распределения эритроцитов остается в норме при наличии однородной популяции клеток при микроцитозе или макроцитозе.</p>\r\n\r\n<p>Если RDW в анализе крови повышен, у пациента можно предположить следующие патологические состояния:</p>\r\n\r\n<ol>\r\n	<li>Железодефицитная анемия</li>\r\n	<li>Гемолитическая анемия иммунного характера</li>\r\n	<li>Мегалобластная анемия (при недостатке витаминов В9 и В12)</li>\r\n	<li>Гемоглобинопатия</li>\r\n</ol>\r\n\r\n<p>Повышенные значения показателя RDW также характерны для пациентов с заболеваниями печени и пациентов, перенесших переливание крови. Кроме того, индекс анизоцитоза может быть завышен ошибочно, если в исследуемом образце присутствуют холодовые агглютинины. Также стоит отметить патологии, при которых RDW не меняется. К ним относятся: бета-талассемия, малокровие при тяжелых хронических заболеваниях, серповидно-клеточная анемия, острые геморрагическия и апластическая анемия, сфероцитоз.</p>\r\n\r\n<p>Важным является тот факт, что проведение исследования на автоматическом гематологическом анализаторе является более точным, поскольку показатель ширины распределения эритроцитов может вырасти еще до появления изменений со стороны эритроцитов, и значение гемоглобина, то есть увеличение индекса анизоцитоза, можно назвать ранним маркером анемии. Стоит отметить, что во время лечения железодефицитной анемии показатель RDW не только не уменьшается, но и увеличивается, при этом заметно меняется гистограмма (на кривой распределения появляются два пика). Это связано с тем, что появляются молодые клетки, отличающиеся по размеру от зрелых эритроцитов. Если медикаментозная терапия оказывается эффективной, индекс анизоцитоза нормализуется, но он нормализуется самым последним из всех эритроцитарных индексов.</p>\r\n\r\n<p><a href=\"https://diameb.ua/ru/product/55\" target=\"_blank\"><img alt=\"\" src=\"https://diameb.ua/uploads/editor/3_interpr_%20RDW1.png\" style=\"float:right; height:250px; width:267px\" /></a></p>\r\n\r\n<p><a href=\"/ru/\">Компания &laquo;Диамеб Трейд&raquo;</a>&nbsp;предлагает <a href=\"/ru/product/category/10\">автоматические гематологические анализаторы</a>&nbsp;европейского производителя компании DIATRON. Данные анализаторы измеряют, кроме других стандартных показателей, ширину распределения красных кровяных клеток (RDW) в двух вариантах: RDW-CV и RDW-SD, что в полной мере показывает неоднородность размеров популяции эритроцитов в исследуемом образце. Широкая линейка анализаторов DIATRON представлена ​​анализаторами различной производительности (от 30 до 80 тестов в час), с различными техническими характеристиками (модуль малого образца, функция автопрокола, автозагрузки и т. д.). Это позволяет в полной мере обеспечить потребности лабораторий различной величины и направления (ЦПМСП, семейные врачи, педиатрия, онкология и т. д.). Компания предлагает индивидуальный подход к каждому клиенту по условиям оплаты, доставки и обслуживания. Обеспечиваем гарантийное и послегарантийное сервисное обслуживание.</p>','ru',NULL,NULL,NULL),(15,5,'Interpretation of RDW-SD and RDW-CV values in the diagnosis of anisocytosis','<p>Very often, clients of laboratories where blood tests are performed on automatic hematology analyzers ask for clarification of the results obtained for all parameters of the general blood test. The question is natural, because instead of the usual five indicators, patients receive a printout, which contains from 18 to 22 indicators. Product Manager of the company &quot;Diameb Trade&quot; Svyatoslav Polovkovych brings to your attention an article that will help doctors and laboratory specialists to clarify this issue to patients.</p>\r\n\r\n<p><strong>Blood, its functions and what does &ldquo;erythrocytes&rdquo; mean</strong></p>\r\n\r\n<p>Blood is one of the important components of a living organism. It has the form of liquid tissue consisting of plasma and formed elements. By formed elements, we mean platelets, erythrocytes and leucocytes.</p>\r\n\r\n<p>Erythrocytes or &quot;red blood cells&quot; (RBC) are nuclear-free cells that have a concave disc shape. The absence of a nucleus in erythrocytes and their shape provide them with the most optimal properties in the process of gas exchange and maintaining osmotic resistance. The normal size of the erythrocyte is 7.5-8.3 &micro;m; life expectancy is 90-120 days. Red blood cells have antigenic properties, based on which four main blood groups are distinguished. The cytoplasm of erythrocyte by 96% filled with hemoglobin. In addition to mature erythrocytes, normally, young erythrocytes - reticulocytes - can be found in the peripheral blood. These are nuclear-free cells with a large number of RNA and ribosomes, which have membrane receptors for transferrin. In the reticulocyte stage, up to 30% of the total hemoglobin in the erythrocyte can be produced. Another 70-80% of hemoglobin is synthesized earlier, in the pre-reticular cell differentiation stages. Reticulocyte loses RNA and the ability to produce hemoglobin when it turns into a mature erythrocyte. In the reticulocyte stage, the erythrocyte exists in the bone marrow for one day and another day - in the peripheral blood.</p>\r\n\r\n<p>The circulatory system connects and nourishes all organs, so it is very important to monitor its condition and regularly perform a general blood test. When conducting a general blood test should pay attention to the size, color and shape of blood cells. Poikilocytosis and anisocytosis can be considered based on the deviation of the shape and size of cells from normal values.</p>\r\n\r\n<p><strong>Signaling message of hematological analyzer &quot;Anisocytosis&quot;:</strong></p>\r\n\r\n<p><strong>what indicators to pay attention to</strong></p>\r\n\r\n<p>Specialists of laboratories often have to answer the question on the interpretation of hematology analyzer indicators. Automatic hematology analyzer itself informs about the clinical picture of the patient. However, the most asked questions at meetings of laboratory assistants are questions on the basis of what indicators these conclusions are made, and questions of interpretation of hematology analyzer indicators. Let us try to explain these aspects using the example of the interpretation of the values ​​of the RDW-SD and RDW-CV indicators in the diagnosis of anisocytosis.</p>\r\n\r\n<p>Blood anisocytosis is the excess of the number of cells of non-standard size. Depending on which formed elements of blood have changed their size, anisocytosis of erythrocytes and platelet anisocytosis are distinguished.</p>\r\n\r\n<p><img alt=\"\" src=\"https://diameb.ua/uploads/editor/2_interpr_%20RDW1.png\" style=\"float:right; height:249px; width:428px\" /></p>\r\n\r\n<p>Erythrocyte anisocytosis in general blood test suggests that the size of blood particles differs from the standard. The normal size of erythrocytes is 7.5-8.3 &micro;m. The presence in the blood of a small number of red blood cells of a non-standard size (compared to the total) is allowed. On average, this value is 30%. It is considered normal if in the blood 15% of cells are smaller than standard cells, and 15% of cells are larger. Erythrocytes with a smaller diameter (&lt; 6.9 &micro;m) are called microcytes. Erythrocytes with a large diameter are divided into two groups:</p>\r\n\r\n<ul>\r\n	<li>macrocytes: 8 &micro;m &lt; d &lt; 12 &micro;m;</li>\r\n	<li>megalocytes: d &gt; 12 &micro;m.</li>\r\n</ul>\r\n\r\n<p>If the blood cells differ significantly in size from the allowable value, the patient can be diagnosed with &laquo;Increased erythrocyte anisocytosis&quot;.</p>\r\n\r\n<p>Based on the size of the cells that prevail in the blood, microcytosis, mixed type and macrocytosis are distinguished. Mixed-type anisocytosis is intermediate between microcytosis and macrocytosis; this type is characterized by the presence in the blood of both small and large blood cells. For example, mixed-type anisocytosis with a predominance of microcytes means that the particle sizes in the blood are not uniform, but the majority are small particles.</p>\r\n\r\n<p>To indicate the degree of heterogeneity, there is a special index - RDW (Red cell Distribution Width) or erythrocyte anisocytosis index. That is, the RDW demonstrates the inhomogeneity of the erythrocyte population size in the study sample.</p>\r\n\r\n<p>There are two types of indicators - RDW-CV and RDW-SD. The first, RDW-CV, shows the percentage distribution of cells by size. The second, RDW-SD, is their standard deviation, that is, the difference in size between the smallest and largest erythrocyte in a blood sample.</p>\r\n\r\n<p>A hematology analyzer determines using a special formula that takes into account mean corpuscular volume of erythrocytes (MCV) and the standard deviation from MCV, the RDW-CV index automatically. The indicator calculated in this way is expressed as a percentage. The rate of RDW-CV is 11-15%. RDW-CV directly depends on the value of the corpuscular volume of erythrocytes (MCV), therefore, if the majority of cells in the population are small (as in microcytosis), the RDW-CV will remain within the normal range. RDW-CV is less sensitive to the presence of a small population of microcytes, macrocytes or reticulocytes, but better reflects the overall changes in the size of erythrocytes during macrocytic or microcytic anemia.</p>\r\n\r\n<p>Also in the results of the blood test can be found indicator RDW-SD. This indicator is determined by a different method and does not depend on the corpuscular volume of erythrocytes. The determination of RDW-SD is a direct measurement of the width of erythrocytic histogram at 20% of the height of the curve; the height of the RBC histogram is taken as 100%. RDW-SD is measured in fl (femtoliters) and reflects the difference between the maximum and minimum volume of erythrocytes in the study sample. Normally, the RDW-SD is 35-60 fl. RDW-SD is a more sensitive indicator when a small number of macrocytes and microcytes appear in the erythrocyte population, since it measures the lower part of the erythrocyte distribution by volume. In addition, this indicator will change more quickly with reticulocytosis, since there will be a broadening of the base of the erythrocytic histogram.</p>\r\n\r\n<p><strong>The clinical value of RDW in the diagnosis</strong></p>\r\n\r\n<p>Interpretation of the RDW value in test results is always carried out in parallel with the valuation of the mean corpuscular volume of erythrocytes (MCV), since quite often the red cell distribution width remains normal in the presence of a homogeneous cell population during microcytosis or macrocytosis.</p>\r\n\r\n<p>If the RDW is elevated in the blood test, the patient can assume the following pathological conditions:</p>\r\n\r\n<ol>\r\n	<li>Iron deficiency anemia</li>\r\n	<li>Hemolytic anemia of an immune nature</li>\r\n	<li>Megaloblastic anemia (with a deficiency of vitamins B9 and B12)</li>\r\n	<li>Hemoglobinopathy</li>\r\n</ol>\r\n\r\n<p>Elevated values of RDW are also characteristic of patients with liver diseases and patients undergoing blood transfusions. In addition, the anisocytosis index may be overestimated erroneously if cold agglutinins are present in the study sample. It is also worth noting the pathologies in which RDW does not change. These include beta-thalassemia, anemia in severe chronic diseases, sickle cell anemia, acute hemorrhagic and aplastic anemia, and spherocytosis.</p>\r\n\r\n<p>It is important that the study on an automated hematology analyzer is more accurate, since RDW can grow even before the appearance of changes in the red blood cells, and the hemoglobin value, that is, an increase in the anisocytosis index, can be called an early marker of anemia. It should be noted that during the treatment of iron deficiency anemia, the RDW indicator not only does not decrease, but also increases, and the histogram changes noticeably (two peaks appear on the distribution curve). This is due to the fact that there are young cells that differ in size from mature erythrocytes. If drug therapy is effective, anisocytosis index is normalized, but it normalizes the latest of all red blood cell indices.</p>\r\n\r\n<p><a href=\"https://diameb.ua/en/product/55\" target=\"_blank\"><img alt=\"\" src=\"https://diameb.ua/uploads/editor/3_interpr_%20RDW1.png\" style=\"float:right; height:240px; width:257px\" /></a></p>\r\n\r\n<p><a href=\"/en/\">The &quot;Diameb Trade&quot; company</a>&nbsp;offers <a href=\"/en/product/category/10\">automatic hematological analyzers</a>&nbsp;of the European manufacturer the DIATRON Company. These analyzers measure, in addition to other standard indicators, the red cell distribution width (RDW) in two variants: RDW-CV and RDW-SD, which fully shows the inhomogeneity of erythrocyte population sizes in the sample under study. A wide range of DIATRON analyzers is represented by analyzers of various capacities (from 30 to 80 tests per hour), with different technical characteristics (small sample module, auto puncture function, autoloading, etc.). This allows you to fully meet the needs of laboratories of various sizes and directions (primary care health centers, family doctors, pediatrics, oncology, etc.). The company offers an individual approach to each client under the terms of payment, delivery and service. We provide warranty and after-sales service.</p>','en',NULL,NULL,NULL),(19,7,'Декілька цікавих фактів відносно аналізу коагуляції','<p>На сьогоднішній день існує велике різноманіття систем для дослідження системи гемостазу:</p>\r\n\r\n<ul>\r\n	<li>механічні,</li>\r\n	<li>електрохімічні,</li>\r\n	<li>фотооптичні.</li>\r\n</ul>\r\n\r\n<p>Першими напівавтоматизованими коагулометрами були <strong>механічні системи</strong>, що працюють за віскозиметричним принципом вимірювання &ndash; утворення згустку фіксується за зупинкою руху кульки. Система не може володіти максимальною точністю у зв&rsquo;язку із технічними причинами &ndash; за тривалість коагуляції досліджуваної проби приймається час з моменту введення в пробу антикоагулянту і натискання кпопки &laquo;Старт&raquo; до моменту зупинки кульки. З одного боку віскозиметричний принцип дозволив автоматизувати процес дослідження, а з іншого &ndash; точність при визначенні низьких концентрацій невелика, важко визначити перші секунди утворення згустку, час-від-часу кульку потрібно перезаряджати, а також, щоб кульки не ржавіли, їх покривають олією, вплив якої на результати досліджень може бути значним.</p>\r\n\r\n<p><strong>Електрохімічні системи</strong> є найбільш специфічними і використовуються вкрай рідко. Дані системи призначені для роботи біля ліжка пацієнта та володіють функцією iSTAT POC. Для тромбіну використовується синтетичний субстрат для тромбіну, а коли субстрат розщеплюється тромбіном, то вивільняється електрично заряджена молекула. Визначення проводиться поточним потоком (амперометично). Серед вітчизняних лабораторій електрохімічні системи не є популярними.</p>\r\n\r\n<p>Найоптимальнішими для роботи системами є <strong>оптичні коагулометри</strong>, що дозволяють отримати більш точні значення при вимірюванні низьких показників згортання, виключають забруднення проби сторонніми речовинами та дозволять зменшити об&rsquo;єм проби у порівнянні з механічними коагулометрами, що дуже суттєво для педіатрії. Оптичні коагулометри мають функцію автоматичного старту, є ергономічними та зручними у роботі.</p>\r\n\r\n<p><strong>Фотооптичні коагулометри європейського виробника Diagon</strong></p>\r\n\r\n<p>На ринку України представлені <a href=\"/uk/product/category/13\">фотооптичні коагулометри</a>&nbsp;європейського виробника Diagon, що включають як невеликі напівавтоматичні двохканальні системи, так і великі автоматизовані системи, що дозволять проводити одночасне завантаження на борт апарата зразків більш як 100 пацієнтів.</p>\r\n\r\n<p>Значною перевагою коагулометрів Diagon є автоматичне калібрування у випадку використання оригінальних реагентів виробника, а також окреме розширене меню для контролю якості повсякденних досліджень. Для ургентних лабораторій корисною буде функція STAT &ndash; термінове дослідження обраних пацієнтів. Системи поєднали у собі три принципи вимірювання:</p>\r\n\r\n<ul>\r\n	<li>хромогенний,</li>\r\n	<li>клотинговий,</li>\r\n	<li>імунотурбідиметричний,</li>\r\n</ul>\r\n\r\n<p>що дозволило розширити меню тестів. Об&rsquo;єм реакційної суміші для даних систем становить 150-300 мкл, що дозволяє економно використосвувати реагенти.</p>\r\n\r\n<p>Для того, щоб аналіз коагуляції був максимально точним, слід виключити помилки преаналітичного етапу, оскільки у 60% випадків саме преаналітичний етап стає причиною невідних показників. Корисним для лабораторій став протокол CLSI H21-A5, що описує ключові моменти преаналітики. В даному європейському протоколі враховані такі змінні як:</p>\r\n\r\n<ul>\r\n	<li>пацієнт,</li>\r\n	<li>технологія забору крові,</li>\r\n	<li>антикоагулянти та пробірки,</li>\r\n	<li>центрифугування,</li>\r\n	<li>обробка зразка та відділення плазми,</li>\r\n	<li>зберігання зразка,</li>\r\n	<li>транспортування та інтерферуючі речовини.</li>\r\n</ul>\r\n\r\n<p>Найпоширенішою помилкою є використання невірної концентрації антикоагулянта. На даний час на ринку присутні:</p>\r\n\r\n<ul>\r\n	<li>пробірки з вмістом Na-цитрату 3,2%</li>\r\n	<li>пробірки з вмістом Na-цитрату 3,8%.</li>\r\n</ul>\r\n\r\n<p>Вірним є використання Na-цитрату меншої концентрації, оскільки такі пробірки менш чутливі до невідповідного об&rsquo;єму крові у пробірці. Мінімальний об&rsquo;єм забору крові становить 90% від стандарту, тому що саме таке наповнення гарантує стабільність та точність результатів.</p>\r\n\r\n<p>Для оцінки системи гемостазу зразки рекомендовано зберігати зразки не більше 4-х годин перед дослідженням при кімнатній температурі (до 23⁰С), а також їх можна зберігати при температурі 2-8⁰С (окрім фактора VII &ndash; відбувається холодова активація). В жодному разі не слід розміщувати зразки на лід, що є застарілою методикою для пролонгації зберігання зразків. Транспортувати плазму також не рекомендовано, оскільки показники коагулограми є дуже чутливими. При необхідності транспортування спочатку слід провести центрифугування.</p>','uk',NULL,NULL,NULL),(20,7,'Несколько интересных фактов относительно анализа коагуляции','<p>На сегодняшней день существует большое разнообразие систем для исследования системы гемостаза:</p>\r\n\r\n<ul>\r\n	<li>механические,</li>\r\n	<li>электрохимические,</li>\r\n	<li>фотооптические.</li>\r\n</ul>\r\n\r\n<p>Первыми полуавтоматизированимы коагулометрами были <strong>механические системы</strong>, работающие по вискозиметрическому принципу измерения - образование сгустка фиксируется остановкой движения шарика. Система не может обладать максимальной точностью в связи с техническими причинами - за продолжительность коагуляции исследуемой пробы принимается время с момента введения в пробу антикоагулянта и нажатия кпопки &laquo;Старт&raquo; до момента остановки шарика. С одной стороны, вискозиметричний принцип позволил автоматизировать процесс исследования, а с другой - точность при определении низких концентраций небольшая, трудно определить первые секунды образования сгустка, время от времени шарик нужно перезаряжать, а также, чтобы шарики не ржавели, их покрывают маслом, влияние которой на результаты исследований может быть значительным.</p>\r\n\r\n<p><strong>Электрохимические системы</strong> являются наиболее специфическими и используются крайне редко. Данные системы предназначены для работы у постели пациента и обладают функцией iSTAT POC. Для тромбина используется синтетический субстрат, а когда субстрат расщепляется тромбином, то высвобождается электрически заряженная молекула. Определение проводится текущим потоком (амперометично). Среди отечественных лабораторий электрохимические системы не популярны.</p>\r\n\r\n<p>Оптимальными для работы системами являются <strong>оптические коагулометры</strong>, позволяющие получить более точные значения при измерении низких показателей свертывания, исключают загрязнение пробы посторонними веществами и позволят уменьшить объем пробы по сравнению с механическими коагулометрамы, что очень существенно для педиатрии. Оптические коагулометры имеют функцию автоматического старта, есть эргономичными и удобными в работе.</p>\r\n\r\n<p><strong>Фотооптические коагулометры европейского производителя Diagon</strong></p>\r\n\r\n<p>На рынке Украины <a href=\"/ru/product/category/13\">представлены фотооптические коагулометры</a>&nbsp;европейского производителя Diagon, включающих как небольшие полуавтоматические двухканальные системы, так и крупные автоматизированные системы, позволяющие проводить одновременную загрузку на борт аппарата образцов более 100 пациентов.</p>\r\n\r\n<p>Значительным преимуществом коагулометров Diagon является автоматическая калибровка в случае использования оригинальных реагентов производителя, а также отдельное расширенное меню для контроля качества повседневных исследований. Для ургентных лабораторий полезной будет функция STAT - срочное исследование избранных пациентов. Системы объединили в себе три принципа измерения:</p>\r\n\r\n<ul>\r\n	<li>хромогенный,</li>\r\n	<li>клоттинговый,</li>\r\n	<li>имунотурбидиметрический,</li>\r\n</ul>\r\n\r\n<p>что позволило расширить меню тестов. Объем реакционной смеси для данных систем составляет 150-300 мкл, что позволяет экономно использовать реагенты.</p>\r\n\r\n<p>Для того, чтобы анализ коагуляции был максимально точным, следует исключить ошибки преаналитического этапа, поскольку в 60% случаев именно преаналитического этапа становится причиной невидних показателей. Полезным для лабораторий стал протокол CLSI H21-A5, который описывает ключевые моменты преаналитикы. В данном европейском протоколе учтены такие переменные как:</p>\r\n\r\n<ul>\r\n	<li>пациент,</li>\r\n	<li>технология забора крови,</li>\r\n	<li>антикоагулянты и пробирки,</li>\r\n	<li>центрифугирование,</li>\r\n	<li>обработка образца и отделение плазмы,</li>\r\n	<li>хранение образца,</li>\r\n	<li>транспортировка и интерферирующее вещества.</li>\r\n</ul>\r\n\r\n<p>Самой распространенной ошибкой является использование неправильной концентрации антикоагулянта. В настоящее время на рынке присутствуют:</p>\r\n\r\n<ul>\r\n	<li>пробирки с содержанием Na-цитрата 3,2%,</li>\r\n	<li>пробирки с содержанием Na-цитрата 3,8%.</li>\r\n</ul>\r\n\r\n<p>Верным является использование Na-цитрата меньшей концентрации, поскольку такие пробирки менее чувствительны к несоответствующему объему крови в пробирке. Минимальный объем забора крови составляет 90% от стандарта, так как именно такое наполнение гарантирует стабильность и точность результатов.</p>\r\n\r\n<p>Для оценки системы гемостаза, образцы рекомендуется хранить не более 4-х часов перед исследованием при комнатной температуре (до 23⁰С), а также их можно хранить при температуре 2- 8⁰С (кроме фактора VII - происходит холодовая активация). Ни в коем случае не следует размещать образцы на лёд, так как эта методика является устаревшей для пролонгации хранения образцов. Транспортировать плазму тоже не рекомендуется, поскольку показатели коагулограммы очень чувствительны. При необходимости транспортировки, сначала следует провести центрифугирование.</p>','ru',NULL,NULL,NULL),(21,7,'A few interesting facts about coagulation analysis','<p>Today, there is a large variety of systems for the study of hemostasis:</p>\r\n\r\n<ul>\r\n	<li>mechanical,</li>\r\n	<li>electrochemical,</li>\r\n	<li>photo-optical.</li>\r\n</ul>\r\n\r\n<p>The first semi-automated coagulometers were <strong>mechanical systems</strong> operating on the viscometric principle of measurement - the stop of the ball movement fixes the clot formation. The system cannot have the maximum accuracy due to technical reasons &ndash; the duration of test sample coagulation takes the time from the moment of anticoagulant injection into the sample and the pressure of the &quot;Start&quot; button and until the ball stops. On the one hand, the viscometric principle allowed to automating the study process, and on the other hand - the accuracy in determining of low concentrations is small and it is difficult to determine the first seconds of the clot formation. That is why, from time to time ball needs to be recharged, and also that the balls do not rust, they are covered with oil, otherwise, it can significantly effect on the test results.</p>\r\n\r\n<p><strong>Electrochemical systems</strong> are the most specific and used extremely rarely. These systems are to work at the patient&#39;s bed and have the iSTAT POC function. For thrombin, a synthetic substrate is used, and when thrombin splits the substrate, an electrically charged molecule is released. The determination is carried out by the current flow (amperometrically). Electrochemical systems are not popular in state laboratories.</p>\r\n\r\n<p>The most optimal systems for operation are <strong>optical coagulometers</strong>, which allow obtaining values that are more precise during measuring of low values of clotting, to eliminate contamination of samples by other substances and reduce the volume of sample compared with mechanical coagulometers, which is very important for pediatrics. Optical coagulometers have an auto-start function, are ergonomic and easy to operate.</p>\r\n\r\n<p><strong>Photo-optical coagulometers</strong><strong> of the European manufacturer Diagon</strong></p>\r\n\r\n<p>On the Ukrainian market are <a href=\"/en/product/category/13\">photo-optical coagulometers</a>&nbsp;of the European manufacturer Diagon, which includes both small semi-automatic two-channel systems and large automated systems that allow simultaneous loading of more than 100 patients.</p>\r\n\r\n<p>A significant advantage of Diagon coagulometers is automatic calibration in case of the use of original manufacturer reagents, as well as a separate extended menu for monitoring the quality control of daily research. For urgent laboratories the STAT function will be useful - an urgent research of the selected patients. The systems combine three principles of measurement:</p>\r\n\r\n<ul>\r\n	<li>chromogenic,</li>\r\n	<li>clotting,</li>\r\n	<li>immunoturbidimetric,</li>\r\n</ul>\r\n\r\n<p>which allowed expanding the test menu. The volume of the reaction mixture for these systems is 150-300 &mu;l, which allows economically use reagents.</p>\r\n\r\n<p>For the accurate analysis of coagulation, it is necessary to exclude errors of the preanalytical phase, since in 60% of cases the preanalytical phase becomes the cause of non-existent values. The CLSI H21-A5 protocol, which describes the key points of the preanalytics, is useful for laboratories. In this European protocol are taken into account such variables as:</p>\r\n\r\n<ul>\r\n	<li>patient,</li>\r\n	<li>technology of blood collection,</li>\r\n	<li>anticoagulants and test tubes,</li>\r\n	<li>centrifugation,</li>\r\n	<li>sample processing and plasma separation,</li>\r\n	<li>sample storage,</li>\r\n	<li>transport and interfering substances.</li>\r\n</ul>\r\n\r\n<p>The most common mistake is to use an incorrect anticoagulant concentration. At present, on the market are test tubes which contain 3,2% and 3,8% of Na-citrate. The use of less concentrated Na-citrate is correct, since such tubes are less sensitive to inappropriate volume of blood in the test tube. The minimum volume of blood collection is 90% of the standard, because this content guarantees the stability and accuracy of the results.</p>\r\n\r\n<p>For evaluation of the hemostasis system, is recommended to store specimens no longer than 4 hours until use at room temperature (to 23&deg;C), and also they can be stored at 2-8&deg;C (except factor VII - there is a cold activation). In no case, place samples on ice, which is an outdated technique for prolonging storage of samples. In addition, plasma transportation is not recommended, since coagulogram indicators are very sensitive. Centrifugation is required before transportation.</p>','en',NULL,NULL,NULL),(22,8,'Проведение паразитологических исследований во время планового медицинского осмотра школьников','<p>К сожалению, довольно часто медицинский осмотр школьников перед началом учебы является формальностью для родителей, особенно диагностика паразитарных поражений организма.</p>\r\n\r\n<p>По официальным данным ВОЗ, паразиты устойчиво занимают 4 место по нанесению вреда здоровью людей во всем мире. Дети являются основной группой риска, поскольку среди всех зарегистрированных случаев гельминтозов, 80% - случаи среди детей.</p>\r\n\r\n<p>Заражение паразитами негативно влияет на весь организм, вызывая:</p>\r\n\r\n<ul>\r\n	<li>диспепсические расстройства,</li>\r\n	<li>аллергические реакции,</li>\r\n	<li>чувство усталости,</li>\r\n	<li>плохой сон,</li>\r\n	<li>повышенную температуру,</li>\r\n	<li>и многие другие симптомы, которые не всегда ассоциируются именно с паразитическим поражением организма.</li>\r\n</ul>\r\n\r\n<p>На нашей территории, в большинстве, распространены два вида паразитов: острицы и аскариды. Типичным для них является обобщение &laquo;кишечные нематоды&raquo;. Только в 10% случаев паразитарные заболевания, вызванные другими видами. Аскариды - паразиты, которые по размерам могут достигать до 15 см и локализуются в тонком кишечнике. Острицы - значительно меньше, размером до одного сантиметра, но не менее вредные для организма ребенка, и локализуются в толстом кишечнике. Довольно редко, но все же встречаются и другие виды - некатор, трихинеллы, описторхи, анкилостома и т.п.</p>\r\n\r\n<p>Независимо от вида и локализации все паразиты оказывают негативное влияние на организм ребенка, потому что они питаются готовыми питательными веществами, которые поступают в организм с пищей. Более того, паразиты выделяют значительное количество токсинов, которые негативно влияют на общее состояние. В результате отравления токсинами появляются следующие симптомы: бессонница, головная боль, а иногда даже чувство тревоги. Глисты могут питаться также лейкоцитами и быть причиной малокровия. Аллергии, дерматиты, трудно поддающиеся лечению, не так редко вызванные паразитарным поражением.</p>\r\n\r\n<p><strong>Оптимальный метод выявления гельминтов?</strong></p>\r\n\r\n<p>Таким методом является паразитологическое исследования с использованием концентраторов Parasep. <a href=\"/ru/product/category/9\">Parasep</a> - одноразовые пробирки, предназначенные для концентрирования кишечных паразитов методом центрифугирования через специализированный фильтр. Данная технология позволяет обнаружить около 20 видов гельминтов, а успешная диагностика является не менее важной как правильное лечение. Новейшая технология паразитологических исследований была разработана в Англии и протестирована в сотнях лабораторий в Европе и США.</p>\r\n\r\n<p><strong>В чем преимущество исследований з Parasep?</strong></p>\r\n\r\n<p>Забор материала проводится в пробирку, содержащую фиксатив, и позволяет сохранять зафиксированный материал до 4-х недель. Больше не нужно доставлять свежо собранный материал в лабораторию. Parasep обеспечивает не только точную диагностику, а также удобство доставки и хранения биологического материала.</p>\r\n\r\n<p><strong>Всегда ли можно найти паразитов с первого раза?</strong></p>\r\n\r\n<p>Нет, не всегда. Иногда в зависимости от цикла развития конкретного паразита понадобится повторное исследование. Для грамотной интерпретации результатов и определения необходимости повторного проведения тестирования следует обращаться к врачу.</p>','ru',NULL,NULL,NULL),(23,8,'Проведення паразитологічних досліджень під час планового медичного огляду школярів','<p>На жаль, доволі часто медичний огляд школярів перед початком навчання є формальністю для батьків, а особливо діагностика паразитарних уражень організму.</p>\r\n\r\n<p>За офіційними даними ВООЗ паразити стійко займають 4 місце по нанесенню шкоди здоров&rsquo;ю людей у всьому світі. Діти є основною групою ризику, оскільки серед усіх зареєстрованих випадків гельмінтозів 80% - випадки серед дітей.</p>\r\n\r\n<p>Зараження паразитами негативно впливає на весь організм, викликаючи:</p>\r\n\r\n<ul>\r\n	<li>диспепсичні розлади,</li>\r\n	<li>алергічні реакції,</li>\r\n	<li>відчуття втоми,</li>\r\n	<li>поганий сон,</li>\r\n	<li>підвищену температуру,</li>\r\n	<li>та багато інших симптомів, які не завжди асоціюються саме з паразитичним ураженням організму.</li>\r\n</ul>\r\n\r\n<p>На нашій території поширені в переважній більшості два види паразитів: гострики і аскариди. Типовим для них є узагальнення &laquo;кишкові нематоди&raquo;. Лише у 10% випадків паразитарні захворювання спричинені іншими видами. Аскариди - паразити, які за розмірами можуть досягати до 15 см та локалізуються в тонкому кишечнику. Гострики - значно менші, розміром до одного сантиметра, але не менш шкідливі для організму дитини з локалізацією в товстому кишечнику. Доволі рідко, але все ж трапляються й інші види - некатор, трихінели, опісторхи, анкілостома і т.п.</p>\r\n\r\n<p>Незалежно від виду та локалізації всі паразити чинять негативний вплив на організм дитини, тому що вони харчуються поживними речовинами, які надходять в організм з їжею. Більш того, паразити виділяють значну кількість токсинів, які негативно впливають на загальний стан. Як результат отруєння токсинами з&#39;являються наступні симптоми: безсоння, головний біль, а інколи навіть відчуття тривоги. Глисти можуть харчуватись також лейкоцитами і бути причиною недокрів&#39;я. Алергії, дерматити, що важко піддаються лікуванню, не так рідко спричинені паразитарним ураженням.</p>\r\n\r\n<p><strong>Який оптимальний метод виявлення гельмінтів?</strong></p>\r\n\r\n<p>Таким методом є паразитологічне дослідження з використанням концентраторів Parasep. <a href=\"/uk/product/category/9\">Parasep</a> - одноразові пробірки, призначені для концентрування кишкових паразитів методом центрифугування через спеціалізований фільтр. Дана технологія дозволяє виявити близько 20-ти видів гельмінтів, а успішна діагностика є не менш важливою як правильне лікування. Новітня технологія паразитологічних досліджень була розроблена в Англії та протестована у сотні лабораторій в Європі та США.</p>\r\n\r\n<p><strong>В чому перевага досліджень з Parasep?</strong></p>\r\n\r\n<p>Забір матеріалу проводиться у пробірку, що вміщує фіксатив, та дозволяє зберігати зафіксований матеріал до 4-х тижнів. Більше не потрібно доставляти свіжо зібраний матеріал у лабораторію. Parasep забезпечує не лише точну діагностику, а також зручність доставки і зберігання біологічного матеріалу.</p>\r\n\r\n<p><strong>Чи завжди можна виявити паразитів з першого разу?</strong></p>\r\n\r\n<p>Ні, не завжди. Інколи у залежності від циклу розвитку конкретного паразита знадобиться повторне дослідження. Для грамотної інтерпретації результатів та визначення необхідності повторного проведення тестування слід звертатись до лікаря.</p>','uk',NULL,NULL,NULL),(24,8,'Conduction of parasitological studies during the planned medical examination of pupils','<p>Unfortunately, quite often the medical examination of pupils before the beginning of the school is a formality for parents, and especially the diagnosis of parasitic affections of the body.</p>\r\n\r\n<p>According to official WHO data, parasites consistently occupy the 4th place in causing damage to human health around the world. Children are the main group of risk, since among all registered cases of helminthiasis, 80% - among children.</p>\r\n\r\n<p>Parasitic infections have a negative influence on the organism, causing:</p>\r\n\r\n<ul>\r\n	<li>dyspeptic disorders,</li>\r\n	<li>allergic reactions,</li>\r\n	<li>feel of tiredness,</li>\r\n	<li>sleep disorder,</li>\r\n	<li>high temperature and,</li>\r\n	<li>many other symptoms that are not always associate with parasitic damage of the body.</li>\r\n</ul>\r\n\r\n<p>In our territory, in the vast majority, are distributed two types of parasites: pinworms and ascarids. Typical for them is the generalization of &quot;intestinal nematodes&quot;. Only in 10% of cases the parasitic diseases are caused by other species. Ascarids are parasites that can reach up to 15 cm in length and localize in the small intestine. Pinworms are much smaller, up to one centimeter in length, but not less harmful to the children&#39;s organism. They mostly localize in the large intestine. Rarely enough, but there are other types - necator americanus, trichinella, opisthorchis, ancylostoma, etc.</p>\r\n\r\n<p>Regardless of the type and location, all parasites have a negative effect on the children&#39;s body, because they feed on nutrients that enter to the body with food. Moreover, parasites emit a significant amount of toxins that negatively effect the general condition. As a result of poisoning with toxins, the following symptoms are: insomnia, headache, and sometimes even anxiety. Worms may also eat leukocytes and cause anemia. Allergies, dermatitis that difficult to treat, are not rarely caused by parasitic infections.</p>\r\n\r\n<p><strong>What is the best method of detecting helminths?</strong></p>\r\n\r\n<p>This method is the parasitological study with use of Parasep concentrators. <a href=\"/en/product/category/9\">Parasep</a> are disposable tubes intended for concentration of intestinal parasites by centrifugation through a specialized filter. This technology helps to detect about 20 types of helminths, and successful diagnosis is no less important, than proper treatment. The latest technology of parasitological research has been developed in England and tested in hundreds of laboratories in Europe and the United States.</p>\r\n\r\n<p><strong>What is the benefit of research with Parasep?</strong></p>\r\n\r\n<p>The material is collected in the test tube, containing a fixative, and allows to store fixed material for 4 weeks. No longer need to deliver freshly collected material to the laboratory. Parasep provides not only accurate diagnostics, but also the convenience of delivery and storage of biological material.</p>\r\n\r\n<p><strong>Is it always possible to detect parasites from the first time?</strong></p>\r\n\r\n<p>No, not always. Sometimes, depending on the development cycle of a particular parasite, retesting is required. For proper interpretation of the results and necessity of retesting, contact your doctor.</p>','en',NULL,NULL,NULL);

--
-- Table structure for table `bio`
--

CREATE TABLE `bio` (
  `id` int(11) NOT NULL AUTO_INCREMENT,
  `createdAt` datetime DEFAULT NULL,
  `updatedAt` datetime DEFAULT NULL,
  PRIMARY KEY (`id`)
) ENGINE=InnoDB AUTO_INCREMENT=2 DEFAULT CHARSET=utf8 COLLATE=utf8_unicode_ci;

--
-- Dumping data for table `bio`
--

INSERT INTO `bio` VALUES (1,'2013-11-19 11:19:44','2013-11-19 11:19:44');

--
-- Table structure for table `bio_service`
--

CREATE TABLE `bio_service` (
  `id` int(11) NOT NULL AUTO_INCREMENT,
  PRIMARY KEY (`id`)
) ENGINE=InnoDB AUTO_INCREMENT=7 DEFAULT CHARSET=utf8 COLLATE=utf8_unicode_ci;

--
-- Dumping data for table `bio_service`
--

INSERT INTO `bio_service` VALUES (1),(3),(4),(5),(6);

--
-- Table structure for table `bio_service_translation`
--

CREATE TABLE `bio_service_translation` (
  `id` int(11) NOT NULL AUTO_INCREMENT,
  `translatable_id` int(11) DEFAULT NULL,
  `title` varchar(255) COLLATE utf8_unicode_ci DEFAULT NULL,
  `first_column` longtext COLLATE utf8_unicode_ci DEFAULT NULL,
  `locale` varchar(255) COLLATE utf8_unicode_ci NOT NULL,
  `second_column` longtext COLLATE utf8_unicode_ci DEFAULT NULL,
  PRIMARY KEY (`id`),
  UNIQUE KEY `UNIQ_50C527782C2AC5D34180C698` (`translatable_id`,`locale`),
  KEY `IDX_50C527782C2AC5D3` (`translatable_id`),
  CONSTRAINT `FK_50C527782C2AC5D3` FOREIGN KEY (`translatable_id`) REFERENCES `bio_service` (`id`) ON DELETE CASCADE
) ENGINE=InnoDB AUTO_INCREMENT=17 DEFAULT CHARSET=utf8 COLLATE=utf8_unicode_ci;

--
-- Dumping data for table `bio_service_translation`
--

INSERT INTO `bio_service_translation` VALUES (1,1,'- реагенти для діагностики порушень з боку всіх систем організму:','<ul>\r\n	<li>нервової системи;</li>\r\n	<li>шкіри;</li>\r\n	<li>нирок (гострі та хронічні порушення);</li>\r\n	<li>серцево-судинної системи;</li>\r\n</ul>','uk','<ul>\r\n	<li>системи гемостазу;</li>\r\n	<li>шлунково-кишкового тракту (у т. ч.&nbsp;печінки та підшлункової залози);</li>\r\n	<li>діагностику захворювань ока;</li>\r\n	<li>системи клітинного та гуморального імунітету;</li>\r\n</ul>'),(3,3,'- найширшу автоімунну панель (класичний ІФА та імуноблот);',NULL,'uk',NULL),(4,4,'- діагностику більшості інфекційних захворювань (класичний ІФА, імуноблот, експрес-тести); діагностику рідкісних інфекцій;',NULL,'uk',NULL),(5,5,'- реагенти для наукових досліджень:','<ul>\r\n	<li>цитокіни;</li>\r\n	<li>молекули міжклітинної адгезії;</li>\r\n	<li>матриксні металопротеїнази;</li>\r\n</ul>','uk','<ul>\r\n	<li>ейкозаноїди;</li>\r\n	<li>білки теплового шоку;</li>\r\n</ul>'),(6,6,'- реагенти для досліджень лабораторних тварин.',NULL,'uk',NULL),(7,1,'- реагенты для диагностики нарушений со стороны всех систем организма:','<ul>\r\n	<li>нервной системы;</li>\r\n	<li>кожи;</li>\r\n	<li>почек (острые и хронические нарушения);</li>\r\n	<li>сердечно-сосудистой системы;</li>\r\n</ul>','ru','<ul>\r\n	<li>системы гемостаза;</li>\r\n	<li>желудочно-кишечного тракта (в т.ч.&nbsp;печени и поджелудочной железы);</li>\r\n	<li>диагностику заболеваний глаза;</li>\r\n	<li>системы клеточного и гуморального иммунитета;</li>\r\n</ul>'),(8,1,'- reagents for the diagnosis of disorders of all body systems:','<ul>\r\n	<li>nervous system;</li>\r\n	<li>skin;</li>\r\n	<li>kidney (acute and chronic disorders);</li>\r\n	<li>cardiovascular system;</li>\r\n</ul>','en','<ul>\r\n	<li>hemostatic system;</li>\r\n	<li>gastrointestinal (including, liver and pancreas);</li>\r\n	<li>diagnosis of diseases of the eye;</li>\r\n	<li>of cellular and humoral immunity;</li>\r\n</ul>'),(9,3,'- широкую аутоиммунную панель (классический ИФА и иммуноблот);',NULL,'ru',NULL),(10,3,'- the widest autoimmune panel (classic ELISA and imunoblot);',NULL,'en',NULL),(11,4,'- диагностику большинства инфекционных заболеваний (классический ИФА, иммуноблот, экспресс-тесты), диагностику редких инфекций;',NULL,'ru',NULL),(12,4,'- diagnosis of most infectious diseases (classical ELISA, imunoblot, rapid tests), the diagnosis of rare diseases;',NULL,'en',NULL),(13,5,'- реагенты для научных исследований:','<ul>\r\n	<li>цитокины;</li>\r\n	<li>молекулы межклеточной адгезии;</li>\r\n	<li>матриксные металлопротеиназы;</li>\r\n</ul>','ru','<ul>\r\n	<li>эйкозаноиды;</li>\r\n	<li>белки теплового шока;</li>\r\n</ul>'),(14,5,'- reagents for research:','<ul>\r\n	<li>cytokines;</li>\r\n	<li>intercellular adhesion molecule;</li>\r\n	<li>matrix metalloproteinase;</li>\r\n</ul>','en','<ul>\r\n	<li>eicosanoids;</li>\r\n	<li>heat shock proteins;</li>\r\n</ul>'),(15,6,'- реагенты для исследований лабораторных животных.',NULL,'ru',NULL),(16,6,'- reagents for studies of laboratory animals.',NULL,'en',NULL);

--
-- Table structure for table `bio_translation`
--

CREATE TABLE `bio_translation` (
  `id` int(11) NOT NULL AUTO_INCREMENT,
  `translatable_id` int(11) DEFAULT NULL,
  `title` varchar(255) COLLATE utf8_unicode_ci DEFAULT NULL,
  `description` longtext COLLATE utf8_unicode_ci DEFAULT NULL,
  `contact_1` longtext COLLATE utf8_unicode_ci DEFAULT NULL,
  `contact_2` longtext COLLATE utf8_unicode_ci DEFAULT NULL,
  `contact_3` longtext COLLATE utf8_unicode_ci DEFAULT NULL,
  `contact_4` longtext COLLATE utf8_unicode_ci DEFAULT NULL,
  `locale` varchar(255) COLLATE utf8_unicode_ci NOT NULL,
  `head_1` varchar(255) COLLATE utf8_unicode_ci DEFAULT NULL,
  `head_2` varchar(255) COLLATE utf8_unicode_ci DEFAULT NULL,
  `metakeywords` varchar(255) COLLATE utf8_unicode_ci DEFAULT NULL,
  `metadescription` varchar(255) COLLATE utf8_unicode_ci DEFAULT NULL,
  PRIMARY KEY (`id`),
  UNIQUE KEY `UNIQ_A762B9692C2AC5D34180C698` (`translatable_id`,`locale`),
  KEY `IDX_A762B9692C2AC5D3` (`translatable_id`),
  CONSTRAINT `FK_A762B9692C2AC5D3` FOREIGN KEY (`translatable_id`) REFERENCES `bio` (`id`) ON DELETE CASCADE
) ENGINE=InnoDB AUTO_INCREMENT=4 DEFAULT CHARSET=utf8 COLLATE=utf8_unicode_ci;

--
-- Dumping data for table `bio_translation`
--

INSERT INTO `bio_translation` VALUES (1,1,'Сучасні методи діагностики доступніші з нами','<p>ТОВ &laquo;ДІАМЕБ Трейд&raquo; &ndash; офіційний дистриб&rsquo;ютор ЗАТ &laquo;БИОХИММАК&raquo;, пропонує набори реагентів&nbsp;<strong>для сучасних наукових досліджень та імуноферментного аналізу, від понад 80 провідних світових виробників. Важливими напрямками є також молекулярна діагностика, цитометрія, цитологія та гістологія, магнітна сепарація клітин, виділення нуклеїнових кислот, HLA-типування, визначення ГМО та багато іншого.</strong></p>\r\n\r\n<p>&nbsp;</p>\r\n\r\n<p><img alt=\"\" src=\"//diameb.ua/uploads/editor/BTLfoto-01.jpg\" style=\"height:270px; width:1000px\" /></p>\r\n\r\n<p>&nbsp;</p>\r\n\r\n<p><em><strong><span style=\"font-size:14px\">Основні представлені виробники:</span></strong></em></p>\r\n\r\n<p><span style=\"color:rgb(255, 140, 0)\"><strong>Orgentec</strong></span></p>\r\n\r\n<p>Компанія Orgentec (Німеччина) спеціалізується на виробництві реагентів та обладнання для діагности автоімунних захворюваннь, онкомаркерів та гормонів людини.&nbsp;В спектрі пропонованої продукції є обладнання, ІФА набори та імуноблоти.&nbsp;Вся продукція відрізняється високою якістю, що в свою чергу дозволяє отримувати точні та достовірні результати досліджень.&nbsp;Продукція зареєстрована в Україні.&nbsp;Компанія пропонує набори для діагностики переважної більшості автоімунних захворювань, СЧВ, васкулітів, колітів та ентеритів, АФС тощо.&nbsp;Також доступні:&nbsp;тиреоглобулін,&nbsp;бета 2 мікроглобулін, мікроальбумін в сечі, феритин.</p>\r\n\r\n<p><strong>Імуноблоти:&nbsp;</strong>ANA-9 імуноблот,&nbsp;ANCA-3 імуноблот,&nbsp;Liver-5-line імуноблот,&nbsp;Myositis-6-Line імуноблот,&nbsp;Nucleo-9 імуноблот,Гастро-5-лайн імуноблот,&nbsp;Reumachec.</p>\r\n\r\n<p><strong>Переваги імуноблотів від&nbsp;Orgentec:</strong></p>\r\n\r\n<p>- швидка та точна методика;</p>\r\n\r\n<p>- не потребують додаткового обладнання;</p>\r\n\r\n<p>- реакції якісні (cut-off) і діагностично однотипні;</p>\r\n\r\n<p>- точка прикладання/значення &ndash; підтверджуючий, або&nbsp;уточнюючий аналіз;</p>\r\n\r\n<p>- програма для інтерпретації&nbsp;iVISION.</p>\r\n\r\n<p><span style=\"color:#FF8C00\"><span style=\"font-size:14px\"><strong>Fujirebio</strong></span></span></p>\r\n\r\n<p>Компанія &nbsp;(Швеція) спеціалізується на виробництві діагностикумів для онкології.&nbsp;Вся продукція характеризується відносною унікальністтю та бездоганною якістю. Маркери, що пропонуються є сучасними та високоактуальними в онкодіагностиці,&nbsp;набори забезпечуються високоякісним інформаційним супроводом наукового рівня, як для лаборантів так і для клініцистів.&nbsp;Увесь перелік продукції зареєстровано в Україні.&nbsp;По окремих позиціях аналогів немає.</p>\r\n\r\n<p><span style=\"color:#FFA500\"><strong>Monobind</strong></span></p>\r\n\r\n<p>Всесвітньо відомий виробник з США, що спеціалізується на виробництві ІФА наборів для діагностики онкомаркерів та гормонів (діагностика захвоювань щитовидної залози,&nbsp;діагностика репродуктивної функції).&nbsp;Всі набори зареєстровані в Україні.&nbsp;Всі набори дають можливість використовувати зовнішній контроль Liphocheck від Bio-Rad.</p>\r\n\r\n<p>&nbsp;</p>',NULL,NULL,'<p><a href=\"//diameb.ua/uk/reagent/category/11\" style=\"font-size: 16px; line-height: 1.6; color: rgb(16, 78, 139); font-weight: bold;\"><span style=\"color:#3399cc\">ПЕРЕЙТИ</span></a><span style=\"color:#3399cc\">&nbsp;</span></p>','<p><a href=\"//diameb.ua/manuals/katalog btl.pdf\" style=\"font-size: 16px; line-height: 1.6; color: rgb(16, 78, 139); font-weight: bold;\"><span style=\"color:#3399cc\">СКАЧАТИ</span></a><span style=\"color:#3399cc\">&nbsp;</span></p>','uk','Також ми пропонуємо:','Повний перелік продукції в каталозі:','БИОХИММАК, ІФА, реактиви, реагенти, молекулярна діагностика, цитометрія, цитологія та гістологія, купити в Україні','Набори реагентів для сучасних наукових досліджень та імуноферментного аналізу.'),(2,1,'Современные методы диагностики доступней с нами','<p>OOO &laquo;ДИАМЕБ Трейд&raquo; - официальный дистрибьютор ЗАО &laquo;БИОХИММАК&raquo;, предлагает наборы реагентов <strong>для современных научных исследований и иммуноферментного анализа, от более 80 ведущих мировых производителей. Важными&nbsp;направлениями&nbsp;компании&nbsp;является&nbsp;молекулярная диагностика, цитометрия, цитология и гистология, магнитная сепарация клеток, выделение нуклеиновых кислот, HLA-типирование, определение ГМО и многое другое.</strong></p>\r\n\r\n<p>&nbsp;</p>\r\n\r\n<p><img alt=\"\" src=\"//diameb.ua/uploads/editor/BTLfoto-01.jpg\" style=\"height:270px; width:1000px\" /></p>\r\n\r\n<p>&nbsp;</p>\r\n\r\n<p><em><strong>Основные производители:</strong></em></p>\r\n\r\n<p><span style=\"color:#FF8C00\"><strong>Orgentec</strong></span></p>\r\n\r\n<p>Компания Orgentec (Германия) специализируется на производстве реагентов и оборудования для диагностики аутоиммунных заболеваний, онкомаркеров и гормонов человека. В спектре предлагаемой продукции есть оборудование, ИФА наборы и иммуноблот. Вся продукция отличается высоким качеством, что в свою очередь позволяет получать точные и достоверные результаты исследований. Продукция зарегистрирована в Украине. Компания предлагает наборы для диагностики подавляющего большинства аутоиммунных заболеваний, СКВ, васкулитов, колитов и энтеритов, АФС и тому подобное. Также доступны: тиреоглобулин, бета 2 микроглобулин, микроальбумин в моче, ферритин.</p>\r\n\r\n<p><strong>Иммуноблот:</strong> ANA-9 иммуноблот, ANCA-3 иммуноблот, Liver-5-line иммуноблот, Myositis-6-Line иммуноблот, Nucleo-9 иммуноблот, Гастро-5-лайн иммуноблот, Reumachec.</p>\r\n\r\n<p><strong>Преимущества иммуноблот от Orgentec:</strong></p>\r\n\r\n<p>- &nbsp;быстрая и точная методика;<br />\r\n- &nbsp;не требуют дополнительного оборудования;<br />\r\n- &nbsp;реакции качественные (cut-off) и лечебно однотипные;<br />\r\n- &nbsp;точка приложения / значение - подтверждение или уточняющий анализ;<br />\r\n- &nbsp;программа для интерпретации iVISION.</p>\r\n\r\n<p><strong><span style=\"color:#FF8C00\">Fujirebio</span></strong></p>\r\n\r\n<p>Компания (Швеция) специализируется на производстве диагностикумов для онкологии. Вся продукция характеризуется относительной уникальнисттю и безупречным качеством. Предлагаемые маркеры являются современными и високоактуальнимы в онкодиагностике, наборы обеспечиваются высококачественным информационным сопровождением научного уровня, как для лаборантов так и для клиницистов. Все перечень продукции зарегистрировано в Украине. По отдельным позициям аналогов нет.</p>\r\n\r\n<p><span style=\"color:#FF8C00\"><strong>Monobind</strong></span></p>\r\n\r\n<p>Всемирно известный производитель из США, специализирующаяся на производстве ИФА наборов для диагностики онкомаркеров и гормонов (диагностика захвоювань щитовидной железы, диагностика репродуктивной функции). Все наборы зарегистрированы в Украине. Все наборы дают возможность использовать внешний контроль Liphocheck от Bio-Rad.</p>\r\n\r\n<p>&nbsp;</p>',NULL,NULL,'<p><a href=\"//diameb.ua/ru/reagent/category/11\" style=\"font-size: 16px; line-height: 1.6; color: rgb(16, 78, 139); font-weight: bold;\"><span style=\"color:#3399cc\">ПЕРЕЙТИ</span></a><span style=\"color:#3399cc\">&nbsp;</span></p>','<p><a href=\"//diameb.ua/manuals/katalog btl.pdf\" style=\"font-size: 16px; line-height: 1.6; color: rgb(16, 78, 139); font-weight: bold;\"><span style=\"color:#3399cc\">СКАЧАТЬ</span></a><span style=\"color:#3399cc\">&nbsp;</span></p>','ru','Также мы предлагаем:','Полный перечень продукции в каталоге:','БИОХИММАК, молекулярная диагностика, цитометрия, цитология, гистология, магнитная сепарация клеток, выделение нуклеиновых кислот, HLA-типирование, определение ГМО, ИФА, реагенты, реакивы','Наборы реагентов для современных научных исследований и иммуноферментного анализа.'),(3,1,'Modern methods of diagnostics are more available with us','<p>&quot;DIAMEB Trade&quot; - official distributor of &quot;BIOCHEMMACK&quot; JSC, offers sets of reagents for modern scientific research and ELISA, from over 80 leading manufacturers. Important areas also are&nbsp; molecular diagnostics, cytometry, cytology and histology, magnetic separation of cells, separation of nucleic acids, HLA-typing, identification of GMO and more.</p>\r\n\r\n<p>&nbsp;</p>\r\n\r\n<p><img alt=\"\" src=\"//diameb.ua/uploads/editor/BTLfoto-01.jpg\" style=\"height:270px; width:1000px\" /></p>\r\n\r\n<p>&nbsp;</p>','<p>Ivano-Frankivsk</p>\r\n\r\n<p>Str. Chornovola, 97</p>\r\n\r\n<p>76005, Ukraine</p>','<p>phone: +38 0342 775 122</p>\r\n\r\n<p>phone: +38 0342 775 123</p>\r\n\r\n<p>fax:&nbsp;+38 0342 775 612</p>',NULL,'<p>Website of partner:</p>\r\n\r\n<p>www. biochemmack.ru</p>','en',NULL,NULL,'reagents for the diagnosis of disorders, the diagnosis of diseases of the eye of cellular and humoral immunity, infectious disease reagents for research, laboratory animals','BIOHEMMAK, molecular diagnostics, cytometry, cytology, histology, magnetic separation of cells, isolation of nucleic acids, HLA-typing, identification of GMOs');

--
-- Table structure for table `block`
--

CREATE TABLE `block` (
  `id` int(11) NOT NULL AUTO_INCREMENT,
  `bioImage` varchar(255) COLLATE utf8_unicode_ci DEFAULT NULL,
  `newImage` varchar(255) COLLATE utf8_unicode_ci DEFAULT NULL,
  `promoImage` varchar(255) COLLATE utf8_unicode_ci DEFAULT NULL,
  `price` varchar(255) COLLATE utf8_unicode_ci DEFAULT NULL,
  `is_read` tinyint(1) DEFAULT 0,
  PRIMARY KEY (`id`)
) ENGINE=InnoDB AUTO_INCREMENT=2 DEFAULT CHARSET=utf8 COLLATE=utf8_unicode_ci;

--
-- Dumping data for table `block`
--

INSERT INTO `block` VALUES (1,'6006aec9a915e.jpg','6006aec9a92ae.jpg','6006aec9a936c.jpg','52e66ae3640b5.xlsx',0);

--
-- Table structure for table `block_translation`
--

CREATE TABLE `block_translation` (
  `id` int(11) NOT NULL AUTO_INCREMENT,
  `translatable_id` int(11) DEFAULT NULL,
  `bioTitle` varchar(255) COLLATE utf8_unicode_ci DEFAULT NULL,
  `bioDescription` longtext COLLATE utf8_unicode_ci DEFAULT NULL,
  `locale` varchar(255) COLLATE utf8_unicode_ci NOT NULL,
  `newTitle` varchar(255) COLLATE utf8_unicode_ci DEFAULT NULL,
  `newDescription` longtext COLLATE utf8_unicode_ci DEFAULT NULL,
  `promoTitle` varchar(255) COLLATE utf8_unicode_ci DEFAULT NULL,
  `promoDescription` longtext COLLATE utf8_unicode_ci DEFAULT NULL,
  `bioUrl` varchar(255) COLLATE utf8_unicode_ci DEFAULT NULL,
  `newUrl` varchar(255) COLLATE utf8_unicode_ci DEFAULT NULL,
  `promoUrl` varchar(255) COLLATE utf8_unicode_ci DEFAULT NULL,
  `metakeywords` varchar(255) COLLATE utf8_unicode_ci DEFAULT NULL,
  `metadescription` varchar(255) COLLATE utf8_unicode_ci DEFAULT NULL,
  PRIMARY KEY (`id`),
  UNIQUE KEY `UNIQ_6E6410B42C2AC5D34180C698` (`translatable_id`,`locale`),
  KEY `IDX_6E6410B42C2AC5D3` (`translatable_id`),
  CONSTRAINT `FK_6E6410B42C2AC5D3` FOREIGN KEY (`translatable_id`) REFERENCES `block` (`id`) ON DELETE CASCADE
) ENGINE=InnoDB AUTO_INCREMENT=4 DEFAULT CHARSET=utf8 COLLATE=utf8_unicode_ci;

--
-- Dumping data for table `block_translation`
--

INSERT INTO `block_translation` VALUES (1,1,'Наукові дослідження','<p>Широкий спектр високоякісних</p>\r\n\r\n<p><strong>дослідницьких наборів</strong></p>\r\n\r\n<p>провідного світового виробника</p>','uk','Новинка','<p><strong>Лабораторія &laquo;з нуля&raquo;</strong></p>\r\n\r\n<p>Комплексне оснащення</p>\r\n\r\n<p>лабораторії будь-якого масштабу</p>','Акції','<p>Щомісячні знижки на реагенти!</p>\r\n\r\n<p><strong>Акційні позиції&nbsp;</strong></p>\r\n\r\n<p>-50% -60% -90% -95%</p>','https://diameb.ua/uk/news/id/13','https://diameb.ua/uk/news/id/98','https://diameb.ua/uk/action',NULL,NULL),(2,1,'Научные исследования','<p>Широкий спектр реагентов для</p>\r\n\r\n<p><strong>научных исследований&nbsp;и ИФА </strong>&nbsp;</p>\r\n\r\n<p>ведущих&nbsp;производителей мира</p>','ru','Новинка','<p><strong>ПЦР-лаборатория&nbsp;&quot;под ключ&quot;</strong></p>\r\n\r\n<p>Анализаторы и реагенты для</p>\r\n\r\n<p>ПЦР - диагностики</p>','Акция','<p>Ежемесячные скидки на реагенты!</p>\r\n\r\n<p><strong>Акционные позиции августа</strong></p>\r\n\r\n<p>-50% -60% -90% -95%</p>','https://diameb.ua/uk/news/id/13','https://diameb.ua/ru/news/id/98','https://diameb.ua/ru/action','акция, скидки',NULL),(3,1,'Research studies','<p>A wide range of reagents for</p>\r\n\r\n<p>Research and ELISA</p>\r\n\r\n<p>leading manufacturers</p>','en','New','<p><strong>Staffing PCR laboratory &quot;turnkey&quot;.</strong></p>\r\n\r\n<p>Analyzers and reagents</p>\r\n\r\n<p>for PCR - diagnostic.</p>','Promo','<p>Monthly discount reagents!</p>\r\n\r\n<p><strong>Promotional positions of August</strong></p>\r\n\r\n<p>-50% -60% -90% -95%</p>','https://diameb.ua/uk/news/id/13','https://diameb.ua/en/news/id/98','https://diameb.ua/en/action',NULL,NULL);

--
-- Table structure for table `category`
--

CREATE TABLE `category` (
  `id` int(11) NOT NULL AUTO_INCREMENT,
  `createdAt` datetime DEFAULT NULL,
  `updatedAt` datetime DEFAULT NULL,
  `class` varchar(255) COLLATE utf8_unicode_ci DEFAULT NULL,
  `position` int(11) DEFAULT NULL,
  `position_for_catalog` int(11) DEFAULT NULL,
  PRIMARY KEY (`id`)
) ENGINE=InnoDB AUTO_INCREMENT=15 DEFAULT CHARSET=utf8 COLLATE=utf8_unicode_ci;

--
-- Dumping data for table `category`
--

INSERT INTO `category` VALUES (1,'2013-10-29 10:15:46','2013-10-31 19:47:48','item-1',6,1),(2,'2013-10-29 10:15:46','2013-10-29 10:15:46','item-2',11,2),(3,'2013-10-29 10:15:46','2013-12-10 18:55:36','item-3',13,7),(4,'2013-10-29 10:15:46','2013-10-29 10:15:46','item-4',1,3),(5,'2013-10-29 10:15:46','2013-10-29 10:15:46','item-5',8,4),(6,'2013-10-29 10:15:46','2013-10-29 10:15:46','item-6',3,5),(7,'2013-10-29 10:15:46','2013-10-29 10:15:46','item-7',12,8),(8,'2013-10-29 10:15:46','2019-02-28 01:53:01','item-8',5,6),(9,'2013-10-29 10:15:46','2013-10-29 10:15:46','item-9',4,12),(10,'2013-10-29 10:15:46','2013-10-29 10:15:46','item-10',7,9),(11,'2013-10-29 10:15:46','2013-10-29 10:15:46','item-11',9,11),(12,'2013-10-29 10:15:46','2013-12-10 18:55:42','item-12',10,13),(13,'2013-10-29 10:15:46','2013-10-29 10:15:46','item-13',2,10),(14,'2019-02-12 07:36:50','2019-02-28 01:52:07','item-14',14,5);

--
-- Table structure for table `category_manager`
--

CREATE TABLE `category_manager` (
  `id` int(11) NOT NULL AUTO_INCREMENT,
  `region` varchar(255) COLLATE utf8_unicode_ci NOT NULL,
  PRIMARY KEY (`id`)
) ENGINE=InnoDB AUTO_INCREMENT=10 DEFAULT CHARSET=utf8 COLLATE=utf8_unicode_ci;

--
-- Dumping data for table `category_manager`
--

INSERT INTO `category_manager` VALUES (2,'1'),(4,'4'),(5,'1'),(6,'2'),(8,'4'),(9,'1');

--
-- Table structure for table `category_manager_translation`
--

CREATE TABLE `category_manager_translation` (
  `id` int(11) NOT NULL AUTO_INCREMENT,
  `translatable_id` int(11) DEFAULT NULL,
  `title` varchar(255) COLLATE utf8_unicode_ci DEFAULT NULL,
  `locale` varchar(255) COLLATE utf8_unicode_ci NOT NULL,
  PRIMARY KEY (`id`),
  UNIQUE KEY `UNIQ_3A65B7E62C2AC5D34180C698` (`translatable_id`,`locale`),
  KEY `IDX_3A65B7E62C2AC5D3` (`translatable_id`),
  CONSTRAINT `FK_3A65B7E62C2AC5D3` FOREIGN KEY (`translatable_id`) REFERENCES `category_manager` (`id`) ON DELETE CASCADE
) ENGINE=InnoDB AUTO_INCREMENT=26 DEFAULT CHARSET=utf8 COLLATE=utf8_unicode_ci;

--
-- Dumping data for table `category_manager_translation`
--

INSERT INTO `category_manager_translation` VALUES (4,2,'Керівник філії','uk'),(6,4,'Керівник філії','uk'),(7,2,'Руководитель филиала','ru'),(9,4,'Руководитель филиала','ru'),(10,2,'Branch Manager','en'),(12,4,'Branch Manager','en'),(13,5,'Менеджери з обслуговування клієнтів','uk'),(14,5,'Менеджеры по обслуживанию клиентов','ru'),(15,5,'Managers of Customer Service','en'),(16,6,'Менеджери з обслуговування клієнтів','uk'),(17,6,'Менеджеры по обслуживанию клиентов','ru'),(18,6,'Managers of Customer Service','en'),(22,8,'Менеджери з обслуговування клієнтів','uk'),(23,8,'Менеджеры по обслуживанию клиентов','ru'),(24,8,'Manager of Customer Service','en'),(25,9,'Медичні представники','uk');

--
-- Table structure for table `category_translation`
--

CREATE TABLE `category_translation` (
  `id` int(11) NOT NULL AUTO_INCREMENT,
  `translatable_id` int(11) DEFAULT NULL,
  `title` varchar(255) COLLATE utf8_unicode_ci NOT NULL,
  `locale` varchar(255) COLLATE utf8_unicode_ci NOT NULL,
  `metakeywords` varchar(255) COLLATE utf8_unicode_ci DEFAULT NULL,
  `metadescription` text COLLATE utf8_unicode_ci DEFAULT NULL,
  `reagentmetakeywords` text COLLATE utf8_unicode_ci DEFAULT NULL,
  `reagentmetadescription` text COLLATE utf8_unicode_ci DEFAULT NULL,
  `metatitle` text COLLATE utf8_unicode_ci DEFAULT NULL,
  `h1Onpage` text COLLATE utf8_unicode_ci DEFAULT NULL,
  PRIMARY KEY (`id`),
  UNIQUE KEY `UNIQ_3F207042C2AC5D34180C698` (`translatable_id`,`locale`),
  KEY `IDX_3F207042C2AC5D3` (`translatable_id`),
  CONSTRAINT `FK_3F207042C2AC5D3` FOREIGN KEY (`translatable_id`) REFERENCES `category` (`id`) ON DELETE CASCADE
) ENGINE=InnoDB AUTO_INCREMENT=43 DEFAULT CHARSET=utf8 COLLATE=utf8_unicode_ci;

--
-- Dumping data for table `category_translation`
--

INSERT INTO `category_translation` VALUES (1,1,'Імуноферментний аналіз','uk','імуноферментний аналіз, ІФА аналізатори, ІФА обладнання, ІФА аналізатор, ІФА аналіз, ІФА, аналізатор ІФА','Обладнання для імуноферментного аналізу, ІФА. Лабораторне обладнання.','тиреоїдна панель, СНІД, торч-інфекції, гепатити, репродуктивна панель, онкомаркери, кардіомаркери, іфа, реактиви','Реактиви для імуноферментного аналізу, ІФА. Реагенти для лабораторних досліджень.',NULL,NULL),(2,1,'Имуноферментний анализ','ru','Купить ИФА анализаторы, считыватель, промыватель в Украине – Диамеб в Киеве, Днепре','Купить анализатор для иммуноферментного анализа, ИФА считыватели и промыватели - доставляем, устанавливаем и обслуживаем по Украине. Сертификаты качества от производителя. Звоните для покупки и консультации (044) 277 94 75','Наборы для иммуноферментного анализа – купить реагенты для иммуноферментного анализа, наборы ИФА DRG купить в Украине, цена | Диамеб','Ищете, где купить реагенты для иммуноферментного анализа? Компания Диамеб предлагает ИФА наборы DRG, реагенты для ИФА анализа – выбирайте качественную продукцию за разумную цену. Звоните (044) 277 94 75 Работаем по всей Украине!',NULL,NULL),(3,1,'ELISA','en',NULL,NULL,NULL,NULL,NULL,NULL),(4,2,'Аутоімунна діагностика','uk','alegria, діагностика аутоімунних захворювань, лабораторне обладнання, аутоімунна діагностика','Автоматичний імунологічний аналізатор ALEGRIA','Реагенти для аутоімунної діагностики в Україні - Діамеб Трейд','Аутоімунна діагностика, широкий спектр антитіл.',NULL,NULL),(5,2,'Аутоиммунная диагностика','ru','Купить иммунологический анализатор в Украине, цена, продажа, стоимость | Диамеб Трейд','Иммунологический анализатор: фото, цены, описание. Сертификаты качества от производителя. Мы работаем для Вас - доставляем, устанавливаем и обслуживаем по Украине. Звоните (044) 277 94 75','Реагенты для аутоиммунной диагностики в Украине - Диамеб Трейд','Аутоимунная диагностика, широкий спектр антител',NULL,NULL),(6,2,'Autoimmune diagnostics','en',NULL,NULL,'Reagents for autoimmune diagnostics in Ukraine',NULL,NULL,NULL),(7,3,'Експрес-діагностика','uk','Експрес діагностика, експрес тести, глікогемоглобін HbA1c, мікроальбумін, D-димер, С-реактивний білок','Визначення  глікогемоглобіну HbA1c, мікроальбуміну, Д-димеру, С-реактивного білка','Експрес діагностика, експрес тести, онкомаркери, гепатити, мононуклеоз, сифіліс, тоскоплазма, наркотики','Експрес-тести від DIALAB',NULL,NULL),(8,3,'Экспресс-диагностика','ru','Купить анализатор для экспресс диагностики в Украине, цена, продажа | Диамеб Трейд','В Украине купить анализатор для экспресс диагностики предлагает компания Диамеб. Сертификаты качества от производителя. Доставляем, устанавливаем и обслуживаем по Украине. Звоните (044) 277 94 75','Экспресс-тесты купить: латексные тесты, текст-полоски для анализа мочи купить в Украине, цена | Диамеб Трейд','Экспресс-тесты купить в Украине: латекс-тесты, тест-полоски для анализа мочи и другие на продажу в компании Диамеб Трейд. Качественная, современная продукция зарубежных производителей. Звоните (044) 277 94 75 Работаем по всей Украине!',NULL,NULL),(9,3,'Express Diagnostics','en',NULL,NULL,NULL,NULL,NULL,NULL),(10,4,'Хемілюмінесцентний аналіз','uk','Аналізатори для хемілюмінесцентного аналіза, хемілюмінесцентний аналіз крові, купити','Автоматична система для аналізу крові.','репродуктивна панель, маркери пухлин, метаболізм, кардіологічна панель, функція нирок, фіброз печінки, алергія, інфекційні хвороби, TORCH, вірус Епштейна-Барр','Широкий спектр реагентів для лабораторних досліджень.',NULL,NULL),(11,4,'Хемилюминесцентный анализ','ru','Анализаторы для хемилюминесцентного анализ, хемилюминесцентный анализ крови, купить','Автоматическая система для анализа крови.','репродуктивная панель, маркеры опухолей, метаболизм, кардиологическая панель, функция почек, фиброз печени, аллергия, инфекционные болезни, TORCH, Вирус Эпштейна-Барр','Широкий спектр реагентов для лабораторных исследований.',NULL,NULL),(12,4,'HEMILUMINESCENT ANALYSIS','en','Reagents for IHL analyzers - Hemiluminescent analysis – Diameb','A wide range of reagents for laboratory research - hemiluminescent analysis, Reagents for IHL analyzers. Quality, price, turnaround time - working for you in Ukraine! (044) 277 94 75','Reagents for IHL analyzers - Hemiluminescent analysis – Diameb','A wide range of reagents for laboratory research - hemiluminescent analysis, Reagents for IHL analyzers. Quality, price, turnaround time - working for you in Ukraine! (044) 277 94 75','Reagents for IHL analyzers - Hemiluminescent analysis – Diameb',NULL),(13,5,'ПЛР-діагностика','uk','ПЛР-діагностика – ЛАБОРАТОРНЕ ОБЛАДНАНЯ | Діамеб Трейд','Лабораторне обладнання «ПЛР-діагностика»: повний перелік продукції, з фото і детальною інформацією на сайті. Відповідаємо на питання за телефонами: (044) 277 94 75','ПЛР-діагностика – РЕАГЕНТИ | Діамеб Трейд','Реагенти «ПЛР-діагностика»: повний перелік з детальною характеристикою на сайті. Консультації за телефонами: (044) 277 94 75',NULL,NULL),(14,5,'ПЦР-диагностика','ru','Купить оборудование для ПЦР лаборатории в Украине, цены | Оснащение ПЦР лаборатории - Диамеб Трейд',NULL,NULL,NULL,NULL,NULL),(15,5,'PCR diagnostics','en','PCR diagnostics - laboratory equipment | Diameb Trade','Laboratory equipment \"PCR diagnosis\": Full list of products with photos and detailed information on the site. The answer questions by phone: (044) 277 94 75',NULL,NULL,NULL,NULL),(16,6,'Клінічна біохімія','uk','біохімічний аналізатор, аналізатор біохімічний, біохімічний аналіз крові, біохімічний аналізатор купити, біохімічний аналізатор автомат','Аналізатори для біохімічних досліджень, автоматичні і напівавтоматичні, для досліджень крові.','Купити реагенти реактиви для біохімічних аналізаторів в Києві, Дніпрі, Івано-Франківську| Ціни на реактиви та реагенти для біохімічних аналізаторів від Діамеб Трейд','Реактиви та реагенти для біохімічних аналізаторів: Миндру, Престиж, Райт, Cormay - контролі для біохімії. Ціни розумні, якість висока. Реагенти пропонує в Україні від зарубіжних виробників. Сертифікати в наявності. Телефонуйте (044) 277 94 75 Працюємо по всій Україні!',NULL,NULL),(17,6,'Клиническая биохимия','ru','Биохимический анализатор крови ➥ цена, купить в Украине | Диамеб Трейд','Автоматические и полуавтоматические Биохимические анализаторы крови в Украине: ☑Модели и описание на сайте. ☑Сертификаты качества от производителя. ☑Офисы в Киеве, Днепре, Ивано-Франковске. Стоимость, покупка и консультация по телефону ☎(044) 277 94 75','Купить реагенты реактивы для биохимических анализаторов в Киеве, Днепре, Ивано-Франковске | Цены на реактивы и реагенты для биохимических анализаторов от Диамеб Трейд','Реактивы для биохимических анализаторов: Миндрей, Престиж, Райто, Cormay – контроли для биохимии. Цены разумные, качество высокое. Реагенты предлагает в Украине от зарубежных производителей. Сертификаты в наличии. Звоните (044) 277 94 75 Работаем по всей Украине!','Полуавтоматический биохимический анализатор крови купить в Украине, цена на автоматический биохимический анализатор | Купить оборудование для биохимической лаборатории - Диамеб Трейд','Биохимический анализатор крови: автомат/полуавтомат'),(18,6,'Clinical biochemistry','en',NULL,NULL,'Reagents, reactives and other consumable materials for biochemistry analyzers in Ukraine','Reagents for biochemical analyzers: Mindray, Prestige, Raito, Cormay - controls for biochemistry. The prices are reasonable, the quality is high. Reagents offers in Ukraine from foreign manufacturers. Certificates are in stock. Call (044) 277 94 75 We work all over Ukraine!',NULL,NULL),(19,7,'Аналіз електролітів','uk','Аналізатор електролітів | Діамеб Трейд','Працюємо швидко, якісно, з перевіреними виробниками - купити аналізатор електролітів у нас просто! Сертифікати якості надає компанія Діамеб Трейд. (044) 277 94 75','Аналіз електролітів - реагенти | Діамеб Трейд','Аналіз електролітів - реагенти для лабораторних досліджень від компанії Діамеб Трейд. Якість, ціна, терміни виконання робіт - працюємо для вас по Україні! (044) 277 94 75',NULL,NULL),(20,7,'Анализ электролитов','ru','Купить анализатор электролитов в Украине: цена, стоимость, продажа | Диамеб Трейд','Работаем быстро, качественно, с проверенными производителями – купить анализатор электролитов у нас просто! Сертификаты качества предоставляет компания Диамеб Трейд. Звоните (044) 277 94 75','Анализ электролитов - реагенты | Диамеб Трейд','Анализ электролитов – реагенты для лабораторных исследований от компании Диамеб Трейд. Качество, цена, сроки выполнения работ – стараемся для вас! Работаем по Украине: (044) 277 94 75',NULL,NULL),(21,7,'Analysis of electrolytes','en','Electrolyte analyzers in Ukraine: price, cost, sal...','We work quickly, efficiently, with proven manufacturers - we have an easy way to buy an electrolyte analyzer! Certificates of quality are provided by Diameb. Call (044) 277 94 75','','We work quickly, efficiently, with proven manufacturers - we have an easy way to buy an electrolyte analyzer! Certificates of quality are provided by Diameb. Call (044) 277 94 75',NULL,NULL),(22,8,'Системи забору','uk','Системи забору крові - лабораторне обладнання | Діамеб Трейд','Лабораторне обладнання від Діамеб Трейд: системи забору крові, сечі з доставкою по Україні. Якість, ціна, терміни виконання робіт - намагаємося для вас! (044) 277 94','Системи для забору крові | Діамеб Трейд','Системи забору крові в Україні на продажу в компанії Діамеб Трейд: пробірки для капілярної крові, мікропробіркі, пробірки на гематології. Якість, ціна, терміни виконання робіт! (044) 277 94 75',NULL,NULL),(23,8,'Системы забора','ru','Системы для забора крови купить в Украине - Диамеб Трейд','Лабораторное оборудование от Диамеб Трейд: системы забора крови, мочи с доставкой по Украине. Качество, цена, сроки выполнения работ - стараемся для вас! (044) 277 94','Купить пробирки для капиллярной крови – микропробирка на гематологию купить Украина | Диамеб Трейд','Пробирки для капилярной крови, микропробирки, пробирки на гематологию на продажу в Украине предлагает Диамеб Трейд. Качество соответствует цене. Звоните (044) 277 94 75 Работаем по всей Украине!',NULL,NULL),(24,8,'Сollection systems','en','Blood collection systems and laboratory equipment | Diameb Trade','Laboratory equipment from Diameb Trade: blood collection systems, urine delivery in Ukraine. Quality, price, terms of work - we try for you! (044) 277 94 75',NULL,NULL,NULL,NULL),(25,9,'Паразитологія','uk','Паразитолоія - лабораторне обладнання | Діамеб Трейд','Лабораторне обладнання від Діамеб Трейд: прилади для паразитології з доставкою по Україні. Якість, ціна, терміни виконання робіт - намагаємося для вас! (044) 277 94 75','Реагенти для паразитології | Діамеб Трейд','Реагенти для паразитолгії від компанії Діамеб Трейд. Якість сертифікована, ціна розумна, терміни виконання робіт - працюємо для вас по Україні! (044) 277 94 75',NULL,NULL),(26,9,'Паразитология','ru','Паразитология - лабораторное оборудование | Диамеб Трейд','Лабораторное оборудование от Диамеб Трейд: приборы для паразитологии с доставкой по Украине. Качество, цена, сроки выполнения работ – стараемся для вас! (044) 277 94 75','Рarasep купить в Украине, цены, продажа реагентов Parasep | Диамеб Трейд','Реагенты Рarasep купить предлагает компания Диамеб Трейд. Наша продукция качественна, соответствует цены. Консультации и заказ по телефонам: (044) 277 94 75 Работаем по всей Украине!',NULL,NULL),(27,9,'Parasitology','en',NULL,NULL,NULL,NULL,NULL,NULL),(28,10,'Гематологія','uk','Купити автоматичний гематологічний аналізатор, ціна в Києві, Дніпрі | Діамеб Трейд','Автоматичний гематологічний аналізатор: фото, характеристики, ціни на сайті. Сертифікати якості надаємо. Якість, ціна, терміни виконання робіт - працюємо для вас по Україні! (044) 277 94 75','Реагенти для гематологічного аналізатора | Діамеб Трейд','Набори, комплекти реагентів для гематологічних аналізаторів в Україні: Ділюент, контрольна сироватка і кров, лізуючий розчин для гематологічного аналізу. Якість, ціна, терміни виконання робіт! (044) 277 94 75',NULL,NULL),(29,10,'Гематология','ru','Купить автоматический гематологический анализатор, цена в Киеве, Днепре | Диамеб Трейд','Автоматический гематологический анализатор: фото, характеристики, цены на сайте. Сертификаты качества предоставляем. Купить автоматический гематологический анализатор можно по телефонам (044) 277 94 75','Реагенты для гематологического анализатор - купить реактивы для гематологии: Диплюент, контрольная кровь, сыворотка, лизирующий раствор | Промывающий раствор для гематологического анализатора - Диамеб Трейд','Наборы, комплекты реагентов для гематологических анализаторов в Украине: Дилюент, контрольная сыворотка и кровь, лизирующий раствор для гематологического анализа. Качественная, современная продукция зарубежных производителей. Звоните (044) 277 94 75',NULL,NULL),(30,10,'Hematology','en','Automatic hematology analyzer, price in Kiev, Dnipro | Dyameb Trade','Automatic hematology analyzer: photos, specifications, prices on the site. Quality certificates provide. Quality, price, turnaround time - working for you in Ukraine! (0342)',NULL,NULL,'',NULL),(31,11,'Наукові дослідження','uk','Наукові дослідження – ЛАБОРАТОРНЕ ОБЛАДНАНЯ | Діамеб Трейд','Лабораторне обладнання «Наукові дослідження»: повний перелік продукції, з фото і детальною інформацією на сайті. Відповідаємо на питання за телефонами: (044) 277 94 75','Наукові дослідження | Діамеб Трейд','Наукові дослідження: повний перелік з детальною характеристикою на сайті. Консультації за телефонами: (044) 277 94 75',NULL,NULL),(32,11,'Научные исследования','ru','Научные исследования - ЛАБОРАТОРНОЕ ОБОРУДОВАНИЕ | Диамеб Трейд','Лабораторное оборудование «Научные исследования»: полный перечень продукции, с фото и подробной информацией на сайте. Отвечаем на вопросы по телефонам: (044) 277 94 75','Научные исследования | Диамеб Трейд','Научные исследования: полный перечень с подробной характеристикой на сайте. Консультации по телефонам: (044) 277 94 75',NULL,NULL),(33,11,'Research','en',NULL,NULL,NULL,NULL,NULL,NULL),(34,12,'Дозатори','uk','Дозатори механічні купити: одноканальний постійного змінного обсягу в Україні, ціна | Діамеб Трейд','Дозатори одноканальні механічні: постійно і змінного обсягу - купити в Україні від компанії Діамеб Трейд. Якість, ціна, терміни виконання робіт - працюємо для вас по Україні! (044) 277 94 75','Дозатори - РЕАГЕНТИ | Діамеб Трейд','Реагенти «Дозатори»: повний перелік з докладною характеристикою на сайті. Консультації за телефонами: (044) 277 94 75',NULL,NULL),(35,12,'Дозаторы','ru','Дозаторы механические купить: дозатор одноканальный постоянного переменного объема купить в Украине, цена, продажа | Диамеб Трейд','Дозаторы одноканальные механические: постоянно и переменного объема – купить в Украине с компанией Диамеб Трейд. Работаем быстро, качественно, с проверенными производителями! Сертификаты качества предоставляем. Звоните (044) 277 94 75','Дозаторы - РЕАГЕНТЫ | Диамеб Трейд','Реагенты «Дозаторы»: полный перечень с подробной характеристикой на сайте. Консультации по телефонам: (044) 277 94 75',NULL,NULL),(36,12,'Mechanical dispensers','en','Mechanical dispensers – Diameb Trade','Single mechanical Batcher, fixed and variable volume - Ukraine buy from the company Diameb Trade. Quality, price, turnaround time - working for you in Ukraine! (044) 277 94 75',NULL,NULL,'',NULL),(37,13,'Коагулологія','uk','Оптичний коагулометр напівавтоматичний: коагулометр 1-, 2-, 4-канальний | Діамеб Трейд','Оптичний коагулометр напівавтоматичний в Україні: 1, 2, 4-канальний з описом і фото на сайті. Якість, ціна, терміни виконання робіт - працюємо для вас по Україні! (044) 277 94 75','Реагенти для коагулометри | Діамеб Трейд','Реагенти для коагулометри купити пропонує компанія Діамеб Трейд. Працюємо по всій Україні! Якість, ціна, терміни виконання робіт! (044) 277 94 75',NULL,NULL),(38,13,'Коагулология','ru','Купить оптический коагулометр полуавтоматический: коагулометр 1-, 2-, 4-канальный купить в Украине, цена на анализатор гемостаза | Диамеб Трейд','Оптический коагулометр полуавтоматический в Украине: 1, 2, 4-канальный с описанием и фото на сайте. Цены за качество. Работаем быстро, с проверенными производителями! Сертификаты качества предоставляем. Купить можно по телефонам (044) 277 94 75','Реагенты для коагулометра купить в Украине, стоимость, цены, продажа | Диамеб Трейд','Реагенты для коагулометра купить предлагает компания Диамеб Трейд. Работаем по всей Украине! Наша продукция качественна, соответствует цены. Консультации и заказ по телефонам: (044) 277 94 75',NULL,NULL),(39,13,'Coagulology','en',NULL,NULL,NULL,NULL,NULL,NULL),(40,14,'Дослідження сечі','uk',NULL,NULL,NULL,NULL,NULL,NULL),(41,14,'Исследование мочи','ru',NULL,NULL,NULL,NULL,NULL,NULL),(42,14,'Examination of urine','en',NULL,NULL,NULL,NULL,NULL,NULL);

--
-- Table structure for table `certificate`
--

CREATE TABLE `certificate` (
  `id` int(11) NOT NULL AUTO_INCREMENT,
  `image` varchar(255) COLLATE utf8_unicode_ci DEFAULT NULL,
  `createdAt` datetime DEFAULT NULL,
  `updatedAt` datetime DEFAULT NULL,
  PRIMARY KEY (`id`)
) ENGINE=InnoDB AUTO_INCREMENT=13 DEFAULT CHARSET=utf8 COLLATE=utf8_unicode_ci;

--
-- Dumping data for table `certificate`
--

INSERT INTO `certificate` VALUES (2,'54be19b81e2c6.jpg','2013-10-29 12:56:51','2015-01-20 09:02:48'),(3,'54be198372ede.jpg','2013-10-29 12:57:04','2015-01-20 09:01:55'),(4,'52b93c1f219df.jpeg','2013-10-29 12:57:32','2013-12-24 09:47:43'),(5,'54be193d68f05.jpg','2013-10-29 12:57:47','2015-01-20 09:00:45'),(7,'52b93c73cad0c.jpeg','2013-12-23 17:16:37','2013-12-24 09:49:07'),(8,'52b8605fdade8.jpeg','2013-12-23 17:26:22','2013-12-23 18:10:07'),(9,'52b85fa48890d.jpeg','2013-12-23 17:27:03','2013-12-23 18:07:00'),(10,'52b85f0658042.jpeg','2013-12-23 17:27:18','2013-12-23 18:04:22'),(11,'52b85e76e1eee.jpeg','2013-12-23 17:27:36','2013-12-23 18:01:58'),(12,'60813d8ed4dd0.jpg','2014-01-09 10:54:53','2021-04-22 09:10:38');

--
-- Table structure for table `certificate_translation`
--

CREATE TABLE `certificate_translation` (
  `id` int(11) NOT NULL AUTO_INCREMENT,
  `translatable_id` int(11) DEFAULT NULL,
  `title` varchar(255) COLLATE utf8_unicode_ci DEFAULT NULL,
  `description` longtext COLLATE utf8_unicode_ci DEFAULT NULL,
  `locale` varchar(255) COLLATE utf8_unicode_ci NOT NULL,
  `metakeywords` varchar(255) COLLATE utf8_unicode_ci DEFAULT NULL,
  `metadescription` varchar(255) COLLATE utf8_unicode_ci DEFAULT NULL,
  PRIMARY KEY (`id`),
  UNIQUE KEY `UNIQ_936DE6B82C2AC5D34180C698` (`translatable_id`,`locale`),
  KEY `IDX_936DE6B82C2AC5D3` (`translatable_id`),
  CONSTRAINT `FK_936DE6B82C2AC5D3` FOREIGN KEY (`translatable_id`) REFERENCES `certificate` (`id`) ON DELETE CASCADE
) ENGINE=InnoDB DEFAULT CHARSET=utf8 COLLATE=utf8_unicode_ci;

--
-- Dumping data for table `certificate_translation`
--


--
-- Table structure for table `cluster`
--

CREATE TABLE `cluster` (
  `id` int(11) NOT NULL AUTO_INCREMENT,
  `createdAt` datetime DEFAULT NULL,
  `updatedAt` datetime DEFAULT NULL,
  `subcategory_reagent_id` int(11) DEFAULT NULL,
  PRIMARY KEY (`id`),
  KEY `IDX_E5C5699490B152DF` (`subcategory_reagent_id`),
  CONSTRAINT `FK_E5C5699490B152DF` FOREIGN KEY (`subcategory_reagent_id`) REFERENCES `subcateory_reagent` (`id`) ON DELETE CASCADE
) ENGINE=InnoDB AUTO_INCREMENT=2353 DEFAULT CHARSET=utf8 COLLATE=utf8_unicode_ci;

--
-- Dumping data for table `cluster`
--

INSERT INTO `cluster` VALUES (1612,'2014-10-27 14:00:03','2014-10-27 14:00:03',1052),(1613,'2014-10-27 14:00:03','2014-10-27 14:00:03',1052),(1618,'2014-10-27 14:00:03','2014-10-27 14:00:03',1052),(1619,'2014-10-27 14:00:03','2014-10-27 14:00:03',1052),(1621,'2014-10-27 14:00:03','2014-10-27 14:00:03',1052),(1622,'2014-10-27 14:00:03','2014-10-27 14:00:03',1052),(1623,'2014-10-27 14:00:03','2014-10-27 14:00:03',1052),(1626,'2014-10-27 14:00:03','2014-10-27 14:00:03',1053),(1627,'2014-10-27 14:00:03','2014-10-27 14:00:03',1053),(1953,'2015-05-08 14:00:07','2015-05-08 14:00:07',1312),(1954,'2015-05-08 14:00:07','2015-05-08 14:00:07',1312),(1955,'2015-05-08 14:00:07','2015-05-08 14:00:07',1312),(1956,'2015-05-08 14:00:07','2015-05-08 14:00:07',1312),(1957,'2015-05-08 14:00:07','2015-05-08 14:00:07',1312),(1958,'2015-05-08 14:00:07','2015-05-08 14:00:07',1312),(1959,'2015-05-08 14:00:07','2015-05-08 14:00:07',1313),(1960,'2015-05-08 14:00:07','2015-05-08 14:00:07',1313),(1961,'2015-05-08 14:00:07','2015-05-08 14:00:07',1313),(1962,'2015-05-08 14:00:07','2015-05-08 14:00:07',1313),(1963,'2015-05-08 14:00:07','2015-05-08 14:00:07',1313),(1964,'2015-05-08 14:00:07','2015-05-08 14:00:07',1313),(1965,'2015-05-08 14:00:07','2015-05-08 14:00:07',1314),(1966,'2015-05-08 14:00:07','2015-05-08 14:00:07',1314),(1967,'2015-05-08 14:00:07','2015-05-08 14:00:07',1314),(1968,'2015-05-08 14:00:07','2015-05-08 14:00:07',1314),(1969,'2015-05-08 14:00:07','2015-05-08 14:00:07',1314),(1970,'2015-05-08 14:00:07','2015-05-08 14:00:07',1314),(1971,'2015-05-08 14:00:07','2015-05-08 14:00:07',1314),(1972,'2015-05-08 14:00:07','2015-05-08 14:00:07',1314),(1973,'2015-05-08 14:00:07','2015-05-08 14:00:07',1314),(1974,'2015-05-08 14:00:07','2015-05-08 14:00:07',1314),(1975,'2015-05-08 14:00:07','2015-05-08 14:00:07',1314),(1976,'2015-05-08 14:00:07','2015-05-08 14:00:07',1314),(1977,'2015-05-08 14:00:07','2015-05-08 14:00:07',1314),(1978,'2015-05-08 14:00:07','2015-05-08 14:00:07',1315),(1979,'2015-05-08 14:00:07','2015-05-08 14:00:07',1315),(1980,'2015-05-08 14:00:07','2015-05-08 14:00:07',1316),(1981,'2015-05-08 14:00:07','2015-05-08 14:00:07',1316),(1982,'2015-05-08 14:00:07','2015-05-08 14:00:07',1316),(1983,'2015-05-08 14:00:07','2015-05-08 14:00:07',1317),(1984,'2015-05-08 14:00:07','2015-05-08 14:00:07',1317),(1985,'2015-05-08 14:00:07','2015-05-08 14:00:07',1317),(1986,'2015-05-08 14:00:07','2015-05-08 14:00:07',1317),(1987,'2015-05-08 14:00:07','2015-05-08 14:00:07',1317),(1988,'2015-05-08 14:00:07','2015-05-08 14:00:07',1317),(1989,'2015-05-08 14:00:07','2015-05-08 14:00:07',1318),(1990,'2015-05-08 14:00:07','2015-05-08 14:00:07',1318),(1991,'2015-05-08 14:00:07','2015-05-08 14:00:07',1319),(1992,'2015-05-08 14:00:07','2015-05-08 14:00:07',1319),(1993,'2015-05-08 14:00:07','2015-05-08 14:00:07',1319),(1994,'2015-05-08 14:00:07','2015-05-08 14:00:07',1319),(1995,'2015-05-08 14:00:07','2015-05-08 14:00:07',1319),(1996,'2015-05-08 14:00:07','2015-05-08 14:00:07',1319),(1997,'2015-05-08 14:00:07','2015-05-08 14:00:07',1320),(1998,'2015-05-08 14:00:07','2015-05-08 14:00:07',1321),(1999,'2015-05-08 14:00:07','2015-05-08 14:00:07',1321),(2000,'2015-05-08 14:00:07','2015-05-08 14:00:07',1321),(2001,'2015-05-08 14:00:07','2015-05-08 14:00:07',1321),(2002,'2015-05-08 14:00:07','2015-05-08 14:00:07',1322),(2003,'2015-05-08 14:00:07','2015-05-08 14:00:07',1322),(2004,'2015-05-08 14:00:07','2015-05-08 14:00:07',1322),(2005,'2015-05-08 14:00:07','2015-05-08 14:00:07',1322),(2006,'2015-05-08 14:00:07','2015-05-08 14:00:07',1322),(2007,'2015-05-08 14:00:07','2015-05-08 14:00:07',1322),(2008,'2015-05-08 14:00:07','2015-05-08 14:00:07',1322),(2009,'2015-05-08 14:00:07','2015-05-08 14:00:07',1322),(2010,'2015-05-08 14:00:07','2015-05-08 14:00:07',1323),(2011,'2015-05-08 14:00:07','2015-05-08 14:00:07',1324),(2012,'2015-05-08 14:00:07','2015-05-08 14:00:07',1324),(2013,'2014-10-27 14:00:03','2014-10-27 14:00:03',1052),(2014,'2014-10-27 14:00:03','2014-10-27 14:00:03',1052),(2015,'2014-10-27 14:00:03','2014-10-27 14:00:03',1052),(2016,'2014-10-27 14:00:03','2014-10-27 14:00:03',1052),(2017,'2014-10-27 14:00:03','2014-10-27 14:00:03',1052),(2018,'2014-10-27 14:00:03','2014-10-27 14:00:03',1052),(2019,'2014-10-27 14:00:03','2014-10-27 14:00:03',1052),(2020,'2014-10-27 14:00:03','2014-10-27 14:00:03',1052),(2021,'2014-10-27 14:00:03','2014-10-27 14:00:03',1052),(2022,'2014-10-27 14:00:03','2014-10-27 14:00:03',1052),(2023,'2014-10-27 14:00:03','2014-10-27 14:00:03',1052),(2024,'2014-10-27 14:00:03','2014-10-27 14:00:03',1052),(2025,'2014-10-27 14:00:03','2014-10-27 14:00:03',1052),(2026,'2014-10-27 14:00:03','2014-10-27 14:00:03',1053),(2309,'2020-08-12 07:03:00','2020-08-12 07:03:00',1804),(2310,'2020-08-12 07:03:00','2020-08-12 07:03:00',1804),(2311,'2020-08-12 07:03:00','2020-08-12 07:03:00',1804),(2312,'2020-08-12 07:03:00','2020-08-12 07:03:00',1804),(2313,'2020-08-12 07:03:00','2020-08-12 07:03:00',1804),(2314,'2020-08-12 07:03:00','2020-08-12 07:03:00',1805),(2315,'2020-08-12 07:03:00','2020-08-12 07:03:00',1805),(2316,'2020-08-12 07:03:00','2020-08-12 07:03:00',1805),(2317,'2020-08-12 07:03:00','2020-08-12 07:03:00',1805),(2318,'2020-08-12 07:03:00','2020-08-12 07:03:00',1805),(2319,'2020-08-12 07:03:00','2020-08-12 07:03:00',1806),(2320,'2020-08-12 07:03:00','2020-08-12 07:03:00',1806),(2321,'2020-08-12 07:03:00','2020-08-12 07:03:00',1806),(2322,'2020-08-12 07:03:00','2020-08-12 07:03:00',1806),(2323,'2020-08-12 07:03:00','2020-08-12 07:03:00',1806),(2324,'2020-08-12 07:03:00','2020-08-12 07:03:00',1807),(2325,'2020-08-12 07:03:00','2020-08-12 07:03:00',1807),(2326,'2020-08-12 07:03:00','2020-08-12 07:03:00',1807),(2327,'2020-08-12 07:03:00','2020-08-12 07:03:00',1807),(2328,'2020-08-12 07:03:00','2020-08-12 07:03:00',1807),(2329,'2020-08-12 07:03:00','2020-08-12 07:03:00',1808),(2330,'2020-08-12 07:03:00','2020-08-12 07:03:00',1808),(2331,'2020-08-12 07:03:00','2020-08-12 07:03:00',1808),(2332,'2020-08-12 07:03:00','2020-08-12 07:03:00',1808),(2333,'2020-08-12 07:03:00','2020-08-12 07:03:00',1808),(2334,'2020-08-12 07:03:00','2020-08-12 07:03:00',1809),(2335,'2020-08-12 07:03:00','2020-08-12 07:03:00',1809),(2336,'2020-08-12 07:03:00','2020-08-12 07:03:00',1809),(2337,'2020-08-12 07:03:00','2020-08-12 07:03:00',1809),(2338,'2020-08-12 07:03:00','2020-08-12 07:03:00',1320),(2339,'2020-08-12 07:03:00','2020-08-12 07:03:00',1320),(2340,'2020-08-12 07:03:00','2020-08-12 07:03:00',1825),(2341,'2020-08-12 07:03:00','2020-08-12 07:03:00',1825),(2342,'2020-08-12 07:03:00','2020-08-12 07:03:00',1825),(2343,'2020-08-12 07:03:00','2020-08-12 07:03:00',1825),(2344,'2020-08-12 07:03:00','2020-08-12 07:03:00',1825),(2345,'2020-08-12 07:03:00','2020-08-12 07:03:00',1825),(2346,'2020-08-12 07:03:00','2020-08-12 07:03:00',1825),(2347,'2020-08-12 07:03:00','2020-08-12 07:03:00',1831),(2348,'2020-08-12 07:03:00','2020-08-12 07:03:00',1831),(2349,'2020-08-12 07:03:00','2020-08-12 07:03:00',1831),(2350,'2020-08-12 07:03:00','2020-08-12 07:03:00',1831),(2351,'2020-08-12 07:03:00','2020-08-12 07:03:00',1831),(2352,'2020-08-12 07:03:00','2020-08-12 07:03:00',1831);

--
-- Table structure for table `cluster_translation`
--

CREATE TABLE `cluster_translation` (
  `id` int(11) NOT NULL AUTO_INCREMENT,
  `translatable_id` int(11) DEFAULT NULL,
  `title` varchar(255) COLLATE utf8_unicode_ci NOT NULL,
  `locale` varchar(255) COLLATE utf8_unicode_ci NOT NULL,
  PRIMARY KEY (`id`),
  UNIQUE KEY `UNIQ_40A3E70E2C2AC5D34180C698` (`translatable_id`,`locale`),
  KEY `IDX_40A3E70E2C2AC5D3` (`translatable_id`),
  CONSTRAINT `FK_40A3E70E2C2AC5D3` FOREIGN KEY (`translatable_id`) REFERENCES `cluster` (`id`) ON DELETE CASCADE
) ENGINE=InnoDB AUTO_INCREMENT=6754 DEFAULT CHARSET=utf8 COLLATE=utf8_unicode_ci;

--
-- Dumping data for table `cluster_translation`
--

INSERT INTO `cluster_translation` VALUES (4579,1612,'CN Free: SINNOWA HB75 series 5-Diff','uk'),(4580,1612,'CN Free: SINNOWA HB75 series 5-Diff','ru'),(4581,1612,'CN Free: SINNOWA HB75 series 5-Diff','en'),(4582,1613,'CN Free: ABX Pentra 60, ABX Pentra 60 C+, ABX Pentra 80','uk'),(4583,1613,'CN Free: ABX Pentra 60, ABX Pentra 60 C+, ABX Pentra 80','ru'),(4584,1613,'CN Free: ABX Pentra 60, ABX Pentra 60 C+, ABX Pentra 80','en'),(4585,1618,'Medonic CA 570, CA 610, CA 530-Oden, Thor, CA 620-Loke, Balder, Hemocell 1600, 2000 M, L','uk'),(4586,1618,'Medonic CA 570, CA 610, CA 530-Oden, Thor, CA 620-Loke, Balder, Hemocell 1600, 2000 M, L','ru'),(4587,1618,'Medonic CA 570, CA 610, CA 530-Oden, Thor, CA 620-Loke, Balder, Hemocell 1600, 2000 M, L','en'),(4588,1619,'CN Free: Sysmex: KX21                       ','uk'),(4589,1619,'CN Free: Sysmex: KX21                       ','ru'),(4590,1619,'CN Free: Sysmex: KX21                       ','en'),(4594,1621,'Micros 60 / HORIBA ABX','uk'),(4595,1621,'Micros 60 / HORIBA ABX','ru'),(4596,1621,'Micros 60 / HORIBA ABX','en'),(4597,1622,'Mindray: BC-3200, BC-3000 Plus, Sinnowa HB-7021, Rayto RT-7600','uk'),(4598,1622,'Mindray: BC-3200, BC-3000 Plus, Sinnowa HB-7021, Rayto RT-7600','ru'),(4599,1622,'Mindray: BC-3200, BC-3000 Plus, Sinnowa HB-7021, Rayto RT-7600','en'),(4600,1623,'CN Free: Nihon Kohden  MEK 6318K, MEK 8222K, MEK 7222K, MEK 8118K, MEK 6108','uk'),(4601,1623,'CN Free: Nihon Kohden  MEK 6318K, MEK 8222K, MEK 7222K, MEK 8118K, MEK 6109','ru'),(4602,1623,'CN Free: Nihon Kohden  MEK 6318K, MEK 8222K, MEK 7222K, MEK 8118K, MEK 6110','en'),(4609,1626,'Coulter, Sysmex (except NE series), Abbott, Medonic,Swelab, Hycel, Erma, Nihon Kohden, BioChem, Danam,  Contraves, Technicon-Baye','uk'),(4610,1626,'Coulter, Sysmex (except NE series), Abbott, Medonic,Swelab, Hycel, Erma, Nihon Kohden, BioChem, Danam,  Contraves, Technicon-Baye','ru'),(4611,1626,'Coulter, Sysmex (except NE series), Abbott, Medonic,Swelab, Hycel, Erma, Nihon Kohden, BioChem, Danam,  Contraves, Technicon-Baye','en'),(4612,1627,'Coulter, Abbott,  BioChem Serono 9000, Hycel, Erma, Nihon Kohden, Danam, ABX, Al. Systems, Mythic 18, Sinnowa HB-7021','uk'),(4613,1627,'Coulter, Abbott,  BioChem Serono 9000, Hycel, Erma, Nihon Kohden, Danam, ABX, Al. Systems, Mythic 19Coulter, Abbott,  BioChem Serono 9000, Hycel, Erma, Nihon Kohden, Danam, ABX, Al. Systems, Mythic 18, Sinnowa HB-7021','ru'),(4614,1627,'Coulter, Abbott,  BioChem Serono 9000, Hycel, Erma, Nihon Kohden, Danam, ABX, Al. Systems, Mythic 20Coulter, Abbott,  BioChem Serono 9000, Hycel, Erma, Nihon Kohden, Danam, ABX, Al. Systems, Mythic 18, Sinnowa HB-7021','en'),(5554,1953,'Набори реагентів серії \"МультиПрайм\" для ВІЛ та гепатитів С і В','uk'),(5555,1953,'Наборы реагентов серии \"МультиПрайм\" для ВИЧ и гепатитов С и В','ru'),(5556,1953,'Reagent kits \"MULTIPRIME\" series for HIV and hepatitis C and B','en'),(5557,1954,'ВІЛ-інфекція','uk'),(5558,1954,'ВИЧ-инфекция','ru'),(5559,1954,'HIV infection','en'),(5560,1955,'Виявлення генетичних поліморфізмів, асоційованих з реакцією на лікарську терапію','uk'),(5561,1955,'Выявление генетических полиморфизмов, ассоциированных с ответом на лекарственную терапию','ru'),(5562,1955,'Detection of genetic polymorphisms associated with the response to drug therapy','en'),(5563,1956,'Виявлення мутацій стійкості до лікарських препаратів','uk'),(5564,1956,'Выявление мутаций устойчивости к лекарственным препаратам','ru'),(5565,1956,'Detection of mutations in drug resistance','en'),(5566,1957,'ВІЛ-асоційовані інфекції','uk'),(5567,1957,'ВИЧ-ассоциированные инфекции','ru'),(5568,1957,'HIV-associated infections','en'),(5569,1958,'Бактеріальні збудники гнійно-септичних ускладнень ','uk'),(5570,1958,'Бактериальные возбудители гнойно-септических осложнений  ','ru'),(5571,1958,'Bacterial pathogens of purulent-septic complications ','en'),(5572,1959,'Набори реагентів серії \"МультиПрайм\" для гепатитів','uk'),(5573,1959,'Наборы реагентов серии \"МультиПрайм\" для гепатитов','ru'),(5574,1959,'Reagent kits \"MULTIPRIME\" series for hepatitis','en'),(5575,1960,'Вірус гепатиту А','uk'),(5576,1960,'Вирус гепатита А','ru'),(5577,1960,'Hepatitis A virus','en'),(5578,1961,'Вірус гепатиту В','uk'),(5579,1961,'Вирус гепатита В','ru'),(5580,1961,'Hepatitis B virus','en'),(5581,1962,'Вірус гепатиту С','uk'),(5582,1962,'Вирус гепатита С','ru'),(5583,1962,'Hepatitis C virus','en'),(5584,1963,'Вірус гепатиту D','uk'),(5585,1963,'Вирус гепатита D','ru'),(5586,1963,'Hepatitis D virus','en'),(5587,1964,'Вірус гепатиту G','uk'),(5588,1964,'Вирус гепатита G','ru'),(5589,1964,'Hepatitis G virus','en'),(5590,1965,'Набори реагентів серії \"МультиПрайм\"','uk'),(5591,1965,'Наборы реагентов серии \"МультиПрайм\"','ru'),(5592,1965,'Reagent kits \"MultiPrime\" series','en'),(5593,1966,'Набори реагентів серії \"ФлороЦеноз\"','uk'),(5594,1966,'Наборы реагентов серии \"ФлороЦеноз\"','ru'),(5595,1966,'Reagent kits \"FloroTsenoz\" series','en'),(5596,1967,'Chlamydia trachomatis','uk'),(5597,1967,'Chlamydia trachomatis','ru'),(5598,1967,'Chlamydia trachomatis','en'),(5599,1968,'Neisseria gonorrhoeae','uk'),(5600,1968,'Neisseria gonorrhoeae','ru'),(5601,1968,'Neisseria gonorrhoeae','en'),(5602,1969,'Treponema pallidum','uk'),(5603,1969,'Treponema pallidum','ru'),(5604,1969,'Treponema pallidum','en'),(5605,1970,'Trichomonas vaginalis','uk'),(5606,1970,'Trichomonas vaginalis','ru'),(5607,1970,'Trichomonas vaginalis','en'),(5608,1971,'Mycoplasma genitalium','uk'),(5609,1971,'Mycoplasma genitalium','ru'),(5610,1971,'Mycoplasma genitalium','en'),(5611,1972,'Mycoplasma hominis','uk'),(5612,1972,'Mycoplasma hominis','ru'),(5613,1972,'Mycoplasma hominis','en'),(5614,1973,'Види Ureaplasma ','uk'),(5615,1973,'Виды Ureaplasma','ru'),(5616,1973,'Ureaplasma species','en'),(5617,1974,'Визначення виду Ureaplasma','uk'),(5618,1974,'Определение вида Ureaplasma','ru'),(5619,1974,'Definition of Ureaplasma type','en'),(5620,1975,'Gardnerella vaginalis','uk'),(5621,1975,'Gardnerella vaginalis','ru'),(5622,1975,'Gardnerella vaginalis','en'),(5623,1976,'Candida albicans','uk'),(5624,1976,'Candida albicans','ru'),(5625,1976,'Candida albicans','en'),(5626,1977,'Helicobacter pylori','uk'),(5627,1977,'Helicobacter pylori','ru'),(5628,1977,'Helicobacter pylori','en'),(5629,1978,'Папіломавірусна інфекція високого канцерогенного ризику','uk'),(5630,1978,'Папилломавирусная инфекция высокого канцерогенного риска','ru'),(5631,1978,'Papillomavirus infection of high carcinogenic risk','en'),(5632,1979,'Папіломавірусна інфекція низького канцерогенного ризику','uk'),(5633,1979,'Папилломавирусная инфекция низкого канцерогенного риска','ru'),(5634,1979,'Papillomavirus infection of low carcinogenic risk','en'),(5635,1980,'Toxoplasma gondii','uk'),(5636,1980,'Toxoplasma gondii','ru'),(5637,1980,'Toxoplasma gondii','en'),(5638,1981,'Типування вірусів простого герпесу','uk'),(5639,1981,'Типирование вирусов простого герпеса','ru'),(5640,1981,'Typing of herpes simplex viruses','en'),(5641,1982,'Вірус краснухи','uk'),(5642,1982,'Вирус краснухи','ru'),(5643,1982,'Rubella virus','en'),(5644,1983,'Набори реагентів серії \"МультиПрайм\"','uk'),(5645,1983,'Наборы реагентов серии \"МультиПрайм\"','ru'),(5646,1983,'Reagent kits \"MultiPrime\" series','en'),(5647,1984,'Цитомегаловірус','uk'),(5648,1984,'Цитомегаловирус','ru'),(5649,1984,'Cytomegalovirus','en'),(5650,1985,'Вірус Епштейна-Барр','uk'),(5651,1985,'Вирус Эпштейна-Барр','ru'),(5652,1985,'Epstein-Barr Virus','en'),(5653,1986,'Вірус вітряної віспи','uk'),(5654,1986,'Вирус ветряной оспы','ru'),(5655,1986,'Varicella-Zoster virus','en'),(5656,1987,'Вірус герпесу людини 6-го типу','uk'),(5657,1987,'Вирус герпеса человека 6-го типа','ru'),(5658,1987,'Human herpes virus type 6','en'),(5659,1988,'Віруси простого герпесу 1 і 2 типу','uk'),(5660,1988,'Вирусы простого герпеса 1 и 2 типа','ru'),(5661,1988,'Herpes simplex viruses type 1 and 2','en'),(5662,1989,'Набори реагентів серії \"МультиПрайм\"','uk'),(5663,1989,'Наборы реагентов серии \"МультиПрайм\"','ru'),(5664,1989,'Reagent  kits \"MultiPrime\" series','en'),(5665,1990,'Комплекс мікобактерій туберкульозу','uk'),(5666,1990,'Комплекс микобактерий туберкулеза ','ru'),(5667,1990,'Mycobacterium tuberculosis complex ','en'),(5668,1991,'Набори реагентів серії \"МультиПрайм\"','uk'),(5669,1991,'Наборы реагентов серии \"МультиПрайм\"','ru'),(5670,1991,'Reagent  kits \"MultiPrime\" series','en'),(5671,1992,'Вірус грипу А, підтипи H1N1 і H3N2','uk'),(5672,1992,'Вирус гриппа А, подтипы H1N1 и H3N2','ru'),(5673,1992,'Influenza A virus, subtypes H1N1 and H3N2','en'),(5674,1993,'Вірус грипу A/H1','uk'),(5675,1993,'Вирус гриппа A/H1','ru'),(5676,1993,'Influenza virus A/H1','en'),(5677,1994,'Віруси грипу А/В','uk'),(5678,1994,'Вирусы гриппа А/В','ru'),(5679,1994,'Influenza viruses A/B','en'),(5680,1995,'Вірус парагрипу','uk'),(5681,1995,'Вирус парагрипа','ru'),(5682,1995,'Parainfluenza virus','en'),(5683,1996,'Legionella pneumophila','uk'),(5684,1996,'Legionella pneumophila','ru'),(5685,1996,'Legionella pneumophila','en'),(5686,1997,'Набори реагентів серії \"МультиПрайм\"','uk'),(5687,1997,'Наборы реагентов серии \"МультиПрайм\"','ru'),(5688,1997,'Reagent  kits \"MultiPrime\" series','en'),(5689,1998,'Listeria monocytogenes','uk'),(5690,1998,'Listeria monocytogenes','ru'),(5691,1998,'Listeria monocytogenes','en'),(5692,1999,'Ентеровіруси','uk'),(5693,1999,'Энтеровирусы','ru'),(5694,1999,'Enteroviruses','en'),(5695,2000,'Yersinia enterocolitica/Yersinia pseudotuberculosis','uk'),(5696,2000,'Yersinia enterocolitica/Yersinia pseudotuberculosis','ru'),(5697,2000,'Yersinia enterocolitica/Yersinia pseudotuberculosis','en'),(5698,2001,'Salmonella typhi','uk'),(5699,2001,'Salmonella typhi','ru'),(5700,2001,'Salmonella typhi','en'),(5701,2002,'Набори реагентів серії \"МультиПрайм\"','uk'),(5702,2002,'Наборы реагентов серии \"МультиПрайм\"','ru'),(5703,2002,'Reagent  kits \"MultiPrime\" series','en'),(5704,2003,'Vibrio cholerae','uk'),(5705,2003,'Vibrio cholerae','ru'),(5706,2003,'Vibrio cholerae','en'),(5707,2004,'Yersinia pestis','uk'),(5708,2004,'Yersinia pestis','ru'),(5709,2004,'Yersinia pestis','en'),(5710,2005,'Bacillus anthracis','uk'),(5711,2005,'Bacillus anthracis','ru'),(5712,2005,'Bacillus anthracis','en'),(5713,2006,'Brucella species','uk'),(5714,2006,'Brucella species','ru'),(5715,2006,'Brucella species','en'),(5716,2007,'Coxiella burnetii','uk'),(5717,2007,'Coxiella burnetii','ru'),(5718,2007,'Coxiella burnetii','en'),(5719,2008,'Вірус Кримсько-Конголезької геморагічної лихоманки','uk'),(5720,2008,'Вирус Крымско-Конголезской геморрагической лихорадки','ru'),(5721,2008,'Crimean-Congo haemorrhagic fever Virus ','en'),(5722,2009,'Вірус лихоманки Західного Нілу','uk'),(5723,2009,'Вирус лихорадки Западного Нила','ru'),(5724,2009,'West Nile virus','en'),(5725,2010,'Реагенти для детекції генетичних поліморфізмів','uk'),(5726,2010,'Реагенты для детекции генетических полиморфизмов','ru'),(5727,2010,'Reagents for detection of genetic polymorphisms','en'),(5728,2011,'Реагенти для різних етапів ПЛР-аналізу','uk'),(5729,2011,'Реагенты для разных этапов ПЦР-анализа','ru'),(5730,2011,'Reagents for different stages of PCR analysis','en'),(5731,2012,'Ферменти для ПЛР-аналізу','uk'),(5732,2012,'Ферменты для ПЦР-анализа','ru'),(5733,2012,'Enzymes for PCR analysis','en'),(5734,2013,'Abacus Junior 30, Abacus 380, Abacus 3CT','uk'),(5735,2013,'Abacus Junior 30, Abacus 380, Abacus 3CT','ru'),(5736,2013,'Abacus Junior 30, Abacus 380, Abacus 3CT','en'),(5737,2014,'Abacus 5','uk'),(5738,2014,'Abacus 5','ru'),(5739,2014,'Abacus 5','en'),(5740,2015,'Cell-Dyn 1600/1700','uk'),(5741,2015,'Cell-Dyn 1600/1700','ru'),(5742,2015,'Cell-Dyn 1600/1700','en'),(5743,2016,'Cell-Dyn 3000/3500/3700','uk'),(5744,2016,'Cell-Dyn 3000/3500/3700','ru'),(5745,2016,'Cell-Dyn 3000/3500/3700','en'),(5746,2017,'Cell-Dyn 3200','uk'),(5747,2017,'Cell-Dyn 3200','ru'),(5748,2017,'Cell-Dyn 3200','en'),(5749,2018,'Coulter T series, S series','uk'),(5750,2018,'Coulter T series, S series','ru'),(5751,2018,'Coulter T series, S series','en'),(5752,2019,'Coulter ST, JT, MD-18, Onyx ','uk'),(5753,2019,'Coulter ST, JT, MD-18, Onyx ','ru'),(5754,2019,'Coulter ST, JT, MD-18, Onyx ','en'),(5755,2020,'Coulter MAXM, STKS, GEN\"S','uk'),(5756,2020,'Coulter MAXM, STKS, GEN\"S','ru'),(5757,2020,'Coulter MAXM, STKS, GEN\"S','en'),(5758,2021,'ABX Micros 40/60','uk'),(5759,2021,'ABX Micros 40/60','ru'),(5760,2021,'ABX Micros 40/60','en'),(5761,2022,'Mindray 2800, 3000, 3000+, 3200','uk'),(5762,2022,'Mindray 2800, 3000, 3000+, 3200','ru'),(5763,2022,'Mindray 2800, 3000, 3000+, 3200','en'),(5764,2023,'Mindray 2800VET','uk'),(5765,2023,'Mindray 2800VET','ru'),(5766,2023,'Mindray 2800VET','en'),(5767,2024,'Sysmex KX-21','uk'),(5768,2024,'Sysmex KX-21','ru'),(5769,2024,'Sysmex KX-21','en'),(5770,2025,'Sysmex K-1000/4500, E-4000/5000','uk'),(5771,2025,'Sysmex K-1000/4500, E-4000/5000','ru'),(5772,2025,'Sysmex K-1000/4500, E-4000/5000','en'),(5773,2026,'Abacus 3 CT,  Abacus Junior 30, Abacus 380, Abacus 5','uk'),(5774,2026,'Abacus 3 CT,  Abacus Junior 30, Abacus 380, Abacus 5','ru'),(5775,2026,'Abacus 3 CT,  Abacus Junior 30, Abacus 380, Abacus 5','en'),(6622,2309,'Субстрати','uk'),(6623,2309,'Субстраты','ru'),(6624,2309,'Substrates','en'),(6625,2310,'Ензими','uk'),(6626,2310,'Энзимы','ru'),(6627,2310,'Enzymes','en'),(6628,2311,'Електроліти','uk'),(6629,2311,'Электролиты','ru'),(6630,2311,'Electrolits','en'),(6631,2312,'Специфічні протеїни','uk'),(6632,2312,'Специфические Протеины','ru'),(6633,2312,'Specific Proteins','en'),(6634,2313,'Інше','uk'),(6635,2313,'Другое','ru'),(6636,2313,'Other','en'),(6637,2314,'Субстрати','uk'),(6638,2314,'Субстраты','ru'),(6639,2314,'Substrates','en'),(6640,2315,'Ензими','uk'),(6641,2315,'Энзимы','ru'),(6642,2315,'Enzymes','en'),(6643,2316,'Електроліти','uk'),(6644,2316,'Электролиты','ru'),(6645,2316,'Electrolits','en'),(6646,2317,'Специфічні протеїни','uk'),(6647,2317,'Специфические Протеины','ru'),(6648,2317,'Specific Proteins','en'),(6649,2318,'Інше','uk'),(6650,2318,'Другое','ru'),(6651,2318,'Other','en'),(6652,2319,'Субстрати','uk'),(6653,2319,'Субстраты','ru'),(6654,2319,'Substrates','en'),(6655,2320,'Ензими','uk'),(6656,2320,'Энзимы','ru'),(6657,2320,'Enzymes','en'),(6658,2321,'Електроліти','uk'),(6659,2321,'Электролиты','ru'),(6660,2321,'Electrolytes','en'),(6661,2322,'Специфічні протеїни','uk'),(6662,2322,'Специфические протеины','ru'),(6663,2322,'Specific Proteins','en'),(6664,2323,'Інше','uk'),(6665,2323,'Другое','ru'),(6666,2323,'Other','en'),(6667,2324,'Субстрати','uk'),(6668,2324,'Субстраты','ru'),(6669,2324,'Substrates','en'),(6670,2325,'Ензими','uk'),(6671,2325,'Энзимы','ru'),(6672,2325,'Enzymes','en'),(6673,2326,'Електроліти','uk'),(6674,2326,'Электролиты','ru'),(6675,2326,'Electrolytes','en'),(6676,2327,'Специфічні протеїни','uk'),(6677,2327,'Специфические протеины','ru'),(6678,2327,'Specific Proteins','en'),(6679,2328,'Інше','uk'),(6680,2328,'Другое','ru'),(6681,2328,'Other','en'),(6682,2329,'Субстрати','uk'),(6683,2329,'Субстраты','ru'),(6684,2329,'Substrates','en'),(6685,2330,'Ензими','uk'),(6686,2330,'Энзимы','ru'),(6687,2330,'Enzymes','en'),(6688,2331,'Електроліти','uk'),(6689,2331,'Электролиты','ru'),(6690,2331,'Electrolytes','en'),(6691,2332,'Специфічні протеїни','uk'),(6692,2332,'Специфические протеины','ru'),(6693,2332,'Specific Proteins','en'),(6694,2333,'Інше','uk'),(6695,2333,'Другое','ru'),(6696,2333,'Other','en'),(6697,2334,'Субстрати','uk'),(6698,2334,'Субстраты','ru'),(6699,2334,'Substrates','en'),(6700,2335,'Ензими','uk'),(6701,2335,'Энзимы','ru'),(6702,2335,'Enzymes','en'),(6703,2336,'Електроліти','uk'),(6704,2336,'Электролиты','ru'),(6705,2336,'Electrolytes','en'),(6706,2337,'Специфічні протеїни','uk'),(6707,2337,'Специфические протеины','ru'),(6708,2337,'Specific Proteins','en'),(6709,2338,'Borrelia burgdorferi sensu lato ','uk'),(6710,2338,'Borrelia burgdorferi sensu lato ','ru'),(6711,2338,'Borrelia burgdorferi sensu lato ','en'),(6712,2339,'Вірус кліщового енцефаліту','uk'),(6713,2339,'Вирус клещевого энцефалита','ru'),(6714,2339,'Tick-borne encephalitis virus','en'),(6715,2340,'Для дослідження сироватки','uk'),(6716,2340,'Для исследования сыворотки','ru'),(6717,2340,'Serum tubes','en'),(6718,2341,'Для дослідження плазми','uk'),(6719,2341,'Для исследования плазмы','ru'),(6720,2341,'Plasma tubes','en'),(6721,2342,'Для дослідження коагуляції','uk'),(6722,2342,'Для исследования коагуляціии','ru'),(6723,2342,'Coagulation tubes','en'),(6724,2343,'Для для визначення ШОЕ','uk'),(6725,2343,'Для для определения СОЕ','ru'),(6726,2343,'ESR tubes','en'),(6727,2344,'Для гематологічних досліджень','uk'),(6728,2344,'Для гематологических исследований','ru'),(6729,2344,'Whole blood (hematology) tubes','en'),(6730,2345,'Для визначення глюкози','uk'),(6731,2345,'Для определения глюкозы','ru'),(6732,2345,'Glucose tubes','en'),(6733,2346,'Без наповнювача','uk'),(6734,2346,'Без наполнителя','ru'),(6735,2346,'No additive plain tubes','en'),(6736,2347,'Репродукція','uk'),(6737,2347,'Репродукция','ru'),(6738,2347,'Fertility','en'),(6739,2348,'Кардіологічна панель','uk'),(6740,2348,'Кардиологическая панель','ru'),(6741,2348,'Cardiac markers','en'),(6742,2349,'Онкомаркери','uk'),(6743,2349,'Онкомаркеры','ru'),(6744,2349,'Tumor Markers','en'),(6745,2350,'Інфекційна панель','uk'),(6746,2350,'Инфекционная панель','ru'),(6747,2350,'Infections','en'),(6748,2351,'Наркотики в сечі','uk'),(6749,2351,'Наркотики в моче','ru'),(6750,2351,'Urine Drugs','en'),(6751,2352,'Наркотики в мультипанелях','uk'),(6752,2352,'Наркотики в мультипанелях','ru'),(6753,2352,'Drugs in multi panels','en');

--
-- Table structure for table `contact`
--

CREATE TABLE `contact` (
  `id` int(11) NOT NULL AUTO_INCREMENT,
  `region` varchar(255) COLLATE utf8_unicode_ci NOT NULL,
  `title` varchar(255) COLLATE utf8_unicode_ci NOT NULL,
  `email` varchar(255) COLLATE utf8_unicode_ci NOT NULL,
  `phone` tinytext COLLATE utf8_unicode_ci NOT NULL,
  `fax` varchar(255) COLLATE utf8_unicode_ci NOT NULL,
  PRIMARY KEY (`id`)
) ENGINE=InnoDB AUTO_INCREMENT=6 DEFAULT CHARSET=utf8 COLLATE=utf8_unicode_ci;

--
-- Dumping data for table `contact`
--

INSERT INTO `contact` VALUES (1,'1','Західний регіон','info@diameb.ua','+38 (067) 343 67 64\r\n+38 (0342) 775 122','+38 (0342) 775 612');

--
-- Table structure for table `contact_translation`
--

CREATE TABLE `contact_translation` (
  `id` int(11) NOT NULL AUTO_INCREMENT,
  `translatable_id` int(11) DEFAULT NULL,
  `addressFirst` longtext COLLATE utf8_unicode_ci DEFAULT NULL,
  `locale` varchar(255) COLLATE utf8_unicode_ci NOT NULL,
  `metakeywords` varchar(255) COLLATE utf8_unicode_ci DEFAULT NULL,
  `metadescription` varchar(255) COLLATE utf8_unicode_ci DEFAULT NULL,
  PRIMARY KEY (`id`),
  UNIQUE KEY `UNIQ_DAC5FAD12C2AC5D34180C698` (`translatable_id`,`locale`),
  KEY `IDX_DAC5FAD12C2AC5D3` (`translatable_id`),
  CONSTRAINT `FK_DAC5FAD12C2AC5D3` FOREIGN KEY (`translatable_id`) REFERENCES `contact` (`id`) ON DELETE CASCADE
) ENGINE=InnoDB AUTO_INCREMENT=16 DEFAULT CHARSET=utf8 COLLATE=utf8_unicode_ci;

--
-- Dumping data for table `contact_translation`
--

INSERT INTO `contact_translation` VALUES (1,1,'<p>м. Івано-Франківськ</p>\r\n\r\n<p>вул. С. Петлюри, 25</p>','uk','Адреса в м. Івано-Франківськ - Діамеб Трейд','Контактна інформація відділу компанії в Івано-Франківську: телефон, адреса. Персональні контакти менеджерів м. Івано-Франківськ'),(5,1,'<p>г.&nbsp;Ивано-Франковск<br />\r\nул. С. Петлюры, 25</p>','ru','Адрес в г. Ивано-Франковск - Диамеб Трейд','Контактная информация отдела компании в Ивано-Франковске: телефон, адрес. Персональные контакты менеджеров г. Ивано-Франковск'),(6,1,'<p>Ivano-Frankivsk</p>\r\n\r\n<p>S. Petlyuri , 25 Street</p>\r\n\r\n<p>76005, Ukraine</p>','en',NULL,NULL);

--
-- Table structure for table `manager`
--

CREATE TABLE `manager` (
  `id` int(11) NOT NULL AUTO_INCREMENT,
  `phone` varchar(255) COLLATE utf8_unicode_ci NOT NULL,
  `email` varchar(255) COLLATE utf8_unicode_ci NOT NULL,
  `skype` varchar(255) COLLATE utf8_unicode_ci NOT NULL,
  `category_manager_id` int(11) DEFAULT NULL,
  PRIMARY KEY (`id`),
  KEY `IDX_FA2425B95E20641D` (`category_manager_id`),
  CONSTRAINT `FK_FA2425B95E20641D` FOREIGN KEY (`category_manager_id`) REFERENCES `category_manager` (`id`) ON DELETE CASCADE
) ENGINE=InnoDB AUTO_INCREMENT=21 DEFAULT CHARSET=utf8 COLLATE=utf8_unicode_ci;

--
-- Dumping data for table `manager`
--

INSERT INTO `manager` VALUES (1,'+38 096 499 64 37','sales-west@diameb.ua','sales-west_diameb.ua',5),(2,'+38 067 342 48 61','sales2-west@diameb.ua','sales2-west_diameb.ua',5),(3,'+38 096 499 64 37','sales-west_diameb.ua','sales-west_diameb.ua',6),(4,'+38 067 342 48 61','sales2-west@diameb.ua','sales2-west@diameb.ua',6),(7,'+38 067 344 15 22','sales2-south@diameb.ua','sales2-south_diameb.ua',8),(9,'+38 067 342 84 25','o.baranov@diameb.ua','o.baranov_diameb.ua',2),(11,'+38 067 344 35 87','o.bondarenko@diameb.ua','o.bondarenko_diameb',4),(12,'+38 067 342 42 51','sales-south@diameb.ua','sales-south_diameb.ua',8),(14,'+38 067 340 80 72','sales3-west@diameb.ua','sales3-west_diameb.ua',5),(15,'+38 067 342 49 83','cv-if@diameb.ua','',9),(16,'+38 067 342 49 84','lviv@diameb.ua','',9),(17,'+38 067 342 37 58','lu-rv@diameb.ua','',9),(18,'+38 067 341 84 11','sales3-south@diameb.ua','sales3-south@diameb.ua',8),(20,'+38 067 340 80 72','sales3-west_diameb.ua','sales3-west_diameb.ua',6);

--
-- Table structure for table `manager_translation`
--

CREATE TABLE `manager_translation` (
  `id` int(11) NOT NULL AUTO_INCREMENT,
  `translatable_id` int(11) DEFAULT NULL,
  `name` varchar(255) COLLATE utf8_unicode_ci DEFAULT NULL,
  `locale` varchar(255) COLLATE utf8_unicode_ci NOT NULL,
  `region` varchar(255) COLLATE utf8_unicode_ci DEFAULT NULL,
  PRIMARY KEY (`id`),
  UNIQUE KEY `UNIQ_B1365DDF2C2AC5D34180C698` (`translatable_id`,`locale`),
  KEY `IDX_B1365DDF2C2AC5D3` (`translatable_id`),
  CONSTRAINT `FK_B1365DDF2C2AC5D3` FOREIGN KEY (`translatable_id`) REFERENCES `manager` (`id`) ON DELETE CASCADE
) ENGINE=InnoDB AUTO_INCREMENT=61 DEFAULT CHARSET=utf8 COLLATE=utf8_unicode_ci;

--
-- Dumping data for table `manager_translation`
--

INSERT INTO `manager_translation` VALUES (1,1,'Козій Юлія','uk','Івано-Франківська обл., Тернопільська обл., Волинська обл., Рівненська обл.'),(2,2,'Ігнатенко Олексій','uk','Чернівецька обл., Закарпатська обл.'),(3,3,'Козій Юлія','uk',NULL),(4,4,'Ігнатенко Олексій','uk',NULL),(7,7,'Алла Михальська','uk','Дніпропетровська обл.'),(8,1,'Козий Юлия','ru','Ивано-Франковская обл., Тернопольская обл., Волынская обл., Ровненская обл.'),(9,1,'Yuliia Kozii','en','Ivano-Frankivsk region., Ternopil region, Volyn region, Rivne region.'),(10,2,'Игнатенко Алексей','ru','Закарпатская обл., Черновицкая обл.'),(11,2,'Oleksii Ihnatenko','en','Zakarpattya region, Chernivtsi region'),(12,3,'Козий Юлия','ru',NULL),(13,3,'Yuliia Kozii','en',NULL),(14,4,'Игнатенко Алексей','ru',NULL),(15,4,'Oleksii Ihnatenko','en',NULL),(20,7,'Алла Михальская','ru','Днепропетровская обл.'),(21,7,'Alla Myhalska','en','Dnipropetrovsk region'),(25,9,'Олександр Баранов','uk',NULL),(26,9,'Александр Баранов','ru',NULL),(27,9,'Olexander Baranov','en',NULL),(31,11,'Олександр Бондаренко','uk',NULL),(32,11,'Александр Бондаренко','ru',NULL),(33,11,'Olexander Bondarenko','en',NULL),(34,12,'Катерина Хапиліна','uk','Одеська, Херсонська, Миколаївська обл., АР Крим'),(35,12,'Екатерина Хапилина','ru','Одесская, Херсонская, Николаевская обл., АР Крым'),(36,12,'Kateryna Khapylina','en','Odesa, Kherson, Mykolaiv region, the Autonomous Republic of Crimea'),(40,14,'Бакота Володимир','uk','Львівська обл., Хмельницька обл.'),(41,14,'Бакота Владимир','ru','Львовская обл., Хмельницкая обл.'),(42,14,'Volodymyr Bakota','en','Khmelnytskyi region, Lvivskyi region'),(43,15,'Швигар Володимир','uk','Чернівецька обл., Івано-Франківська обл., Закарпатська обл.,  Хмельницька обл.'),(44,15,'Швигар Владимир','ru','Черновицкая обл., Ивано-Франковская обл., Закарпатская обл., Хмельницкая обл.'),(45,15,'Volodymyr Shvygar','en','Chernivtsi region, Ivano-Frankivsk region, Transcarpathian region, Khmelnytskyi region'),(46,16,'Половкович Святослав','uk','Львівська обл., Тернопільська обл.'),(47,16,'Половкович Святослав','ru','Львовская обл., Тернопольская обл.'),(48,16,'Sviatoslav Polovkovych','en','Lviv region, Ternopil region'),(49,17,'Сенюк Олександр','uk','Волинська обл., Рівненська обл.'),(50,17,'Сенюк Александр','ru','Волынская обл., Ровненская обл.'),(51,17,'Olexandr Seniuk','en','Volyn region, Rivne region'),(52,18,'Ганна Трінько','uk','Запорізька, Донецька, Луганська обл.'),(53,18,'Анна Тринько','ru','Запорожская, Донецкая, Луганская обл.'),(54,18,'Anna Trinko','en','Zaporizhzhia, Donetsk, Lugansk region.'),(58,20,'Бакота Володимир','uk',NULL),(59,20,'Бакота Владимир','ru',NULL),(60,20,'Volodymyr Bakota','en',NULL);

--
-- Table structure for table `migration_versions`
--

CREATE TABLE `migration_versions` (
  `version` varchar(255) COLLATE utf8_unicode_ci NOT NULL,
  PRIMARY KEY (`version`)
) ENGINE=InnoDB DEFAULT CHARSET=utf8 COLLATE=utf8_unicode_ci;

--
-- Dumping data for table `migration_versions`
--

INSERT INTO `migration_versions` VALUES ('20130828134737'),('20130828172259'),('20130828211747'),('20130829180510'),('20130829180617'),('20130830161605'),('20130830163805'),('20130902120410'),('20130902133340'),('20130902135219'),('20130902163759'),('20130902171406'),('20130902173248'),('20130902203630'),('20130903130530'),('20130903174336'),('20130903182700'),('20130924185616'),('20130926154329'),('20131004154141'),('20131008122955'),('20131008135739'),('20131008161824'),('20131008174141'),('20131009172351'),('20131014105503'),('20131014164914'),('20131015134045'),('20131015163636'),('20131017175350'),('20131018140108'),('20131018171827'),('20131021170534'),('20131023163011'),('20131025155907'),('20131025160037'),('20131025174817'),('20131028114835'),('20131028115023'),('20131028134118'),('20131028170759'),('20131029141321'),('20131031105130'),('20131101183046'),('20131101183146'),('20131104121445'),('20131105122912'),('20131106173617'),('20131106204319'),('20131108132314'),('20131111154546'),('20131111155447'),('20131111163013'),('20131111163119'),('20131111192818'),('20131111194344'),('20131111195348'),('20131111195605'),('20131112160847'),('20131112164559'),('20131112172907'),('20131112180837'),('20131112184844'),('20131113115905'),('20131113161233'),('20131114121659'),('20131114123009'),('20131114173518'),('20131115122342'),('20131119155141'),('20131119162826'),('20131122181947'),('20131124133513'),('20131124135059'),('20131124135412'),('20131124165742'),('20131124165840'),('20131124183324'),('20131125121335'),('20131126185703'),('20131209102558'),('20131209114141'),('20131211163944'),('20131216113812'),('20131218112050'),('20131218121757'),('20131221142120'),('20140114121033'),('20140114125809'),('20140218041402'),('20140221071545'),('20140221071600');

--
-- Table structure for table `news`
--

CREATE TABLE `news` (
  `id` int(11) NOT NULL AUTO_INCREMENT,
  `photo_first` varchar(255) COLLATE utf8_unicode_ci DEFAULT NULL,
  `slug` varchar(55) COLLATE utf8_unicode_ci NOT NULL,
  `createdAt` datetime DEFAULT NULL,
  `updatedAt` datetime DEFAULT NULL,
  `photo_second` varchar(255) COLLATE utf8_unicode_ci DEFAULT NULL,
  `photo_third` varchar(255) COLLATE utf8_unicode_ci DEFAULT NULL,
  PRIMARY KEY (`id`)
) ENGINE=InnoDB AUTO_INCREMENT=107 DEFAULT CHARSET=utf8 COLLATE=utf8_unicode_ci;

--
-- Dumping data for table `news`
--

INSERT INTO `news` VALUES (4,'52b04319813b8.jpeg','','2013-12-17 13:01:17','2013-12-17 14:27:05',NULL,NULL),(13,'5f982cea70e11.png','','2021-01-01 00:00:00','2021-01-01 00:00:00',NULL,NULL),(21,'5450c00f02328.jpg','','2014-10-29 10:13:13','2014-10-29 10:23:11',NULL,NULL),(22,'5466210e1b2ff.png','','2014-11-14 15:16:45','2014-11-14 15:34:38',NULL,NULL),(25,'54c257d4e7c69.jpg','','2015-01-23 14:16:52','2015-01-23 14:16:52',NULL,NULL),(27,'54cf6ef76fe00.png','','2015-02-02 12:35:03','2015-02-02 12:35:03',NULL,NULL),(28,'54d09f37c0d42.png','','2015-02-03 10:13:11','2015-02-03 10:13:11',NULL,NULL),(29,'54d1d680eed65.jpg','','2015-02-04 08:20:49','2015-02-04 08:21:20',NULL,NULL),(31,'54d31e9d79581.jpg','','2015-02-05 07:41:17','2015-02-05 07:41:17',NULL,NULL),(34,'550c0f34190f3.jpg','','2015-03-20 12:14:44','2015-03-20 12:14:44',NULL,NULL),(35,'5512aae05ea50.png','','2015-03-25 12:32:32','2015-03-25 12:32:32',NULL,NULL),(45,'labcomplex.jpg','','2016-09-21 06:15:20','2016-09-21 09:36:14',NULL,NULL),(46,'labcomplex_new.jpg','','2016-11-15 06:15:20','2016-11-15 09:36:14','',''),(49,'17dia.jpg','','2017-04-14 00:00:00','2017-04-14 00:00:00',NULL,NULL),(53,'pct_pra.jpg','','2017-07-07 00:00:00','2017-07-07 00:00:00',NULL,NULL),(59,'110.jpg','','2017-10-10 00:00:00','2017-10-10 00:00:00',NULL,NULL),(64,'5a83082c6e1fb.jpg','','2018-02-13 15:45:48','2018-02-13 15:45:48',NULL,NULL),(66,'5afd732a873b7.jpg','','2018-05-17 12:18:50','2018-05-17 12:18:50',NULL,NULL),(67,'5b1175d9ed3d8.jpg','','2018-06-01 16:32:14','2018-06-01 16:35:37',NULL,NULL),(72,'5b3e28ac017aa.jpg','','2018-07-05 07:16:30','2018-07-05 14:18:20',NULL,NULL),(74,'5ba09e8fa64e2.jpg','','2018-09-18 06:43:27','2018-09-18 06:43:27',NULL,NULL),(75,'5bb3613a958d7.jpg','','2018-10-02 12:14:50','2018-10-02 12:14:50',NULL,NULL),(76,'5bb72f46b1b6f.JPG','','2018-10-05 09:30:46','2018-10-05 09:30:46',NULL,NULL),(80,'5c6d6921cc603.JPG','','2019-02-20 14:50:09','2019-02-20 14:50:09',NULL,NULL),(81,'5c7fa8fe0a9f9.jpg','','2019-03-06 09:21:26','2019-03-06 11:03:26',NULL,NULL),(82,'5cab4246bc66a.JPG','','2019-04-08 12:44:54','2019-04-08 12:44:54',NULL,NULL),(83,'5cc0053b96f8a.jpg','','2019-04-24 06:42:03','2019-04-24 06:42:03',NULL,NULL),(84,'5cd6c2ed2fcd9.jpg','','2019-05-11 12:41:17','2019-05-11 12:41:17',NULL,NULL),(85,'5cdd681654341.jpg','','2019-05-16 13:39:34','2019-05-16 13:39:34',NULL,NULL),(86,'5d088357ae31a.jpg','','2019-06-14 13:04:09','2019-06-14 13:04:09',NULL,NULL),(87,'5d0c8d8dc3233.JPG','','2019-06-21 07:55:57','2019-06-21 07:55:57',NULL,NULL),(88,'5d19a618cd028.jpg','','2019-06-27 14:53:48','2019-06-27 14:53:48',NULL,NULL),(89,'5daffa6299351.jpg','','2019-10-23 06:59:46','2019-10-23 06:59:46',NULL,NULL),(90,'5e01caaed4a86.jpg','','2019-12-16 07:05:47','2019-12-24 08:22:06',NULL,NULL),(91,'5e61ffaf662e5.jpeg','','2020-03-03 11:45:51','2020-03-03 11:45:51',NULL,NULL),(92,'5e7b6c162108f.jpg','','2020-03-25 14:35:02','2020-03-25 14:35:02',NULL,NULL),(93,'5e9588758bbaa.jpg','','2020-04-14 09:55:01','2020-04-14 09:55:01',NULL,NULL),(94,'5e997bb8ba4bf.jpg','','2020-04-17 09:17:44','2020-04-17 09:17:44',NULL,NULL),(95,'5f08815ce08a0.jpg','','2020-07-10 14:50:28','2020-07-10 14:55:24',NULL,NULL),(97,'5feb2dc49bd61.jpg','','2020-12-29 13:22:55','2020-12-29 13:23:16',NULL,NULL),(98,'6006b7314921b.jpg','','2021-01-19 10:40:40','2021-01-19 10:40:49',NULL,NULL),(99,'6042317f08f09.jpg','','2021-03-05 13:26:23','2021-03-05 13:26:23',NULL,NULL),(100,'604f835f7b0cc.jpg','','2021-03-15 15:48:46','2021-03-15 15:55:11',NULL,NULL),(101,'605cb4268c468.jpg','','2021-03-25 15:55:53','2021-03-25 16:02:46',NULL,NULL),(102,'6077e2ec72ac4.jpg','','2021-04-15 06:53:32','2021-04-15 06:53:32',NULL,NULL),(104,'608bffe39e499.jpg','','2021-04-30 13:01:29','2021-04-30 13:02:27',NULL,NULL),(106,'623856bac60e2.jpg','','2022-03-21 08:08:35','2022-03-21 10:43:06',NULL,NULL);

--
